000
CDUS43 KMPX 170633
CLIEAU


CLIMATE REPORT
NATIONAL WEATHER SERVICE CHANHASSEN MN
133 AM CDT MON JUL 17 2017


...................................

...THE EAU CLAIRE WI CLIMATE SUMMARY FOR JULY 16 2017...

CLIMATE NORMAL PERIOD 1981 TO 2010
CLIMATE RECORD PERIOD 1893 TO 2017


WEATHER ITEM   OBSERVED TIME   RECORD YEAR NORMAL DEPARTURE LAST
                VALUE   (LST)  VALUE       VALUE  FROM      YEAR
                                                  NORMAL
..................................................................
TEMPERATURE (F)
 YESTERDAY
  MAXIMUM         81    416 PM 102    1936  83     -2       80
  MINIMUM         60   1132 PM  43    1896  61     -1       52
  AVERAGE         71                        72     -1       66

PRECIPITATION (IN)
  YESTERDAY        0.00          1.47 1900   0.12  -0.12     0.00
  MONTH TO DATE    2.51                      1.99   0.52     2.28
  SINCE JUN 1      7.82                      6.12   1.70     8.57
  SINCE JAN 1     22.32                     15.76   6.56    20.76

SNOWFALL (IN)
  YESTERDAY        0.0           0.0    MM   0.0    0.0      0.0
  MONTH TO DATE    0.0                       0.0    0.0      0.0
  SINCE JUN 1      0.0                       0.0    0.0      0.0
  SINCE JUL 1      0.0                       0.0    0.0      0.0
  SNOW DEPTH       0

DEGREE DAYS
 HEATING
  YESTERDAY        0                         0      0        0
  MONTH TO DATE    1                         0      1        4
  SINCE JUN 1     38                        62    -24       36
  SINCE JUL 1      1                         0      1        4

 COOLING
  YESTERDAY        6                         7     -1        1
  MONTH TO DATE   98                       111    -13       80
  SINCE JUN 1    205                       231    -26      206
  SINCE JAN 1    213                       263    -50      246
..................................................................


WIND (MPH)
  HIGHEST WIND SPEED    13   HIGHEST WIND DIRECTION    NE (50)
  HIGHEST GUST SPEED    16   HIGHEST GUST DIRECTION    NE (40)
  AVERAGE WIND SPEED     5.8


SKY COVER
  POSSIBLE SUNSHINE  MM
  AVERAGE SKY COVER 0.2


WEATHER CONDITIONS
 THE FOLLOWING WEATHER WAS RECORDED YESTERDAY.
  NO SIGNIFICANT WEATHER WAS OBSERVED.


RELATIVE HUMIDITY (PERCENT)
 HIGHEST    93           300 AM
 LOWEST     48           500 PM
 AVERAGE    71

..........................................................


THE EAU CLAIRE WI CLIMATE NORMALS FOR TODAY
                         NORMAL    RECORD    YEAR
 MAXIMUM TEMPERATURE (F)   83        99      1964
                                             1936
                                             1931
 MINIMUM TEMPERATURE (F)   61        45      1911
                                             1900


SUNRISE AND SUNSET
JULY 17 2017..........SUNRISE   536 AM CDT   SUNSET   848 PM CDT
JULY 18 2017..........SUNRISE   537 AM CDT   SUNSET   847 PM CDT


-  INDICATES NEGATIVE NUMBERS.
R  INDICATES RECORD WAS SET OR TIED.
MM INDICATES DATA IS MISSING.
T  INDICATES TRACE AMOUNT.




$$
