000
CDUS43 KMPX 170631
CLIEAU


CLIMATE REPORT
NATIONAL WEATHER SERVICE CHANHASSEN MN
130 AM CDT SUN SEP 17 2017


...................................

...THE EAU CLAIRE WI CLIMATE SUMMARY FOR SEPTEMBER 16 2017...

CLIMATE NORMAL PERIOD 1981 TO 2010
CLIMATE RECORD PERIOD 1893 TO 2017


WEATHER ITEM   OBSERVED TIME   RECORD YEAR NORMAL DEPARTURE LAST
                VALUE   (LST)  VALUE       VALUE  FROM      YEAR
                                                  NORMAL
..................................................................
TEMPERATURE (F)
 YESTERDAY
  MAXIMUM         79    412 PM  95    1948  71      8       76
  MINIMUM         64   1159 PM  34    1916  49     15       62
  AVERAGE         72                        60     12       69

PRECIPITATION (IN)
  YESTERDAY        0.24          2.57 1942   0.12   0.12     0.00
  MONTH TO DATE    0.50                      2.01  -1.51     2.17
  SINCE SEP 1      0.50                      2.01  -1.51     2.17
  SINCE JAN 1     28.62                     24.13   4.49    29.00

SNOWFALL (IN)
  YESTERDAY        0.0           0.0    MM   0.0    0.0      0.0
  MONTH TO DATE    0.0                       0.0    0.0      0.0
  SINCE SEP 1      0.0                       0.0    0.0      0.0
  SINCE JUL 1      0.0                       0.0    0.0      0.0
  SNOW DEPTH       0

DEGREE DAYS
 HEATING
  YESTERDAY        0                         6     -6        0
  MONTH TO DATE   57                        65     -8       29
  SINCE SEP 1     57                        65     -8       29
  SINCE JUL 1    100                       104     -4       39

 COOLING
  YESTERDAY        7                         1      6        4
  MONTH TO DATE   37                        37      0       35
  SINCE SEP 1     37                        37      0       35
  SINCE JAN 1    409                       564   -155      618
..................................................................


WIND (MPH)
  HIGHEST WIND SPEED    16   HIGHEST WIND DIRECTION     W (290)
  HIGHEST GUST SPEED    22   HIGHEST GUST DIRECTION     W (290)
  AVERAGE WIND SPEED     8.2


SKY COVER
  POSSIBLE SUNSHINE  MM
  AVERAGE SKY COVER 0.3


WEATHER CONDITIONS
 THE FOLLOWING WEATHER WAS RECORDED YESTERDAY.
  THUNDERSTORM
  RAIN
  LIGHT RAIN
  FOG


RELATIVE HUMIDITY (PERCENT)
 HIGHEST    90           800 PM
 LOWEST     62           400 PM
 AVERAGE    76

..........................................................


THE EAU CLAIRE WI CLIMATE NORMALS FOR TODAY
                         NORMAL    RECORD    YEAR
 MAXIMUM TEMPERATURE (F)   71        93      1948
 MINIMUM TEMPERATURE (F)   48        31      1959


SUNRISE AND SUNSET
SEPTEMBER 17 2017.....SUNRISE   647 AM CDT   SUNSET   712 PM CDT
SEPTEMBER 18 2017.....SUNRISE   649 AM CDT   SUNSET   710 PM CDT


-  INDICATES NEGATIVE NUMBERS.
R  INDICATES RECORD WAS SET OR TIED.
MM INDICATES DATA IS MISSING.
T  INDICATES TRACE AMOUNT.




$$
