000
CDUS43 KMPX 200711
CLIEAU


CLIMATE REPORT
NATIONAL WEATHER SERVICE CHANHASSEN MN
110 AM CST THU NOV 20 2014


...................................

...THE EAU CLAIRE WI CLIMATE SUMMARY FOR NOVEMBER 19 2014...

CLIMATE NORMAL PERIOD 1981 TO 2010
CLIMATE RECORD PERIOD 1893 TO 2014


WEATHER ITEM   OBSERVED TIME   RECORD YEAR NORMAL DEPARTURE LAST
                VALUE   (LST)  VALUE       VALUE  FROM      YEAR
                                                  NORMAL
..................................................................
TEMPERATURE (F)
 YESTERDAY
  MAXIMUM         23    322 PM  66    1941  39    -16       40
  MINIMUM         15    435 AM  -2    1911  23     -8       13
                                      1951
  AVERAGE         19                        31    -12       27

PRECIPITATION (IN)
  YESTERDAY        0.06          1.16 1953   0.06   0.00     0.00
  MONTH TO DATE    1.20                      1.21  -0.01     0.94
  SINCE SEP 1      9.09                      7.23   1.86     6.35
  SINCE JAN 1     41.76                     29.35  12.41    33.99

SNOWFALL (IN)
  YESTERDAY        2.4           3.6  1970   0.2    2.2      0.0
  MONTH TO DATE    9.4                       2.9    6.5      0.1
  SINCE SEP 1     10.0                       3.3    6.7      0.1
  SINCE JUL 1     10.0                       3.3    6.7      0.1
  SNOW DEPTH       7

DEGREE DAYS
 HEATING
  YESTERDAY       46                        34     12       38
  MONTH TO DATE  723                       550    173      567
  SINCE SEP 1   1476                      1295    181     1247
  SINCE JUL 1   1499                      1334    165     1285

 COOLING
  YESTERDAY        0                         0      0        0
  MONTH TO DATE    0                         0      0        0
  SINCE SEP 1     22                        52    -30       87
  SINCE JAN 1    500                       579    -79      653
..................................................................


WIND (MPH)
  HIGHEST WIND SPEED    23   HIGHEST WIND DIRECTION    NW (300)
  HIGHEST GUST SPEED    30   HIGHEST GUST DIRECTION    NW (310)
  AVERAGE WIND SPEED    11.5


SKY COVER
  POSSIBLE SUNSHINE  MM
  AVERAGE SKY COVER 0.8


WEATHER CONDITIONS
 THE FOLLOWING WEATHER WAS RECORDED YESTERDAY.
  LIGHT SNOW
  FOG


RELATIVE HUMIDITY (PERCENT)
 HIGHEST    88           400 AM
 LOWEST     57           300 PM
 AVERAGE    73

..........................................................


THE EAU CLAIRE WI CLIMATE NORMALS FOR TODAY
                         NORMAL    RECORD    YEAR
 MAXIMUM TEMPERATURE (F)   39        66      1930
 MINIMUM TEMPERATURE (F)   22        -3      1921


SUNRISE AND SUNSET
NOVEMBER 20 2014......SUNRISE   710 AM CST   SUNSET   433 PM CST
NOVEMBER 21 2014......SUNRISE   711 AM CST   SUNSET   432 PM CST


-  INDICATES NEGATIVE NUMBERS.
R  INDICATES RECORD WAS SET OR TIED.
MM INDICATES DATA IS MISSING.
T  INDICATES TRACE AMOUNT.




$$
