000
CDUS43 KMPX 190633
CLIEAU


CLIMATE REPORT
NATIONAL WEATHER SERVICE CHANHASSEN MN
131 AM CDT THU OCT 19 2017


...................................

...THE EAU CLAIRE WI CLIMATE SUMMARY FOR OCTOBER 18 2017...

CLIMATE NORMAL PERIOD 1981 TO 2010
CLIMATE RECORD PERIOD 1893 TO 2017


WEATHER ITEM   OBSERVED TIME   RECORD YEAR NORMAL DEPARTURE LAST
                VALUE   (LST)  VALUE       VALUE  FROM      YEAR
                                                  NORMAL
..................................................................
TEMPERATURE (F)
 YESTERDAY
  MAXIMUM         72    224 PM  85    1950  57     15       66
  MINIMUM         46    321 AM  12    1896  36     10       48
  AVERAGE         59                        47     12       57

PRECIPITATION (IN)
  YESTERDAY        0.00          0.89 2007   0.07  -0.07     0.15
  MONTH TO DATE    2.62                      1.52   1.10     1.77
  SINCE SEP 1      4.89                      5.20  -0.31     9.97
  SINCE JAN 1     33.01                     27.32   5.69    36.80

SNOWFALL (IN)
  YESTERDAY        0.0           5.0  1925   0.0    0.0      0.0
  MONTH TO DATE    0.0                       0.1   -0.1      0.0
  SINCE SEP 1      0.0                       0.1   -0.1      0.0
  SINCE JUL 1      0.0                       0.1   -0.1      0.0
  SNOW DEPTH       0

DEGREE DAYS
 HEATING
  YESTERDAY        6                        18    -12        8
  MONTH TO DATE  203                       276    -73      181
  SINCE SEP 1    321                       470   -149      263
  SINCE JUL 1    364                       509   -145      273

 COOLING
  YESTERDAY        0                         0      0        0
  MONTH TO DATE    0                         4     -4        2
  SINCE SEP 1     94                        52     42       41
  SINCE JAN 1    466                       579   -113      624
..................................................................


WIND (MPH)
  HIGHEST WIND SPEED    26   HIGHEST WIND DIRECTION     W (250)
  HIGHEST GUST SPEED    33   HIGHEST GUST DIRECTION     W (250)
  AVERAGE WIND SPEED    10.9


SKY COVER
  POSSIBLE SUNSHINE  MM
  AVERAGE SKY COVER 0.0


WEATHER CONDITIONS
 THE FOLLOWING WEATHER WAS RECORDED YESTERDAY.
  NO SIGNIFICANT WEATHER WAS OBSERVED.


RELATIVE HUMIDITY (PERCENT)
 HIGHEST    93          1200 AM
 LOWEST     30           900 PM
 AVERAGE    62

..........................................................


THE EAU CLAIRE WI CLIMATE NORMALS FOR TODAY
                         NORMAL    RECORD    YEAR
 MAXIMUM TEMPERATURE (F)   57        81      2000
 MINIMUM TEMPERATURE (F)   36        14      1972


SUNRISE AND SUNSET
OCTOBER 19 2017.......SUNRISE   727 AM CDT   SUNSET   614 PM CDT
OCTOBER 20 2017.......SUNRISE   728 AM CDT   SUNSET   612 PM CDT


-  INDICATES NEGATIVE NUMBERS.
R  INDICATES RECORD WAS SET OR TIED.
MM INDICATES DATA IS MISSING.
T  INDICATES TRACE AMOUNT.




$$
