000
CDUS43 KMPX 030804
CLIEAU


CLIMATE REPORT
NATIONAL WEATHER SERVICE CHANHASSEN MN
304 AM CDT MON AUG 3 2015


...................................

...THE EAU CLAIRE WI CLIMATE SUMMARY FOR AUGUST 2 2015...

CLIMATE NORMAL PERIOD 1981 TO 2010
CLIMATE RECORD PERIOD 1893 TO 2015


WEATHER ITEM   OBSERVED TIME   RECORD YEAR NORMAL DEPARTURE LAST
                VALUE   (LST)  VALUE       VALUE  FROM      YEAR
                                                  NORMAL
..................................................................
TEMPERATURE (F)
 YESTERDAY
  MAXIMUM         85   1224 PM 102    1988  82      3       87
  MINIMUM         62   1159 PM  45    1920  60      2       57
                                      1927
                                      1973
  AVERAGE         74                        71      3       72

PRECIPITATION (IN)
  YESTERDAY        0.03          1.87 1963   0.15  -0.12      T
  MONTH TO DATE    0.04                      0.30  -0.26      T
  SINCE JUN 1     10.96                      8.31   2.65    12.28
  SINCE JAN 1     20.41                     17.95   2.46    26.38

SNOWFALL (IN)
  YESTERDAY        0.0           0.0    MM   0.0    0.0      0.0
  MONTH TO DATE    0.0                       0.0    0.0      0.0
  SINCE JUN 1      0.0                       0.0    0.0      0.0
  SINCE JUL 1      0.0                       0.0    0.0      0.0
  SNOW DEPTH       0

DEGREE DAYS
 HEATING
  YESTERDAY        0                         0      0        0
  MONTH TO DATE    0                         0      0        0
  SINCE JUN 1     44                        73    -29       43
  SINCE JUL 1     16                        11      5       18

 COOLING
  YESTERDAY        9                         6      3        7
  MONTH TO DATE   16                        12      4       15
  SINCE JUN 1    278                       346    -68      287
  SINCE JAN 1    296                       378    -82      322
..................................................................


WIND (MPH)
  HIGHEST WIND SPEED    22   HIGHEST WIND DIRECTION    NW (310)
  HIGHEST GUST SPEED    27   HIGHEST GUST DIRECTION    NW (330)
  AVERAGE WIND SPEED     9.7


SKY COVER
  POSSIBLE SUNSHINE  MM
  AVERAGE SKY COVER 0.2


WEATHER CONDITIONS
 THE FOLLOWING WEATHER WAS RECORDED YESTERDAY.
  THUNDERSTORM


RELATIVE HUMIDITY (PERCENT)
 HIGHEST    90          1200 AM
 LOWEST     49           400 PM
 AVERAGE    70

..........................................................


THE EAU CLAIRE WI CLIMATE NORMALS FOR TODAY
                         NORMAL    RECORD    YEAR
 MAXIMUM TEMPERATURE (F)   82        98      1944
 MINIMUM TEMPERATURE (F)   60        48      1927


SUNRISE AND SUNSET
AUGUST  3 2015........SUNRISE   554 AM CDT   SUNSET   830 PM CDT
AUGUST  4 2015........SUNRISE   555 AM CDT   SUNSET   828 PM CDT


-  INDICATES NEGATIVE NUMBERS.
R  INDICATES RECORD WAS SET OR TIED.
MM INDICATES DATA IS MISSING.
T  INDICATES TRACE AMOUNT.




$$
