539
CDUS43 KMPX 010707
CLIEAU


CLIMATE REPORT
NATIONAL WEATHER SERVICE CHANHASSEN MN
201 AM CDT MON MAY 1 2017


...................................

...THE EAU CLAIRE WI CLIMATE SUMMARY FOR APRIL 30 2017...

CLIMATE NORMAL PERIOD 1981 TO 2010
CLIMATE RECORD PERIOD 1893 TO 2017


WEATHER ITEM   OBSERVED TIME   RECORD YEAR NORMAL DEPARTURE LAST
                VALUE   (LST)  VALUE       VALUE  FROM      YEAR
                                                  NORMAL
..................................................................
TEMPERATURE (F)
 YESTERDAY
  MAXIMUM         51    417 PM  89    1952  65    -14       59
  MINIMUM         39   1159 PM   9    1956  40     -1       38
  AVERAGE         45                        52     -7       49

PRECIPITATION (IN)
  YESTERDAY        0.52          2.00 1954   0.11   0.41     0.00
  MONTH TO DATE    4.94                      2.75   2.19     2.56
  SINCE MAR 1      6.06                      4.48   1.58     7.22
  SINCE JAN 1     10.14                      6.18   3.96     8.38

SNOWFALL (IN)
  YESTERDAY        0.0           5.5  1909   0.0    0.0      0.0
  MONTH TO DATE    0.8                       1.9   -1.1      1.8
  SINCE MAR 1      5.6                      10.5   -4.9     13.9
  SINCE JUL 1     54.5                      46.8    7.7     38.0
  SNOW DEPTH       0

DEGREE DAYS
 HEATING
  YESTERDAY       20                        13      7       16
  MONTH TO DATE  521                       576    -55      577
  SINCE MAR 1   1571                      1620    -49     1388
  SINCE JUL 1   6681                      7640   -959     6566

 COOLING
  YESTERDAY        0                         1     -1        0
  MONTH TO DATE    0                         4     -4        4
  SINCE MAR 1      0                         4     -4        4
  SINCE JAN 1      0                         4     -4        4
..................................................................


WIND (MPH)
  HIGHEST WIND SPEED    25   HIGHEST WIND DIRECTION     E (80)
  HIGHEST GUST SPEED    32   HIGHEST GUST DIRECTION     E (80)
  AVERAGE WIND SPEED    14.6


SKY COVER
  POSSIBLE SUNSHINE  MM
  AVERAGE SKY COVER 1.0


WEATHER CONDITIONS
 THE FOLLOWING WEATHER WAS RECORDED YESTERDAY.
  HEAVY RAIN
  RAIN
  FOG


RELATIVE HUMIDITY (PERCENT)
 HIGHEST    76           800 PM
 LOWEST     43           500 AM
 AVERAGE    60

..........................................................


THE EAU CLAIRE WI CLIMATE NORMALS FOR TODAY
                         NORMAL    RECORD    YEAR
 MAXIMUM TEMPERATURE (F)   65        91      1901
 MINIMUM TEMPERATURE (F)   41        24      1966
                                             1897


SUNRISE AND SUNSET
MAY  1 2017...........SUNRISE   555 AM CDT   SUNSET   812 PM CDT
MAY  2 2017...........SUNRISE   554 AM CDT   SUNSET   813 PM CDT


-  INDICATES NEGATIVE NUMBERS.
R  INDICATES RECORD WAS SET OR TIED.
MM INDICATES DATA IS MISSING.
T  INDICATES TRACE AMOUNT.




$$
