000
CDUS43 KMPX 080023
CLIEAU


CLIMATE REPORT
NATIONAL WEATHER SERVICE CHANHASSEN MN
723 PM CDT TUE JUL 7 2015


...................................

...THE EAU CLAIRE WI CLIMATE SUMMARY FOR JULY 7 2015...
VALID TODAY AS OF 0700 PM LOCAL TIME.

CLIMATE NORMAL PERIOD 1981 TO 2010
CLIMATE RECORD PERIOD 1893 TO 2015


WEATHER ITEM   OBSERVED TIME   RECORD YEAR NORMAL DEPARTURE LAST
                VALUE   (LST)  VALUE       VALUE  FROM      YEAR
                                                  NORMAL
..................................................................
TEMPERATURE (F)
 TODAY
  MAXIMUM         72    515 PM 105    1936  83    -11       85
  MINIMUM         49    459 AM  44    1997  60    -11       61
  AVERAGE         61                        72    -11       73

PRECIPITATION (IN)
  TODAY            0.00          1.35 1951   0.12  -0.12     0.80
  MONTH TO DATE    2.08                      0.88   1.20     1.00
  SINCE JUN 1      6.91                      5.01   1.90    10.84
  SINCE JAN 1     16.36                     14.65   1.71    24.94

SNOWFALL (IN)
  TODAY            0.0           0.0    MM   0.0    0.0      0.0
  MONTH TO DATE    0.0                       0.0    0.0      0.0
  SINCE JUN 1      0.0                       0.0    0.0      0.0
  SINCE JUL 1      0.0                       0.0    0.0      0.0
  SNOW DEPTH       0

DEGREE DAYS
 HEATING
  TODAY            4                         0      4        0
  MONTH TO DATE   11                         2      9        6
  SINCE JUN 1     39                        64    -25       31
  SINCE JUL 1     11                         2      9        6

 COOLING
  TODAY            0                         7     -7        8
  MONTH TO DATE   17                        48    -31       32
  SINCE JUN 1     99                       168    -69      166
  SINCE JAN 1    117                       200    -83      201
..................................................................


WIND (MPH)
  HIGHEST WIND SPEED    17   HIGHEST WIND DIRECTION    NE (60)
  HIGHEST GUST SPEED    22   HIGHEST GUST DIRECTION    NE (60)
  AVERAGE WIND SPEED     7.1


SKY COVER
  POSSIBLE SUNSHINE  MM
  AVERAGE SKY COVER 0.4


WEATHER CONDITIONS
 THE FOLLOWING WEATHER WAS RECORDED TODAY.
  NO SIGNIFICANT WEATHER WAS OBSERVED.


RELATIVE HUMIDITY (PERCENT)
 HIGHEST    86           500 AM
 LOWEST     40           600 PM
 AVERAGE    63

..........................................................


THE EAU CLAIRE WI CLIMATE NORMALS FOR TOMORROW
                         NORMAL    RECORD    YEAR
 MAXIMUM TEMPERATURE (F)   83       103      1936
 MINIMUM TEMPERATURE (F)   60        46      1961
                                             1958
                                             1895


SUNRISE AND SUNSET
JULY  7 2015..........SUNRISE   527 AM CDT   SUNSET   854 PM CDT
JULY  8 2015..........SUNRISE   528 AM CDT   SUNSET   854 PM CDT


-  INDICATES NEGATIVE NUMBERS.
R  INDICATES RECORD WAS SET OR TIED.
MM INDICATES DATA IS MISSING.
T  INDICATES TRACE AMOUNT.




$$
