000
CDUS43 KMPX 210034
CLIEAU


CLIMATE REPORT
NATIONAL WEATHER SERVICE CHANHASSEN MN
734 PM CDT FRI OCT 20 2017


...................................

...THE EAU CLAIRE WI CLIMATE SUMMARY FOR OCTOBER 20 2017...
VALID TODAY AS OF 0700 PM LOCAL TIME.

CLIMATE NORMAL PERIOD 1981 TO 2010
CLIMATE RECORD PERIOD 1893 TO 2017


WEATHER ITEM   OBSERVED TIME   RECORD YEAR NORMAL DEPARTURE LAST
                VALUE   (LST)  VALUE       VALUE  FROM      YEAR
                                                  NORMAL
..................................................................
TEMPERATURE (F)
 TODAY
  MAXIMUM         77    307 PM  83    1953  56     21       50
  MINIMUM         41    416 AM  11    1952  36      5       33
  AVERAGE         59                        46     13       42

PRECIPITATION (IN)
  TODAY            0.00          1.54 1934   0.07  -0.07     0.00
  MONTH TO DATE    2.62                      1.67   0.95     1.77
  SINCE SEP 1      4.89                      5.35  -0.46     9.97
  SINCE JAN 1     33.01                     27.47   5.54    36.80

SNOWFALL (IN)
  TODAY            0.0           2.0  1982   0.0    0.0      0.0
  MONTH TO DATE    0.0                       0.1   -0.1      0.0
  SINCE SEP 1      0.0                       0.1   -0.1      0.0
  SINCE JUL 1      0.0                       0.1   -0.1      0.0
  SNOW DEPTH       0

DEGREE DAYS
 HEATING
  TODAY            6                        19    -13       23
  MONTH TO DATE  221                       314    -93      218
  SINCE SEP 1    339                       508   -169      300
  SINCE JUL 1    382                       547   -165      310

 COOLING
  TODAY            0                         0      0        0
  MONTH TO DATE    0                         4     -4        2
  SINCE SEP 1     94                        52     42       41
  SINCE JAN 1    466                       579   -113      624
..................................................................


WIND (MPH)
  HIGHEST WIND SPEED    23   HIGHEST WIND DIRECTION     S (180)
  HIGHEST GUST SPEED    28   HIGHEST GUST DIRECTION     S (180)
  AVERAGE WIND SPEED     8.9


SKY COVER
  POSSIBLE SUNSHINE  MM
  AVERAGE SKY COVER 0.0


WEATHER CONDITIONS
 THE FOLLOWING WEATHER WAS RECORDED TODAY.
  NO SIGNIFICANT WEATHER WAS OBSERVED.


RELATIVE HUMIDITY (PERCENT)
 HIGHEST    89           400 AM
 LOWEST     33           300 PM
 AVERAGE    61

..........................................................


THE EAU CLAIRE WI CLIMATE NORMALS FOR TOMORROW
                         NORMAL    RECORD    YEAR
 MAXIMUM TEMPERATURE (F)   56        86      1947
 MINIMUM TEMPERATURE (F)   35        15      1960
                                             1896


SUNRISE AND SUNSET
OCTOBER 20 2017.......SUNRISE   728 AM CDT   SUNSET   612 PM CDT
OCTOBER 21 2017.......SUNRISE   730 AM CDT   SUNSET   611 PM CDT


-  INDICATES NEGATIVE NUMBERS.
R  INDICATES RECORD WAS SET OR TIED.
MM INDICATES DATA IS MISSING.
T  INDICATES TRACE AMOUNT.




$$
