000
CDUS43 KMPX 250637
CLIEAU


CLIMATE REPORT
NATIONAL WEATHER SERVICE CHANHASSEN MN
136 AM CDT SAT JUL 25 2015


...................................

...THE EAU CLAIRE WI CLIMATE SUMMARY FOR JULY 24 2015...

CLIMATE NORMAL PERIOD 1981 TO 2010
CLIMATE RECORD PERIOD 1893 TO 2015


WEATHER ITEM   OBSERVED TIME   RECORD YEAR NORMAL DEPARTURE LAST
                VALUE   (LST)  VALUE       VALUE  FROM      YEAR
                                                  NORMAL
..................................................................
TEMPERATURE (F)
 YESTERDAY
  MAXIMUM         84    456 PM 104    1934  83      1       81
  MINIMUM         66    738 AM  48    1971  60      6       54
  AVERAGE         75                        72      3       68

PRECIPITATION (IN)
  YESTERDAY        0.63          1.76 1926   0.12   0.51     0.00
  MONTH TO DATE    5.79                      2.97   2.82     1.87
  SINCE JUN 1     10.62                      7.10   3.52    11.71
  SINCE JAN 1     20.07                     16.74   3.33    25.81

SNOWFALL (IN)
  YESTERDAY        0.0           0.0    MM   0.0    0.0      0.0
  MONTH TO DATE    0.0                       0.0    0.0      0.0
  SINCE JUN 1      0.0                       0.0    0.0      0.0
  SINCE JUL 1      0.0                       0.0    0.0      0.0
  SNOW DEPTH       0

DEGREE DAYS
 HEATING
  YESTERDAY        0                         0      0        0
  MONTH TO DATE   16                         2     14       18
  SINCE JUN 1     44                        64    -20       43
  SINCE JUL 1     16                         2     14       18

 COOLING
  YESTERDAY       10                         7      3        3
  MONTH TO DATE  115                       167    -52      113
  SINCE JUN 1    197                       287    -90      247
  SINCE JAN 1    215                       319   -104      282
..................................................................


WIND (MPH)
  HIGHEST WIND SPEED    24   HIGHEST WIND DIRECTION    SE (150)
  HIGHEST GUST SPEED    31   HIGHEST GUST DIRECTION    SE (150)
  AVERAGE WIND SPEED     9.1


SKY COVER
  POSSIBLE SUNSHINE  MM
  AVERAGE SKY COVER 0.2


WEATHER CONDITIONS
 THE FOLLOWING WEATHER WAS RECORDED YESTERDAY.
  THUNDERSTORM
  HEAVY RAIN
  RAIN
  LIGHT RAIN
  FOG


RELATIVE HUMIDITY (PERCENT)
 HIGHEST    90           900 AM
 LOWEST     61           500 PM
 AVERAGE    76

..........................................................


THE EAU CLAIRE WI CLIMATE NORMALS FOR TODAY
                         NORMAL    RECORD    YEAR
 MAXIMUM TEMPERATURE (F)   83       100      1941
 MINIMUM TEMPERATURE (F)   60        45      1896


SUNRISE AND SUNSET
JULY 25 2015..........SUNRISE   544 AM CDT   SUNSET   841 PM CDT
JULY 26 2015..........SUNRISE   545 AM CDT   SUNSET   839 PM CDT


-  INDICATES NEGATIVE NUMBERS.
R  INDICATES RECORD WAS SET OR TIED.
MM INDICATES DATA IS MISSING.
T  INDICATES TRACE AMOUNT.




$$
