000
CDUS43 KMPX 120631
CLIEAU


CLIMATE REPORT
NATIONAL WEATHER SERVICE CHANHASSEN MN
131 AM CDT THU OCT 12 2017


...................................

...THE EAU CLAIRE WI CLIMATE SUMMARY FOR OCTOBER 11 2017...

CLIMATE NORMAL PERIOD 1981 TO 2010
CLIMATE RECORD PERIOD 1893 TO 2017


WEATHER ITEM   OBSERVED TIME   RECORD YEAR NORMAL DEPARTURE LAST
                VALUE   (LST)  VALUE       VALUE  FROM      YEAR
                                                  NORMAL
..................................................................
TEMPERATURE (F)
 YESTERDAY
  MAXIMUM         59    354 PM  85    1930  60     -1       72
  MINIMUM         41    714 AM  19    1987  38      3       56
  AVERAGE         50                        49      1       64

PRECIPITATION (IN)
  YESTERDAY        0.00          2.05 1986   0.08  -0.08     0.03
  MONTH TO DATE    2.28                      1.00   1.28     0.65
  SINCE SEP 1      4.55                      4.68  -0.13     8.85
  SINCE JAN 1     32.67                     26.80   5.87    35.68

SNOWFALL (IN)
  YESTERDAY        0.0           0.6  1909   0.0    0.0      0.0
  MONTH TO DATE    0.0                       0.0    0.0      0.0
  SINCE SEP 1      0.0                       0.0    0.0      0.0
  SINCE JUL 1      0.0                       0.0    0.0      0.0
  SNOW DEPTH       0

DEGREE DAYS
 HEATING
  YESTERDAY       15                        16     -1        1
  MONTH TO DATE  107                       155    -48      107
  SINCE SEP 1    225                       349   -124      189
  SINCE JUL 1    268                       388   -120      199

 COOLING
  YESTERDAY        0                         0      0        0
  MONTH TO DATE    0                         4     -4        0
  SINCE SEP 1     94                        52     42       39
  SINCE JAN 1    466                       579   -113      622
..................................................................


WIND (MPH)
  HIGHEST WIND SPEED    13   HIGHEST WIND DIRECTION    SE (150)
  HIGHEST GUST SPEED    17   HIGHEST GUST DIRECTION    SE (140)
  AVERAGE WIND SPEED     6.9


SKY COVER
  POSSIBLE SUNSHINE  MM
  AVERAGE SKY COVER 0.9


WEATHER CONDITIONS
 THE FOLLOWING WEATHER WAS RECORDED YESTERDAY.
  NO SIGNIFICANT WEATHER WAS OBSERVED.


RELATIVE HUMIDITY (PERCENT)
 HIGHEST    79           700 AM
 LOWEST     57           200 PM
 AVERAGE    68

..........................................................


THE EAU CLAIRE WI CLIMATE NORMALS FOR TODAY
                         NORMAL    RECORD    YEAR
 MAXIMUM TEMPERATURE (F)   60        86      1995
 MINIMUM TEMPERATURE (F)   38        20      1988


SUNRISE AND SUNSET
OCTOBER 12 2017.......SUNRISE   718 AM CDT   SUNSET   626 PM CDT
OCTOBER 13 2017.......SUNRISE   719 AM CDT   SUNSET   624 PM CDT


-  INDICATES NEGATIVE NUMBERS.
R  INDICATES RECORD WAS SET OR TIED.
MM INDICATES DATA IS MISSING.
T  INDICATES TRACE AMOUNT.




$$
