000
CDUS43 KMPX 242132
CLIEAU


CLIMATE REPORT
NATIONAL WEATHER SERVICE CHANHASSEN MN
431 PM CDT SUN AUG 24 2014


...................................

...THE EAU CLAIRE WI CLIMATE SUMMARY FOR AUGUST 24 2014...
VALID AS OF 0400 PM LOCAL TIME.

CLIMATE NORMAL PERIOD 1981 TO 2010
CLIMATE RECORD PERIOD 1893 TO 2014


WEATHER ITEM   OBSERVED TIME   RECORD YEAR NORMAL DEPARTURE LAST
                VALUE   (LST)  VALUE       VALUE  FROM      YEAR
                                                  NORMAL
..................................................................
TEMPERATURE (F)
 TODAY
  MAXIMUM         86    259 PM 103    1948  79      7       86
  MINIMUM         71    528 AM  39    1942  57     14       63
  AVERAGE         79                        68     11       75

PRECIPITATION (IN)
  TODAY            0.00          1.07 2006   0.13  -0.13     0.26
  MONTH TO DATE    3.88                      3.55   0.33     1.09
  SINCE JUN 1     16.16                     11.56   4.60     7.59
  SINCE JAN 1     30.26                     21.20   9.06    27.64

SNOWFALL (IN)
  TODAY            0.0           0.0    MM   0.0    0.0      0.0
  MONTH TO DATE    0.0                       0.0    0.0      0.0
  SINCE JUN 1      0.0                       0.0    0.0      0.0
  SINCE JUL 1      0.0                       0.0    0.0      0.0
  SNOW DEPTH       0

DEGREE DAYS
 HEATING
  TODAY            0                         1     -1        0
  MONTH TO DATE    3                        19    -16       12
  SINCE JUN 1     46                        92    -46      101
  SINCE JUL 1     21                        30     -9       38

 COOLING
  TODAY           14                         4     10       10
  MONTH TO DATE  149                       133     16       88
  SINCE JUN 1    421                       467    -46      420
  SINCE JAN 1    456                       499    -43      452
..................................................................


WIND (MPH)
  HIGHEST WIND SPEED    22   HIGHEST WIND DIRECTION    SE (140)
  HIGHEST GUST SPEED    28   HIGHEST GUST DIRECTION    SE (150)
  AVERAGE WIND SPEED    12.0


SKY COVER
  POSSIBLE SUNSHINE  MM
  AVERAGE SKY COVER 1.0


WEATHER CONDITIONS
 THE FOLLOWING WEATHER WAS RECORDED TODAY.
  NO SIGNIFICANT WEATHER WAS OBSERVED.


RELATIVE HUMIDITY (PERCENT)
 HIGHEST    93           200 AM
 LOWEST     69           100 PM
 AVERAGE    81

..........................................................


THE EAU CLAIRE WI CLIMATE NORMALS FOR TOMORROW
                         NORMAL    RECORD    YEAR
 MAXIMUM TEMPERATURE (F)   79        99      1948
 MINIMUM TEMPERATURE (F)   57        40      2008
                                             1958


SUNRISE AND SUNSET
AUGUST 24 2014........SUNRISE   619 AM CDT   SUNSET   757 PM CDT
AUGUST 25 2014........SUNRISE   620 AM CDT   SUNSET   755 PM CDT


-  INDICATES NEGATIVE NUMBERS.
R  INDICATES RECORD WAS SET OR TIED.
MM INDICATES DATA IS MISSING.
T  INDICATES TRACE AMOUNT.




$$
