000
CDUS43 KMPX 210057
CLIEAU


CLIMATE REPORT
NATIONAL WEATHER SERVICE CHANHASSEN MN
757 PM CDT WED MAY 20 2015


...................................

...THE EAU CLAIRE WI CLIMATE SUMMARY FOR MAY 20 2015...
VALID TODAY AS OF 0700 PM LOCAL TIME.

CLIMATE NORMAL PERIOD 1981 TO 2010
CLIMATE RECORD PERIOD 1893 TO 2015


WEATHER ITEM   OBSERVED TIME   RECORD YEAR NORMAL DEPARTURE LAST
                VALUE   (LST)  VALUE       VALUE  FROM      YEAR
                                                  NORMAL
..................................................................
TEMPERATURE (F)
 TODAY
  MAXIMUM         61    402 PM  94    1934  71    -10       76
  MINIMUM         30    356 AM  27    2002  47    -17       51
  AVERAGE         46                        59    -13       64

PRECIPITATION (IN)
  TODAY            0.00          1.04 1913   0.11  -0.11     0.01
  MONTH TO DATE    2.55                      2.18   0.37     3.42
  SINCE MAR 1      6.02                      6.66  -0.64    10.24
  SINCE JAN 1      6.61                      8.36  -1.75    13.44

SNOWFALL (IN)
  TODAY            0.0           T    1915   0.0    0.0      0.0
  MONTH TO DATE    0.0                       0.2   -0.2      0.0
  SINCE MAR 1      7.3                      10.7   -3.4     13.1
  SINCE JUL 1     38.1                      47.0   -8.9     74.8
  SNOW DEPTH       0

DEGREE DAYS
 HEATING
  TODAY           19                         7     12        1
  MONTH TO DATE  179                       192    -13      234
  SINCE MAR 1   1690                      1812   -122     2228
  SINCE JUL 1   8043                      7833    210     9120

 COOLING
  TODAY            0                         1     -1        0
  MONTH TO DATE   10                        14     -4        0
  SINCE MAR 1     10                        18     -8        0
  SINCE JAN 1     10                        18     -8        0
..................................................................


WIND (MPH)
  HIGHEST WIND SPEED    14   HIGHEST WIND DIRECTION     W (250)
  HIGHEST GUST SPEED    19   HIGHEST GUST DIRECTION     W (290)
  AVERAGE WIND SPEED     4.7


SKY COVER
  POSSIBLE SUNSHINE  MM
  AVERAGE SKY COVER 0.1


WEATHER CONDITIONS
 THE FOLLOWING WEATHER WAS RECORDED TODAY.
  FOG
  FOG W/VISIBILITY <= 1/4 MILE


RELATIVE HUMIDITY (PERCENT)
 HIGHEST   100           100 AM
 LOWEST     27           400 PM
 AVERAGE    64

..........................................................


THE EAU CLAIRE WI CLIMATE NORMALS FOR TOMORROW
                         NORMAL    RECORD    YEAR
 MAXIMUM TEMPERATURE (F)   71        89      1994
                                             1992
                                             1988
 MINIMUM TEMPERATURE (F)   47        31      1997
                                             1895


SUNRISE AND SUNSET
MAY 20 2015...........SUNRISE   532 AM CDT   SUNSET   833 PM CDT
MAY 21 2015...........SUNRISE   531 AM CDT   SUNSET   834 PM CDT


-  INDICATES NEGATIVE NUMBERS.
R  INDICATES RECORD WAS SET OR TIED.
MM INDICATES DATA IS MISSING.
T  INDICATES TRACE AMOUNT.




$$
