218
CDUS43 KMPX 260628
CLIEAU


CLIMATE REPORT
NATIONAL WEATHER SERVICE CHANHASSEN MN
128 AM CDT SUN MAR 26 2017


...................................

...THE EAU CLAIRE WI CLIMATE SUMMARY FOR MARCH 25 2017...

CLIMATE NORMAL PERIOD 1981 TO 2010
CLIMATE RECORD PERIOD 1893 TO 2017


WEATHER ITEM   OBSERVED TIME   RECORD YEAR NORMAL DEPARTURE LAST
                VALUE   (LST)  VALUE       VALUE  FROM      YEAR
                                                  NORMAL
..................................................................
TEMPERATURE (F)
 YESTERDAY
  MAXIMUM         41    414 PM  80    2007  46     -5       46
  MINIMUM         35   1159 PM  -1    1955  25     10       16
                                      1940
  AVERAGE         38                        35      3       31

PRECIPITATION (IN)
  YESTERDAY        0.01          0.86 1906   0.07  -0.06     0.00
  MONTH TO DATE    1.06                      1.30  -0.24     2.97
  SINCE MAR 1      1.06                      1.30  -0.24     2.97
  SINCE JAN 1      5.14                      3.00   2.14     4.13

SNOWFALL (IN)
  YESTERDAY        0.0           6.0  1923   0.2   -0.2      0.0
  MONTH TO DATE    4.8                       7.3   -2.5     12.1
  SINCE MAR 1      4.8                       7.3   -2.5     12.1
  SINCE JUL 1     53.7                      43.6   10.1     36.2
  SNOW DEPTH       0

DEGREE DAYS
 HEATING
  YESTERDAY       27                        30     -3       34
  MONTH TO DATE  911                       876     35      672
  SINCE MAR 1    911                       876     35      672
  SINCE JUL 1   6021                      6896   -875     5850

 COOLING
  YESTERDAY        0                         0      0        0
  MONTH TO DATE    0                         0      0        0
  SINCE MAR 1      0                         0      0        0
  SINCE JAN 1      0                         0      0        0
..................................................................


WIND (MPH)
  HIGHEST WIND SPEED    23   HIGHEST WIND DIRECTION     E (70)
  HIGHEST GUST SPEED    27   HIGHEST GUST DIRECTION     E (80)
  AVERAGE WIND SPEED    13.3


SKY COVER
  POSSIBLE SUNSHINE  MM
  AVERAGE SKY COVER 1.0


WEATHER CONDITIONS
 THE FOLLOWING WEATHER WAS RECORDED YESTERDAY.
  LIGHT RAIN
  FOG


RELATIVE HUMIDITY (PERCENT)
 HIGHEST    92          1000 PM
 LOWEST     73           200 PM
 AVERAGE    83

..........................................................


THE EAU CLAIRE WI CLIMATE NORMALS FOR TODAY
                         NORMAL    RECORD    YEAR
 MAXIMUM TEMPERATURE (F)   46        81      2007
 MINIMUM TEMPERATURE (F)   26       -12      1965


SUNRISE AND SUNSET
MARCH 26 2017.........SUNRISE   657 AM CDT   SUNSET   726 PM CDT
MARCH 27 2017.........SUNRISE   655 AM CDT   SUNSET   728 PM CDT


-  INDICATES NEGATIVE NUMBERS.
R  INDICATES RECORD WAS SET OR TIED.
MM INDICATES DATA IS MISSING.
T  INDICATES TRACE AMOUNT.




$$
