000
CDUS43 KMPX 180627
CLIEAU


CLIMATE REPORT
NATIONAL WEATHER SERVICE CHANHASSEN MN
1226 AM CST SUN FEB 18 2018


...................................

...THE EAU CLAIRE WI CLIMATE SUMMARY FOR FEBRUARY 17 2018...

CLIMATE NORMAL PERIOD 1981 TO 2010
CLIMATE RECORD PERIOD 1893 TO 2018


WEATHER ITEM   OBSERVED TIME   RECORD YEAR NORMAL DEPARTURE LAST
                VALUE   (LST)  VALUE       VALUE  FROM      YEAR
                                                  NORMAL
..................................................................
TEMPERATURE (F)
 YESTERDAY
  MAXIMUM         29    450 PM  55    1981  30     -1       53
  MINIMUM          5   1205 AM -24    1903  11     -6       24
  AVERAGE         17                        20     -3       39

PRECIPITATION (IN)
  YESTERDAY        0.13          0.50 1932   0.03   0.10     0.00
  MONTH TO DATE    0.37                      0.46  -0.09     0.01
  SINCE DEC 1      2.54                      2.35   0.19     4.46
  SINCE JAN 1      1.63                      1.35   0.28     2.36

SNOWFALL (IN)
  YESTERDAY        1.6           6.0  1932   0.2    1.4      0.0
  MONTH TO DATE    6.1                       4.6    1.5       T
  SINCE DEC 1     28.6                      27.3    1.3     36.5
  SINCE JUL 1     31.9                      33.6   -1.7     38.2
  SNOW DEPTH       4

DEGREE DAYS
 HEATING
  YESTERDAY       48                        45      3       26
  MONTH TO DATE  964                       807    157      724
  SINCE DEC 1   4053                      3805    248     3589
  SINCE JUL 1   5694                      5551    143     4798

 COOLING
  YESTERDAY        0                         0      0        0
  MONTH TO DATE    0                         0      0        0
  SINCE DEC 1      0                         0      0        0
  SINCE JAN 1      0                         0      0        0
..................................................................


WIND (MPH)
  HIGHEST WIND SPEED    15   HIGHEST WIND DIRECTION    SW (240)
  HIGHEST GUST SPEED    21   HIGHEST GUST DIRECTION    SW (220)
  AVERAGE WIND SPEED     8.2


SKY COVER
  POSSIBLE SUNSHINE  MM
  AVERAGE SKY COVER 0.5


WEATHER CONDITIONS
 THE FOLLOWING WEATHER WAS RECORDED YESTERDAY.
  LIGHT SNOW
  FOG


RELATIVE HUMIDITY (PERCENT)
 HIGHEST    92           900 AM
 LOWEST     54          1000 PM
 AVERAGE    73

..........................................................


THE EAU CLAIRE WI CLIMATE NORMALS FOR TODAY
                         NORMAL    RECORD    YEAR
 MAXIMUM TEMPERATURE (F)   30        59      1981
 MINIMUM TEMPERATURE (F)   11       -20      1941
                                             1936
                                             1910


SUNRISE AND SUNSET
FEBRUARY 18 2018......SUNRISE   702 AM CST   SUNSET   538 PM CST
FEBRUARY 19 2018......SUNRISE   700 AM CST   SUNSET   540 PM CST


-  INDICATES NEGATIVE NUMBERS.
R  INDICATES RECORD WAS SET OR TIED.
MM INDICATES DATA IS MISSING.
T  INDICATES TRACE AMOUNT.




$$
