000
CDUS43 KMPX 090749
CLIEAU


CLIMATE REPORT
NATIONAL WEATHER SERVICE CHANHASSEN MN
249 AM CDT WED AUG 9 2017


...................................

...THE EAU CLAIRE WI CLIMATE SUMMARY FOR AUGUST 8 2017...

CLIMATE NORMAL PERIOD 1981 TO 2010
CLIMATE RECORD PERIOD 1893 TO 2017


WEATHER ITEM   OBSERVED TIME   RECORD YEAR NORMAL DEPARTURE LAST
                VALUE   (LST)  VALUE       VALUE  FROM      YEAR
                                                  NORMAL
..................................................................
TEMPERATURE (F)
 YESTERDAY
  MAXIMUM         81    103 PM  98    1896  82     -1       83
  MINIMUM         56    532 AM  40    1904  59     -3       58
  AVERAGE         69                        70     -1       71

PRECIPITATION (IN)
  YESTERDAY        0.00          2.25 1929   0.15  -0.15     0.00
  MONTH TO DATE    0.81                      1.20  -0.39     0.34
  SINCE JUN 1     10.31                      9.21   1.10    10.14
  SINCE JAN 1     24.81                     18.85   5.96    22.33

SNOWFALL (IN)
  YESTERDAY        0.0           0.0    MM   0.0    0.0      0.0
  MONTH TO DATE    0.0                       0.0    0.0      0.0
  SINCE JUN 1      0.0                       0.0    0.0      0.0
  SINCE JUL 1      0.0                       0.0    0.0      0.0
  SNOW DEPTH       0

DEGREE DAYS
 HEATING
  YESTERDAY        0                         1     -1        0
  MONTH TO DATE   11                         3      8        0
  SINCE JUN 1     50                        76    -26       36
  SINCE JUL 1     13                        14     -1        4

 COOLING
  YESTERDAY        4                         6     -2        6
  MONTH TO DATE   20                        48    -28       63
  SINCE JUN 1    324                       382    -58      410
  SINCE JAN 1    332                       414    -82      450
..................................................................


WIND (MPH)
  HIGHEST WIND SPEED    15   HIGHEST WIND DIRECTION     W (280)
  HIGHEST GUST SPEED    20   HIGHEST GUST DIRECTION     W (260)
  AVERAGE WIND SPEED     6.1


SKY COVER
  POSSIBLE SUNSHINE  MM
  AVERAGE SKY COVER 0.1


WEATHER CONDITIONS
 THE FOLLOWING WEATHER WAS RECORDED YESTERDAY.
  NO SIGNIFICANT WEATHER WAS OBSERVED.


RELATIVE HUMIDITY (PERCENT)
 HIGHEST    93           300 AM
 LOWEST     39           100 PM
 AVERAGE    66

..........................................................


THE EAU CLAIRE WI CLIMATE NORMALS FOR TODAY
                         NORMAL    RECORD    YEAR
 MAXIMUM TEMPERATURE (F)   81        97      1944
 MINIMUM TEMPERATURE (F)   59        41      1927


SUNRISE AND SUNSET
AUGUST  9 2017........SUNRISE   601 AM CDT   SUNSET   821 PM CDT
AUGUST 10 2017........SUNRISE   602 AM CDT   SUNSET   819 PM CDT


-  INDICATES NEGATIVE NUMBERS.
R  INDICATES RECORD WAS SET OR TIED.
MM INDICATES DATA IS MISSING.
T  INDICATES TRACE AMOUNT.




$$
