000
CDUS43 KMPX 300633
CLIEAU


CLIMATE REPORT
NATIONAL WEATHER SERVICE CHANHASSEN MN
133 AM CDT SUN AUG 30 2015


...................................

...THE EAU CLAIRE WI CLIMATE SUMMARY FOR AUGUST 29 2015...

CLIMATE NORMAL PERIOD 1981 TO 2010
CLIMATE RECORD PERIOD 1893 TO 2015


WEATHER ITEM   OBSERVED TIME   RECORD YEAR NORMAL DEPARTURE LAST
                VALUE   (LST)  VALUE       VALUE  FROM      YEAR
                                                  NORMAL
..................................................................
TEMPERATURE (F)
 YESTERDAY
  MAXIMUM         72    416 PM  95    1949  78     -6       82
  MINIMUM         52    308 AM  37    1893  56     -4       59
  AVERAGE         62                        67     -5       71

PRECIPITATION (IN)
  YESTERDAY        0.00          1.28 2014   0.13  -0.13     1.28
  MONTH TO DATE    7.19                      4.21   2.98     5.57
  SINCE JUN 1     18.11                     12.22   5.89    17.85
  SINCE JAN 1     27.56                     21.86   5.70    31.95

SNOWFALL (IN)
  YESTERDAY        0.0           0.0    MM   0.0    0.0      0.0
  MONTH TO DATE    0.0                       0.0    0.0      0.0
  SINCE JUN 1      0.0                       0.0    0.0      0.0
  SINCE JUL 1      0.0                       0.0    0.0      0.0
  SNOW DEPTH       0

DEGREE DAYS
 HEATING
  YESTERDAY        3                         2      1        0
  MONTH TO DATE   39                        26     13        5
  SINCE JUN 1     83                        99    -16       48
  SINCE JUL 1     55                        37     18       23

 COOLING
  YESTERDAY        0                         4     -4        6
  MONTH TO DATE  116                       153    -37      165
  SINCE JUN 1    378                       487   -109      437
  SINCE JAN 1    396                       519   -123      472
..................................................................


WIND (MPH)
  HIGHEST WIND SPEED     9   HIGHEST WIND DIRECTION    NE (40)
  HIGHEST GUST SPEED    12   HIGHEST GUST DIRECTION    NE (60)
  AVERAGE WIND SPEED     3.4


SKY COVER
  POSSIBLE SUNSHINE  MM
  AVERAGE SKY COVER 0.5


WEATHER CONDITIONS
 THE FOLLOWING WEATHER WAS RECORDED YESTERDAY.
  FOG


RELATIVE HUMIDITY (PERCENT)
 HIGHEST   100           300 AM
 LOWEST     68           400 PM
 AVERAGE    84

..........................................................


THE EAU CLAIRE WI CLIMATE NORMALS FOR TODAY
                         NORMAL    RECORD    YEAR
 MAXIMUM TEMPERATURE (F)   78        97      2012
                                             1941
 MINIMUM TEMPERATURE (F)   56        36      1915


SUNRISE AND SUNSET
AUGUST 30 2015........SUNRISE   625 AM CDT   SUNSET   747 PM CDT
AUGUST 31 2015........SUNRISE   627 AM CDT   SUNSET   745 PM CDT


-  INDICATES NEGATIVE NUMBERS.
R  INDICATES RECORD WAS SET OR TIED.
MM INDICATES DATA IS MISSING.
T  INDICATES TRACE AMOUNT.




$$
