000
CDUS43 KMPX 170808
CLIEAU


CLIMATE REPORT
NATIONAL WEATHER SERVICE CHANHASSEN MN
259 AM CDT TUE OCT 17 2017


...................................

...THE EAU CLAIRE WI CLIMATE SUMMARY FOR OCTOBER 16 2017...

CLIMATE NORMAL PERIOD 1981 TO 2010
CLIMATE RECORD PERIOD 1893 TO 2017


WEATHER ITEM   OBSERVED TIME   RECORD YEAR NORMAL DEPARTURE LAST
                VALUE   (LST)  VALUE       VALUE  FROM      YEAR
                                                  NORMAL
..................................................................
TEMPERATURE (F)
 YESTERDAY
  MAXIMUM         62    319 PM  85    1947  58      4       70
  MINIMUM         33    646 AM  17    1952  37     -4       39
  AVERAGE         48                        47      1       55

PRECIPITATION (IN)
  YESTERDAY        0.00          1.95 1911   0.07  -0.07      T
  MONTH TO DATE    2.62                      1.37   1.25     0.72
  SINCE SEP 1      4.89                      5.05  -0.16     8.92
  SINCE JAN 1     33.01                     27.17   5.84    35.75

SNOWFALL (IN)
  YESTERDAY        0.0           0.5  1992   0.0    0.0      0.0
  MONTH TO DATE    0.0                       0.1   -0.1      0.0
  SINCE SEP 1      0.0                       0.1   -0.1      0.0
  SINCE JUL 1      0.0                       0.1   -0.1      0.0
  SNOW DEPTH       0

DEGREE DAYS
 HEATING
  YESTERDAY       17                        18     -1       10
  MONTH TO DATE  186                       240    -54      173
  SINCE SEP 1    304                       434   -130      255
  SINCE JUL 1    347                       473   -126      265

 COOLING
  YESTERDAY        0                         0      0        0
  MONTH TO DATE    0                         4     -4        0
  SINCE SEP 1     94                        52     42       39
  SINCE JAN 1    466                       579   -113      622
..................................................................


WIND (MPH)
  HIGHEST WIND SPEED    22   HIGHEST WIND DIRECTION    SW (240)
  HIGHEST GUST SPEED    25   HIGHEST GUST DIRECTION    SW (240)
  AVERAGE WIND SPEED     6.9


SKY COVER
  POSSIBLE SUNSHINE  MM
  AVERAGE SKY COVER 0.1


WEATHER CONDITIONS
 THE FOLLOWING WEATHER WAS RECORDED YESTERDAY.
  FOG
  FOG W/VISIBILITY <= 1/4 MILE


RELATIVE HUMIDITY (PERCENT)
 HIGHEST   100           600 AM
 LOWEST     36           200 PM
 AVERAGE    68

..........................................................


THE EAU CLAIRE WI CLIMATE NORMALS FOR TODAY
                         NORMAL    RECORD    YEAR
 MAXIMUM TEMPERATURE (F)   58        86      1910
 MINIMUM TEMPERATURE (F)   36        16      1952


SUNRISE AND SUNSET
OCTOBER 17 2017.......SUNRISE   724 AM CDT   SUNSET   617 PM CDT
OCTOBER 18 2017.......SUNRISE   726 AM CDT   SUNSET   616 PM CDT


-  INDICATES NEGATIVE NUMBERS.
R  INDICATES RECORD WAS SET OR TIED.
MM INDICATES DATA IS MISSING.
T  INDICATES TRACE AMOUNT.




$$
