000
CDUS43 KMPX 242232
CLIEAU


CLIMATE REPORT
NATIONAL WEATHER SERVICE CHANHASSEN MN
429 PM CST SAT JAN 24 2015


...................................

...THE EAU CLAIRE WI CLIMATE SUMMARY FOR JANUARY 24 2015...
VALID AS OF 0400 PM LOCAL TIME.

CLIMATE NORMAL PERIOD 1981 TO 2010
CLIMATE RECORD PERIOD 1893 TO 2015


WEATHER ITEM   OBSERVED TIME   RECORD YEAR NORMAL DEPARTURE LAST
                VALUE   (LST)  VALUE       VALUE  FROM      YEAR
                                                  NORMAL
..................................................................
TEMPERATURE (F)
 TODAY
  MAXIMUM         39    237 PM  53    1981  24     15       31
  MINIMUM         28    324 AM -34    1935   5     23      -11
  AVERAGE         34                        14     20       10

PRECIPITATION (IN)
  TODAY            0.00          1.37 1967   0.03  -0.03     0.06
  MONTH TO DATE    0.26                      0.69  -0.43     1.13
  SINCE DEC 1      0.94                      1.69  -0.75     2.66
  SINCE JAN 1      0.26                      0.69  -0.43     1.13

SNOWFALL (IN)
  TODAY            0.0           8.5  1929   0.4   -0.4      0.8
  MONTH TO DATE    4.9                      10.2   -5.3     13.9
  SINCE DEC 1     11.2                      19.7   -8.5     32.9
  SINCE JUL 1     25.4                      26.0   -0.6     35.1
  SNOW DEPTH       3

DEGREE DAYS
 HEATING
  TODAY           31                        51    -20       55
  MONTH TO DATE 1219                      1219      0     1395
  SINCE DEC 1   2499                      2649   -150     3060
  SINCE JUL 1   4471                      4395     76     4805

 COOLING
  TODAY            0                         0      0        0
  MONTH TO DATE    0                         0      0        0
  SINCE DEC 1      0                         0      0        0
  SINCE JAN 1      0                         0      0        0
..................................................................


WIND (MPH)
  HIGHEST WIND SPEED    13   HIGHEST WIND DIRECTION     W (250)
  HIGHEST GUST SPEED    15   HIGHEST GUST DIRECTION    SW (240)
  AVERAGE WIND SPEED     6.4


SKY COVER
  POSSIBLE SUNSHINE  MM
  AVERAGE SKY COVER 0.9


WEATHER CONDITIONS
 THE FOLLOWING WEATHER WAS RECORDED TODAY.
  FOG


RELATIVE HUMIDITY (PERCENT)
 HIGHEST    92           500 AM
 LOWEST     70           300 PM
 AVERAGE    81

..........................................................


THE EAU CLAIRE WI CLIMATE NORMALS FOR TOMORROW
                         NORMAL    RECORD    YEAR
 MAXIMUM TEMPERATURE (F)   24        55      1944
 MINIMUM TEMPERATURE (F)    5       -33      1904


SUNRISE AND SUNSET
JANUARY 24 2015.......SUNRISE   734 AM CST   SUNSET   503 PM CST
JANUARY 25 2015.......SUNRISE   733 AM CST   SUNSET   504 PM CST


-  INDICATES NEGATIVE NUMBERS.
R  INDICATES RECORD WAS SET OR TIED.
MM INDICATES DATA IS MISSING.
T  INDICATES TRACE AMOUNT.




$$
