000
CDUS43 KMPX 260637
CLIEAU


CLIMATE REPORT
NATIONAL WEATHER SERVICE CHANHASSEN MN
1236 AM CST THU FEB 26 2015


...................................

...THE EAU CLAIRE WI CLIMATE SUMMARY FOR FEBRUARY 25 2015...

CLIMATE NORMAL PERIOD 1981 TO 2010
CLIMATE RECORD PERIOD 1893 TO 2015


WEATHER ITEM   OBSERVED TIME   RECORD YEAR NORMAL DEPARTURE LAST
                VALUE   (LST)  VALUE       VALUE  FROM      YEAR
                                                  NORMAL
..................................................................
TEMPERATURE (F)
 YESTERDAY
  MAXIMUM         14    416 PM  57    1931  33    -19        8
  MINIMUM          1    353 AM -23    1967  14    -13       -7
  AVERAGE          8                        23    -15        1

PRECIPITATION (IN)
  YESTERDAY        0.00          0.99 1951   0.04  -0.04      T
  MONTH TO DATE    0.22                      0.71  -0.49     1.39
  SINCE DEC 1      1.27                      2.60  -1.33     4.50
  SINCE JAN 1      0.59                      1.60  -1.01     2.97

SNOWFALL (IN)
  YESTERDAY        0.0           8.0  1926   0.3   -0.3       T
  MONTH TO DATE    3.9                       6.6   -2.7     12.9
  SINCE DEC 1     16.6                      29.3  -12.7     56.7
  SINCE JUL 1     30.8                      35.6   -4.8     58.9
  SNOW DEPTH       4

DEGREE DAYS
 HEATING
  YESTERDAY       57                        42     15       64
  MONTH TO DATE 1401                      1153    248     1441
  SINCE DEC 1   4194                      4151     43     4937
  SINCE JUL 1   6166                      5897    269     6682

 COOLING
  YESTERDAY        0                         0      0        0
  MONTH TO DATE    0                         0      0        0
  SINCE DEC 1      0                         0      0        0
  SINCE JAN 1      0                         0      0        0
..................................................................


WIND (MPH)
  HIGHEST WIND SPEED    12   HIGHEST WIND DIRECTION    NW (330)
  HIGHEST GUST SPEED    15   HIGHEST GUST DIRECTION     N (340)
  AVERAGE WIND SPEED     5.1


SKY COVER
  POSSIBLE SUNSHINE  MM
  AVERAGE SKY COVER 0.5


WEATHER CONDITIONS
 THE FOLLOWING WEATHER WAS RECORDED YESTERDAY.
  NO SIGNIFICANT WEATHER WAS OBSERVED.


RELATIVE HUMIDITY (PERCENT)
 HIGHEST    69           400 AM
 LOWEST     48           200 PM
 AVERAGE    59

..........................................................


THE EAU CLAIRE WI CLIMATE NORMALS FOR TODAY
                         NORMAL    RECORD    YEAR
 MAXIMUM TEMPERATURE (F)   33        56      2000
                                             1976
 MINIMUM TEMPERATURE (F)   14       -18      1963
                                             1897


SUNRISE AND SUNSET
FEBRUARY 26 2015......SUNRISE   649 AM CST   SUNSET   549 PM CST
FEBRUARY 27 2015......SUNRISE   647 AM CST   SUNSET   551 PM CST


-  INDICATES NEGATIVE NUMBERS.
R  INDICATES RECORD WAS SET OR TIED.
MM INDICATES DATA IS MISSING.
T  INDICATES TRACE AMOUNT.




$$
