000
CDUS43 KMPX 250032
CLIEAU


CLIMATE REPORT
NATIONAL WEATHER SERVICE CHANHASSEN MN
631 PM CST MON NOV 24 2014


...................................

...THE EAU CLAIRE WI CLIMATE SUMMARY FOR NOVEMBER 24 2014...
VALID TODAY AS OF 0600 PM LOCAL TIME.

CLIMATE NORMAL PERIOD 1981 TO 2010
CLIMATE RECORD PERIOD 1893 TO 2014


WEATHER ITEM   OBSERVED TIME   RECORD YEAR NORMAL DEPARTURE LAST
                VALUE   (LST)  VALUE       VALUE  FROM      YEAR
                                                  NORMAL
..................................................................
TEMPERATURE (F)
 TODAY
  MAXIMUM         38   1242 AM  61    1931  36      2       26
  MINIMUM         23    559 PM -12    1898  20      3        1
  AVERAGE         31                        28      3       14

PRECIPITATION (IN)
  TODAY            0.38          0.84 2001   0.06   0.32     0.00
  MONTH TO DATE    1.65                      1.51   0.14     1.32
  SINCE SEP 1      9.54                      7.53   2.01     6.73
  SINCE JAN 1     42.21                     29.65  12.56    34.37

SNOWFALL (IN)
  TODAY            2.4           3.0  1895   0.2    2.2      0.0
  MONTH TO DATE   11.8                       4.2    7.6      2.1
  SINCE SEP 1     12.4                       4.6    7.8      2.1
  SINCE JUL 1     12.4                       4.6    7.8      2.1
  SNOW DEPTH       T

DEGREE DAYS
 HEATING
  TODAY           34                        37     -3       51
  MONTH TO DATE  914                       729    185      774
  SINCE SEP 1   1667                      1474    193     1454
  SINCE JUL 1   1690                      1513    177     1492

 COOLING
  TODAY            0                         0      0        0
  MONTH TO DATE    0                         0      0        0
  SINCE SEP 1     22                        52    -30       87
  SINCE JAN 1    500                       579    -79      653
..................................................................


WIND (MPH)
  HIGHEST WIND SPEED    23   HIGHEST WIND DIRECTION    NW (300)
  HIGHEST GUST SPEED    29   HIGHEST GUST DIRECTION     W (290)
  AVERAGE WIND SPEED    13.1


SKY COVER
  POSSIBLE SUNSHINE  MM
  AVERAGE SKY COVER 1.0


WEATHER CONDITIONS
 THE FOLLOWING WEATHER WAS RECORDED TODAY.
  SNOW
  LIGHT SNOW
  FOG


RELATIVE HUMIDITY (PERCENT)
 HIGHEST    96           500 AM
 LOWEST     81           200 PM
 AVERAGE    89

..........................................................


THE EAU CLAIRE WI CLIMATE NORMALS FOR TOMORROW
                         NORMAL    RECORD    YEAR
 MAXIMUM TEMPERATURE (F)   36        55      1914
                                             1998
 MINIMUM TEMPERATURE (F)   20       -11      1893


SUNRISE AND SUNSET
NOVEMBER 24 2014......SUNRISE   715 AM CST   SUNSET   430 PM CST
NOVEMBER 25 2014......SUNRISE   716 AM CST   SUNSET   429 PM CST


-  INDICATES NEGATIVE NUMBERS.
R  INDICATES RECORD WAS SET OR TIED.
MM INDICATES DATA IS MISSING.
T  INDICATES TRACE AMOUNT.




$$
