421
CDUS43 KMPX 240637
CLIEAU


CLIMATE REPORT
NATIONAL WEATHER SERVICE CHANHASSEN MN
136 AM CDT MON APR 24 2017


...................................

...THE EAU CLAIRE WI CLIMATE SUMMARY FOR APRIL 23 2017...

CLIMATE NORMAL PERIOD 1981 TO 2010
CLIMATE RECORD PERIOD 1893 TO 2017


WEATHER ITEM   OBSERVED TIME   RECORD YEAR NORMAL DEPARTURE LAST
                VALUE   (LST)  VALUE       VALUE  FROM      YEAR
                                                  NORMAL
..................................................................
TEMPERATURE (F)
 YESTERDAY
  MAXIMUM         68    427 PM  86    1960  62      6       67
  MINIMUM         43    613 AM  18    1893  37      6       33
  AVERAGE         56                        50      6       50

PRECIPITATION (IN)
  YESTERDAY        0.00          1.21 1990   0.10  -0.10     0.00
  MONTH TO DATE    3.55                      2.00   1.55     0.83
  SINCE MAR 1      4.67                      3.73   0.94     5.49
  SINCE JAN 1      8.75                      5.43   3.32     6.65

SNOWFALL (IN)
  YESTERDAY        0.0           2.0  1893   T      0.0      0.0
  MONTH TO DATE    0.8                       1.7   -0.9      1.8
  SINCE MAR 1      5.6                      10.3   -4.7     13.9
  SINCE JUL 1     54.5                      46.6    7.9     38.0
  SNOW DEPTH       0

DEGREE DAYS
 HEATING
  YESTERDAY        9                        16     -7       15
  MONTH TO DATE  388                       478    -90      456
  SINCE MAR 1   1438                      1522    -84     1267
  SINCE JUL 1   6548                      7542   -994     6445

 COOLING
  YESTERDAY        0                         0      0        0
  MONTH TO DATE    0                         0      0        4
  SINCE MAR 1      0                         0      0        4
  SINCE JAN 1      0                         0      0        4
..................................................................


WIND (MPH)
  HIGHEST WIND SPEED    14   HIGHEST WIND DIRECTION     E (100)
  HIGHEST GUST SPEED    17   HIGHEST GUST DIRECTION     E (110)
  AVERAGE WIND SPEED     5.7


SKY COVER
  POSSIBLE SUNSHINE  MM
  AVERAGE SKY COVER 0.0


WEATHER CONDITIONS
 THE FOLLOWING WEATHER WAS RECORDED YESTERDAY.
  NO SIGNIFICANT WEATHER WAS OBSERVED.


RELATIVE HUMIDITY (PERCENT)
 HIGHEST    76          1200 AM
 LOWEST     37           300 PM
 AVERAGE    57

..........................................................


THE EAU CLAIRE WI CLIMATE NORMALS FOR TODAY
                         NORMAL    RECORD    YEAR
 MAXIMUM TEMPERATURE (F)   62        88      2009
 MINIMUM TEMPERATURE (F)   38        15      1956


SUNRISE AND SUNSET
APRIL 24 2017.........SUNRISE   606 AM CDT   SUNSET   803 PM CDT
APRIL 25 2017.........SUNRISE   604 AM CDT   SUNSET   804 PM CDT


-  INDICATES NEGATIVE NUMBERS.
R  INDICATES RECORD WAS SET OR TIED.
MM INDICATES DATA IS MISSING.
T  INDICATES TRACE AMOUNT.




$$
