860
CDUS43 KMPX 012132
CLIEAU


CLIMATE REPORT
NATIONAL WEATHER SERVICE CHANHASSEN MN
432 PM CDT SUN MAY 1 2016


...................................

...THE EAU CLAIRE WI CLIMATE SUMMARY FOR MAY 1 2016...
VALID AS OF 0400 PM LOCAL TIME.

CLIMATE NORMAL PERIOD 1981 TO 2010
CLIMATE RECORD PERIOD 1893 TO 2016


WEATHER ITEM   OBSERVED TIME   RECORD YEAR NORMAL DEPARTURE LAST
                VALUE   (LST)  VALUE       VALUE  FROM      YEAR
                                                  NORMAL
..................................................................
TEMPERATURE (F)
 TODAY
  MAXIMUM         65    254 PM  91    1901  65      0       70
  MINIMUM         42    704 AM  24    1966  41      1       35
                                      1897
  AVERAGE         54                        53      1       53

PRECIPITATION (IN)
  TODAY            0.00          2.61 1973   0.11  -0.11     0.00
  MONTH TO DATE    0.00                      0.11  -0.11     0.00
  SINCE MAR 1      7.22                      4.59   2.63     3.47
  SINCE JAN 1      8.38                      6.29   2.09     4.06

SNOWFALL (IN)
  TODAY            0.0           1.8  1909   0.0    0.0      0.0
  MONTH TO DATE    0.0                       0.0    0.0      0.0
  SINCE MAR 1     13.9                      10.5    3.4      7.3
  SINCE JUL 1     38.0                      46.8   -8.8     38.1
  SNOW DEPTH       0

DEGREE DAYS
 HEATING
  TODAY           11                        12     -1       12
  MONTH TO DATE   11                        12     -1       12
  SINCE MAR 1   1399                      1632   -233     1523
  SINCE JUL 1   6577                      7652  -1075     7876

 COOLING
  TODAY            0                         0      0        0
  MONTH TO DATE    0                         0      0        0
  SINCE MAR 1      4                         4      0        0
  SINCE JAN 1      4                         4      0        0
..................................................................


WIND (MPH)
  HIGHEST WIND SPEED    17   HIGHEST WIND DIRECTION     E (70)
  HIGHEST GUST SPEED    24   HIGHEST GUST DIRECTION    NE (60)
  AVERAGE WIND SPEED     9.7


SKY COVER
  POSSIBLE SUNSHINE  MM
  AVERAGE SKY COVER 0.4


WEATHER CONDITIONS
 THE FOLLOWING WEATHER WAS RECORDED TODAY.
  NO SIGNIFICANT WEATHER WAS OBSERVED.


RELATIVE HUMIDITY (PERCENT)
 HIGHEST    70           500 AM
 LOWEST     28           300 PM
 AVERAGE    49

..........................................................


THE EAU CLAIRE WI CLIMATE NORMALS FOR TOMORROW
                         NORMAL    RECORD    YEAR
 MAXIMUM TEMPERATURE (F)   66        91      1959
 MINIMUM TEMPERATURE (F)   41        25      1961


SUNRISE AND SUNSET
MAY  1 2016...........SUNRISE   555 AM CDT   SUNSET   812 PM CDT
MAY  2 2016...........SUNRISE   553 AM CDT   SUNSET   813 PM CDT


-  INDICATES NEGATIVE NUMBERS.
R  INDICATES RECORD WAS SET OR TIED.
MM INDICATES DATA IS MISSING.
T  INDICATES TRACE AMOUNT.




$$
