000
CDUS43 KMPX 172128
CLIEAU


CLIMATE REPORT
NATIONAL WEATHER SERVICE CHANHASSEN MN
427 PM CDT SUN AUG 17 2014


...................................

...THE EAU CLAIRE WI CLIMATE SUMMARY FOR AUGUST 17 2014...
VALID AS OF 0400 PM LOCAL TIME.

CLIMATE NORMAL PERIOD 1981 TO 2010
CLIMATE RECORD PERIOD 1893 TO 2014


WEATHER ITEM   OBSERVED TIME   RECORD YEAR NORMAL DEPARTURE LAST
                VALUE   (LST)  VALUE       VALUE  FROM      YEAR
                                                  NORMAL
..................................................................
TEMPERATURE (F)
 TODAY
  MAXIMUM         76    206 PM 101    1947  80     -4       84
  MINIMUM         66    725 AM  41    1963  59      7       50
  AVERAGE         71                        70      1       67

PRECIPITATION (IN)
  TODAY            0.00          1.88 1933   0.15  -0.15     0.00
  MONTH TO DATE    3.01                      2.55   0.46     0.39
  SINCE JUN 1     15.29                     10.56   4.73     6.89
  SINCE JAN 1     29.39                     20.20   9.19    26.94

SNOWFALL (IN)
  TODAY            0.0           0.0    MM   0.0    0.0      0.0
  MONTH TO DATE    0.0                       0.0    0.0      0.0
  SINCE JUN 1      0.0                       0.0    0.0      0.0
  SINCE JUL 1      0.0                       0.0    0.0      0.0
  SNOW DEPTH       0

DEGREE DAYS
 HEATING
  TODAY            0                         1     -1        0
  MONTH TO DATE    3                        12     -9       12
  SINCE JUN 1     46                        85    -39      101
  SINCE JUL 1     21                        23     -2       38

 COOLING
  TODAY            6                         5      1        2
  MONTH TO DATE   86                        99    -13       27
  SINCE JUN 1    358                       433    -75      359
  SINCE JAN 1    393                       465    -72      391
..................................................................


WIND (MPH)
  HIGHEST WIND SPEED    15   HIGHEST WIND DIRECTION    SE (140)
  HIGHEST GUST SPEED    19   HIGHEST GUST DIRECTION    SE (150)
  AVERAGE WIND SPEED     9.4


SKY COVER
  POSSIBLE SUNSHINE  MM
  AVERAGE SKY COVER 1.0


WEATHER CONDITIONS
 THE FOLLOWING WEATHER WAS RECORDED TODAY.
  NO SIGNIFICANT WEATHER WAS OBSERVED.


RELATIVE HUMIDITY (PERCENT)
 HIGHEST    93           400 AM
 LOWEST     68           200 PM
 AVERAGE    81

..........................................................


THE EAU CLAIRE WI CLIMATE NORMALS FOR TOMORROW
                         NORMAL    RECORD    YEAR
 MAXIMUM TEMPERATURE (F)   80        96      1947
                                             1976
 MINIMUM TEMPERATURE (F)   58        41      1963


SUNRISE AND SUNSET
AUGUST 17 2014........SUNRISE   610 AM CDT   SUNSET   809 PM CDT
AUGUST 18 2014........SUNRISE   612 AM CDT   SUNSET   807 PM CDT


-  INDICATES NEGATIVE NUMBERS.
R  INDICATES RECORD WAS SET OR TIED.
MM INDICATES DATA IS MISSING.
T  INDICATES TRACE AMOUNT.




$$
