000
CDUS43 KMPX 020801
CLIEAU


CLIMATE REPORT
NATIONAL WEATHER SERVICE CHANHASSEN MN
301 AM CDT WED SEP 2 2015


...................................

...THE EAU CLAIRE WI CLIMATE SUMMARY FOR SEPTEMBER 1 2015...

CLIMATE NORMAL PERIOD 1981 TO 2010
CLIMATE RECORD PERIOD 1893 TO 2015


WEATHER ITEM   OBSERVED TIME   RECORD YEAR NORMAL DEPARTURE LAST
                VALUE   (LST)  VALUE       VALUE  FROM      YEAR
                                                  NORMAL
..................................................................
TEMPERATURE (F)
 YESTERDAY
  MAXIMUM         87    230 PM  99    1937  77     10       77
  MINIMUM         67    557 AM  35    1974  55     12       59
                                      1895
  AVERAGE         77                        66     11       68

PRECIPITATION (IN)
  YESTERDAY        0.00          3.00 2002   0.13  -0.13     1.22
  MONTH TO DATE    0.00                      0.13  -0.13     1.22
  SINCE SEP 1      0.00                      0.13  -0.13     1.22
  SINCE JAN 1     27.56                     22.25   5.31    33.89

SNOWFALL (IN)
  YESTERDAY        0.0           0.0    MM   0.0    0.0      0.0
  MONTH TO DATE    0.0                       0.0    0.0      0.0
  SINCE SEP 1      0.0                       0.0    0.0      0.0
  SINCE JUL 1      0.0                       0.0    0.0      0.0
  SNOW DEPTH       0

DEGREE DAYS
 HEATING
  YESTERDAY        0                         2     -2        0
  MONTH TO DATE    0                         2     -2        0
  SINCE SEP 1      0                         2     -2        0
  SINCE JUL 1     55                        41     14       23

 COOLING
  YESTERDAY       12                         3      9        3
  MONTH TO DATE   12                         3      9        3
  SINCE SEP 1     12                         3      9        3
  SINCE JAN 1    414                       530   -116      481
..................................................................


WIND (MPH)
  HIGHEST WIND SPEED    13   HIGHEST WIND DIRECTION     S (180)
  HIGHEST GUST SPEED    15   HIGHEST GUST DIRECTION     S (180)
  AVERAGE WIND SPEED     4.6


SKY COVER
  POSSIBLE SUNSHINE  MM
  AVERAGE SKY COVER 0.2


WEATHER CONDITIONS
 THE FOLLOWING WEATHER WAS RECORDED YESTERDAY.
  FOG
  FOG W/VISIBILITY <= 1/4 MILE
  HAZE


RELATIVE HUMIDITY (PERCENT)
 HIGHEST   100           700 AM
 LOWEST     57           100 PM
 AVERAGE    79

..........................................................


THE EAU CLAIRE WI CLIMATE NORMALS FOR TODAY
                         NORMAL    RECORD    YEAR
 MAXIMUM TEMPERATURE (F)   77       100      1937
 MINIMUM TEMPERATURE (F)   55        37      1909


SUNRISE AND SUNSET
SEPTEMBER  2 2015.....SUNRISE   629 AM CDT   SUNSET   741 PM CDT
SEPTEMBER  3 2015.....SUNRISE   630 AM CDT   SUNSET   740 PM CDT


-  INDICATES NEGATIVE NUMBERS.
R  INDICATES RECORD WAS SET OR TIED.
MM INDICATES DATA IS MISSING.
T  INDICATES TRACE AMOUNT.




$$
