000
CDUS43 KMPX 230028
CLIEAU


CLIMATE REPORT
NATIONAL WEATHER SERVICE CHANHASSEN MN
628 PM CST SAT NOV 22 2014


...................................

...THE EAU CLAIRE WI CLIMATE SUMMARY FOR NOVEMBER 22 2014...
VALID TODAY AS OF 0600 PM LOCAL TIME.

CLIMATE NORMAL PERIOD 1981 TO 2010
CLIMATE RECORD PERIOD 1893 TO 2014


WEATHER ITEM   OBSERVED TIME   RECORD YEAR NORMAL DEPARTURE LAST
                VALUE   (LST)  VALUE       VALUE  FROM      YEAR
                                                  NORMAL
..................................................................
TEMPERATURE (F)
 TODAY
  MAXIMUM         37    224 PM  62    2012  37      0       29
  MINIMUM         32   1259 AM  -6    1921  21     11       16
  AVERAGE         35                        29      6       23

PRECIPITATION (IN)
  TODAY            0.00          0.90 1963   0.06  -0.06     0.03
  MONTH TO DATE    1.20                      1.39  -0.19     1.32
  SINCE SEP 1      9.09                      7.41   1.68     6.73
  SINCE JAN 1     41.76                     29.53  12.23    34.37

SNOWFALL (IN)
  TODAY            0.0           4.0  1996   0.3   -0.3      0.5
  MONTH TO DATE    9.4                       3.7    5.7      2.1
  SINCE SEP 1     10.0                       4.1    5.9      2.1
  SINCE JUL 1     10.0                       4.1    5.9      2.1
  SNOW DEPTH       6

DEGREE DAYS
 HEATING
  TODAY           30                        36     -6       42
  MONTH TO DATE  859                       656    203      670
  SINCE SEP 1   1612                      1401    211     1350
  SINCE JUL 1   1635                      1440    195     1388

 COOLING
  TODAY            0                         0      0        0
  MONTH TO DATE    0                         0      0        0
  SINCE SEP 1     22                        52    -30       87
  SINCE JAN 1    500                       579    -79      653
..................................................................


WIND (MPH)
  HIGHEST WIND SPEED    17   HIGHEST WIND DIRECTION     S (200)
  HIGHEST GUST SPEED    22   HIGHEST GUST DIRECTION     S (200)
  AVERAGE WIND SPEED     9.6


SKY COVER
  POSSIBLE SUNSHINE  MM
  AVERAGE SKY COVER 1.0


WEATHER CONDITIONS
 THE FOLLOWING WEATHER WAS RECORDED TODAY.
  FOG


RELATIVE HUMIDITY (PERCENT)
 HIGHEST   100           300 PM
 LOWEST     72          1200 AM
 AVERAGE    86

..........................................................


THE EAU CLAIRE WI CLIMATE NORMALS FOR TOMORROW
                         NORMAL    RECORD    YEAR
 MAXIMUM TEMPERATURE (F)   37        59      2001
 MINIMUM TEMPERATURE (F)   21        -9      1956


SUNRISE AND SUNSET
NOVEMBER 22 2014......SUNRISE   712 AM CST   SUNSET   431 PM CST
NOVEMBER 23 2014......SUNRISE   714 AM CST   SUNSET   431 PM CST


-  INDICATES NEGATIVE NUMBERS.
R  INDICATES RECORD WAS SET OR TIED.
MM INDICATES DATA IS MISSING.
T  INDICATES TRACE AMOUNT.




$$
