664
CDUS43 KMPX 122134
CLIEAU


CLIMATE REPORT
NATIONAL WEATHER SERVICE CHANHASSEN MN
434 PM CDT TUE MAY 12 2015


...................................

...THE EAU CLAIRE WI CLIMATE SUMMARY FOR MAY 12 2015...
VALID AS OF 0400 PM LOCAL TIME.

CLIMATE NORMAL PERIOD 1981 TO 2010
CLIMATE RECORD PERIOD 1893 TO 2015


WEATHER ITEM   OBSERVED TIME   RECORD YEAR NORMAL DEPARTURE LAST
                VALUE   (LST)  VALUE       VALUE  FROM      YEAR
                                                  NORMAL
..................................................................
TEMPERATURE (F)
 TODAY
  MAXIMUM         53    259 PM  92    1900  69    -16       75
  MINIMUM         40    604 AM  26    1967  44     -4       50
  AVERAGE         47                        56     -9       63

PRECIPITATION (IN)
  TODAY            T             1.86 1963   0.11  -0.11     0.71
  MONTH TO DATE    1.76                      1.29   0.47     1.73
  SINCE MAR 1      5.23                      5.77  -0.54     8.55
  SINCE JAN 1      5.82                      7.47  -1.65    11.75

SNOWFALL (IN)
  TODAY            0.0           2.0  1946   0.0    0.0      0.0
  MONTH TO DATE    0.0                       0.2   -0.2      0.0
  SINCE MAR 1      7.3                      10.7   -3.4     13.1
  SINCE JUL 1     38.1                      47.0   -8.9     74.8
  SNOW DEPTH       0

DEGREE DAYS
 HEATING
  TODAY           18                         9      9        2
  MONTH TO DATE   87                       128    -41      129
  SINCE MAR 1   1598                      1748   -150     2123
  SINCE JUL 1   7951                      7769    182     9015

 COOLING
  TODAY            0                         1     -1        0
  MONTH TO DATE    9                         6      3        0
  SINCE MAR 1      9                        10     -1        0
  SINCE JAN 1      9                        10     -1        0
..................................................................


WIND (MPH)
  HIGHEST WIND SPEED    23   HIGHEST WIND DIRECTION     W (290)
  HIGHEST GUST SPEED    28   HIGHEST GUST DIRECTION    NW (300)
  AVERAGE WIND SPEED    12.4


SKY COVER
  POSSIBLE SUNSHINE  MM
  AVERAGE SKY COVER 1.0


WEATHER CONDITIONS
 THE FOLLOWING WEATHER WAS RECORDED TODAY.
  LIGHT RAIN
  FOG


RELATIVE HUMIDITY (PERCENT)
 HIGHEST   100           200 AM
 LOWEST     48           200 PM
 AVERAGE    74

..........................................................


THE EAU CLAIRE WI CLIMATE NORMALS FOR TOMORROW
                         NORMAL    RECORD    YEAR
 MAXIMUM TEMPERATURE (F)   69        90      1900
 MINIMUM TEMPERATURE (F)   45        26      1953


SUNRISE AND SUNSET
MAY 12 2015...........SUNRISE   541 AM CDT   SUNSET   824 PM CDT
MAY 13 2015...........SUNRISE   540 AM CDT   SUNSET   825 PM CDT


-  INDICATES NEGATIVE NUMBERS.
R  INDICATES RECORD WAS SET OR TIED.
MM INDICATES DATA IS MISSING.
T  INDICATES TRACE AMOUNT.




$$
