606
CDUS43 KMPX 060932
CLIEAU


CLIMATE REPORT
NATIONAL WEATHER SERVICE CHANHASSEN MN
331 AM CST SAT FEB 6 2016


...................................

...THE EAU CLAIRE WI CLIMATE SUMMARY FOR FEBRUARY 5 2016...

CLIMATE NORMAL PERIOD 1981 TO 2010
CLIMATE RECORD PERIOD 1893 TO 2016


WEATHER ITEM   OBSERVED TIME   RECORD YEAR NORMAL DEPARTURE LAST
                VALUE   (LST)  VALUE       VALUE  FROM      YEAR
                                                  NORMAL
..................................................................
TEMPERATURE (F)
 YESTERDAY
  MAXIMUM         24   1138 PM  51    2005  26     -2       16
  MINIMUM          2    803 AM -34    1895   7     -5       -7
  AVERAGE         13                        16     -3        5

PRECIPITATION (IN)
  YESTERDAY        T             1.10 1946   0.03  -0.03     0.00
  MONTH TO DATE    0.41                      0.14   0.27     0.03
  SINCE DEC 1      4.67                      2.03   2.64     1.08
  SINCE JAN 1      0.83                      1.03  -0.20     0.40

SNOWFALL (IN)
  YESTERDAY        T             7.0  1908   0.3   -0.3      0.0
  MONTH TO DATE    6.1                       1.6    4.5      1.3
  SINCE DEC 1     20.7                      24.3   -3.6     14.0
  SINCE JUL 1     22.1                      30.6   -8.5     28.2
  SNOW DEPTH       7

DEGREE DAYS
 HEATING
  YESTERDAY       52                        49      3       60
  MONTH TO DATE  238                       246     -8      289
  SINCE DEC 1   2807                      3244   -437     3082
  SINCE JUL 1   4169                      4990   -821     5054

 COOLING
  YESTERDAY        0                         0      0        0
  MONTH TO DATE    0                         0      0        0
  SINCE DEC 1      0                         0      0        0
  SINCE JAN 1      0                         0      0        0
..................................................................


WIND (MPH)
  HIGHEST WIND SPEED    13   HIGHEST WIND DIRECTION    SW (220)
  HIGHEST GUST SPEED    16   HIGHEST GUST DIRECTION    SW (230)
  AVERAGE WIND SPEED     5.1


SKY COVER
  POSSIBLE SUNSHINE  MM
  AVERAGE SKY COVER 0.4


WEATHER CONDITIONS
 THE FOLLOWING WEATHER WAS RECORDED YESTERDAY.
  LIGHT SNOW
  FOG
  HAZE


RELATIVE HUMIDITY (PERCENT)
 HIGHEST   100          1000 AM
 LOWEST     60           300 PM
 AVERAGE    80

..........................................................


THE EAU CLAIRE WI CLIMATE NORMALS FOR TODAY
                         NORMAL    RECORD    YEAR
 MAXIMUM TEMPERATURE (F)   26        48      1925
 MINIMUM TEMPERATURE (F)    7       -29      1899


SUNRISE AND SUNSET
FEBRUARY  6 2016......SUNRISE   720 AM CST   SUNSET   521 PM CST
FEBRUARY  7 2016......SUNRISE   718 AM CST   SUNSET   522 PM CST


-  INDICATES NEGATIVE NUMBERS.
R  INDICATES RECORD WAS SET OR TIED.
MM INDICATES DATA IS MISSING.
T  INDICATES TRACE AMOUNT.




$$
