000
CDUS43 KMPX 150625
CLIEAU


CLIMATE REPORT
NATIONAL WEATHER SERVICE CHANHASSEN MN
125 AM CDT THU JUN 15 2017


...................................

...THE EAU CLAIRE WI CLIMATE SUMMARY FOR JUNE 14 2017...

CLIMATE NORMAL PERIOD 1981 TO 2010
CLIMATE RECORD PERIOD 1893 TO 2017


WEATHER ITEM   OBSERVED TIME   RECORD YEAR NORMAL DEPARTURE LAST
                VALUE   (LST)  VALUE       VALUE  FROM      YEAR
                                                  NORMAL
..................................................................
TEMPERATURE (F)
 YESTERDAY
  MAXIMUM         80    514 PM  98    1987  78      2       80
  MINIMUM         64   1158 PM  40    1958  55      9       62
  AVERAGE         72                        67      5       71

PRECIPITATION (IN)
  YESTERDAY        0.02          2.47 1938   0.14  -0.12     1.00
  MONTH TO DATE    2.20                      1.91   0.29     3.20
  SINCE JUN 1      2.20                      1.91   0.29     3.20
  SINCE JAN 1     16.70                     11.55   5.15    15.39

SNOWFALL (IN)
  YESTERDAY        0.0           0.0    MM   0.0    0.0      0.0
  MONTH TO DATE    0.0                       0.0    0.0      0.0
  SINCE JUN 1      0.0                       0.0    0.0      0.0
  SINCE JUL 1     54.5                      46.8    7.7     38.0
  SNOW DEPTH       0

DEGREE DAYS
 HEATING
  YESTERDAY        0                         2     -2        0
  MONTH TO DATE    7                        43    -36       29
  SINCE JUN 1      7                        43    -36       29
  SINCE JUL 1   6976                      7940   -964     6840

 COOLING
  YESTERDAY        7                         4      3        6
  MONTH TO DATE   80                        37     43       40
  SINCE JUN 1     80                        37     43       40
  SINCE JAN 1     88                        69     19       80
..................................................................


WIND (MPH)
  HIGHEST WIND SPEED    26   HIGHEST WIND DIRECTION     W (290)
  HIGHEST GUST SPEED    35   HIGHEST GUST DIRECTION     W (290)
  AVERAGE WIND SPEED     7.5


SKY COVER
  POSSIBLE SUNSHINE  MM
  AVERAGE SKY COVER 0.2


WEATHER CONDITIONS
 THE FOLLOWING WEATHER WAS RECORDED YESTERDAY.
  THUNDERSTORM
  LIGHT RAIN


RELATIVE HUMIDITY (PERCENT)
 HIGHEST    93           600 AM
 LOWEST     58          1000 AM
 AVERAGE    76

..........................................................


THE EAU CLAIRE WI CLIMATE NORMALS FOR TODAY
                         NORMAL    RECORD    YEAR
 MAXIMUM TEMPERATURE (F)   79        96      1913
                                             1897
 MINIMUM TEMPERATURE (F)   55        36      1989


SUNRISE AND SUNSET
JUNE 15 2017..........SUNRISE   519 AM CDT   SUNSET   854 PM CDT
JUNE 16 2017..........SUNRISE   519 AM CDT   SUNSET   854 PM CDT


-  INDICATES NEGATIVE NUMBERS.
R  INDICATES RECORD WAS SET OR TIED.
MM INDICATES DATA IS MISSING.
T  INDICATES TRACE AMOUNT.




$$
