283
CDUS43 KMPX 010730
CLIEAU


CLIMATE REPORT
NATIONAL WEATHER SERVICE CHANHASSEN MN
130 AM CST MON FEB 1 2016


...................................

...THE EAU CLAIRE WI CLIMATE SUMMARY FOR JANUARY 31 2016...

CLIMATE NORMAL PERIOD 1981 TO 2010
CLIMATE RECORD PERIOD 1893 TO 2016


WEATHER ITEM   OBSERVED TIME   RECORD YEAR NORMAL DEPARTURE LAST
                VALUE   (LST)  VALUE       VALUE  FROM      YEAR
                                                  NORMAL
..................................................................
TEMPERATURE (F)
 YESTERDAY
  MAXIMUM         40    258 PM  47    1952  25     15       28
  MINIMUM         26   1131 PM -33    1899   6     20       19
  AVERAGE         33                        15     18       24

PRECIPITATION (IN)
  YESTERDAY        0.00          0.70 1917   0.03  -0.03     0.00
  MONTH TO DATE    0.44                      0.89  -0.45     0.37
  SINCE DEC 1      4.28                      1.89   2.39     1.05
  SINCE JAN 1      0.44                      0.89  -0.45     0.37

SNOWFALL (IN)
  YESTERDAY        0.0           7.0  1917   0.4   -0.4      0.0
  MONTH TO DATE    5.2                      13.2   -8.0      6.4
  SINCE DEC 1     14.6                      22.7   -8.1     12.7
  SINCE JUL 1     16.0                      29.0  -13.0     26.9
  SNOW DEPTH       5

DEGREE DAYS
 HEATING
  YESTERDAY       32                        50    -18       41
  MONTH TO DATE 1515                      1570    -55     1513
  SINCE DEC 1   2569                      2998   -429     2793
  SINCE JUL 1   3931                      4744   -813     4765

 COOLING
  YESTERDAY        0                         0      0        0
  MONTH TO DATE    0                         0      0        0
  SINCE DEC 1      0                         0      0        0
  SINCE JAN 1      0                         0      0        0
..................................................................


WIND (MPH)
  HIGHEST WIND SPEED    10   HIGHEST WIND DIRECTION    NW (320)
  HIGHEST GUST SPEED    14   HIGHEST GUST DIRECTION    NW (310)
  AVERAGE WIND SPEED     4.9


SKY COVER
  POSSIBLE SUNSHINE  MM
  AVERAGE SKY COVER 0.6


WEATHER CONDITIONS
 THE FOLLOWING WEATHER WAS RECORDED YESTERDAY.
  NO SIGNIFICANT WEATHER WAS OBSERVED.


RELATIVE HUMIDITY (PERCENT)
 HIGHEST    92          1000 PM
 LOWEST     59           300 PM
 AVERAGE    76

..........................................................


THE EAU CLAIRE WI CLIMATE NORMALS FOR TODAY
                         NORMAL    RECORD    YEAR
 MAXIMUM TEMPERATURE (F)   25        49      1931
 MINIMUM TEMPERATURE (F)    6       -32      1918


SUNRISE AND SUNSET
FEBRUARY  1 2016......SUNRISE   726 AM CST   SUNSET   514 PM CST
FEBRUARY  2 2016......SUNRISE   725 AM CST   SUNSET   515 PM CST


-  INDICATES NEGATIVE NUMBERS.
R  INDICATES RECORD WAS SET OR TIED.
MM INDICATES DATA IS MISSING.
T  INDICATES TRACE AMOUNT.




$$
