000
CDUS43 KMPX 250631
CLIEAU


CLIMATE REPORT
NATIONAL WEATHER SERVICE CHANHASSEN MN
128 AM CDT THU JUN 25 2015


...................................

...THE EAU CLAIRE WI CLIMATE SUMMARY FOR JUNE 24 2015...

CLIMATE NORMAL PERIOD 1981 TO 2010
CLIMATE RECORD PERIOD 1893 TO 2015


WEATHER ITEM   OBSERVED TIME   RECORD YEAR NORMAL DEPARTURE LAST
                VALUE   (LST)  VALUE       VALUE  FROM      YEAR
                                                  NORMAL
..................................................................
TEMPERATURE (F)
 YESTERDAY
  MAXIMUM         79    159 PM  97    1937  81     -2       84
  MINIMUM         57    338 AM  43    1972  58     -1       60
                                      1979
  AVERAGE         68                        70     -2       72

PRECIPITATION (IN)
  YESTERDAY        0.00          1.25 1998   0.14  -0.14      T
  MONTH TO DATE    3.56                      3.32   0.24     6.53
  SINCE JUN 1      3.56                      3.32   0.24     6.53
  SINCE JAN 1     13.01                     12.96   0.05    20.63

SNOWFALL (IN)
  YESTERDAY        0.0           0.0    MM   0.0    0.0      0.0
  MONTH TO DATE    0.0                       0.0    0.0      0.0
  SINCE JUN 1      0.0                       0.0    0.0      0.0
  SINCE JUL 1     38.1                      46.8   -8.7     74.8
  SNOW DEPTH       0

DEGREE DAYS
 HEATING
  YESTERDAY        0                         1     -1        0
  MONTH TO DATE   27                        56    -29       25
  SINCE JUN 1     27                        56    -29       25
  SINCE JUL 1   8133                      7954    179     9167

 COOLING
  YESTERDAY        3                         6     -3        7
  MONTH TO DATE   66                        84    -18       89
  SINCE JUN 1     66                        84    -18       89
  SINCE JAN 1     84                       116    -32      124
..................................................................


WIND (MPH)
  HIGHEST WIND SPEED    13   HIGHEST WIND DIRECTION    SW (210)
  HIGHEST GUST SPEED    16   HIGHEST GUST DIRECTION     S (180)
  AVERAGE WIND SPEED     4.2


SKY COVER
  POSSIBLE SUNSHINE  MM
  AVERAGE SKY COVER 0.0


WEATHER CONDITIONS
 THE FOLLOWING WEATHER WAS RECORDED YESTERDAY.
  NO SIGNIFICANT WEATHER WAS OBSERVED.


RELATIVE HUMIDITY (PERCENT)
 HIGHEST    93          1000 PM
 LOWEST     45          1100 AM
 AVERAGE    69

..........................................................


THE EAU CLAIRE WI CLIMATE NORMALS FOR TODAY
                         NORMAL    RECORD    YEAR
 MAXIMUM TEMPERATURE (F)   81        95      1900
                                             1941
                                             1966
 MINIMUM TEMPERATURE (F)   58        42      1957


SUNRISE AND SUNSET
JUNE 25 2015..........SUNRISE   521 AM CDT   SUNSET   856 PM CDT
JUNE 26 2015..........SUNRISE   521 AM CDT   SUNSET   856 PM CDT


-  INDICATES NEGATIVE NUMBERS.
R  INDICATES RECORD WAS SET OR TIED.
MM INDICATES DATA IS MISSING.
T  INDICATES TRACE AMOUNT.




$$
