000
CDUS43 KMPX 260626
CLIEAU


CLIMATE REPORT
NATIONAL WEATHER SERVICE CHANHASSEN MN
125 AM CDT FRI AUG 26 2016


...................................

...THE EAU CLAIRE WI CLIMATE SUMMARY FOR AUGUST 25 2016...

CLIMATE NORMAL PERIOD 1981 TO 2010
CLIMATE RECORD PERIOD 1893 TO 2016


WEATHER ITEM   OBSERVED TIME   RECORD YEAR NORMAL DEPARTURE LAST
                VALUE   (LST)  VALUE       VALUE  FROM      YEAR
                                                  NORMAL
..................................................................
TEMPERATURE (F)
 YESTERDAY
  MAXIMUM         78   1256 PM  99    1948  79     -1       67
  MINIMUM         56   1108 PM  40    2008  57     -1       51
                                      1958
  AVERAGE         67                        68     -1       59

PRECIPITATION (IN)
  YESTERDAY        0.00          1.61 1932   0.13  -0.13     0.00
  MONTH TO DATE    4.76                      3.68   1.08     7.07
  SINCE JUN 1     14.56                     11.69   2.87    17.99
  SINCE JAN 1     26.75                     21.33   5.42    27.44

SNOWFALL (IN)
  YESTERDAY        0.0           0.0    MM   0.0    0.0      0.0
  MONTH TO DATE    0.0                       0.0    0.0      0.0
  SINCE JUN 1      0.0                       0.0    0.0      0.0
  SINCE JUL 1      0.0                       0.0    0.0      0.0
  SNOW DEPTH       0

DEGREE DAYS
 HEATING
  YESTERDAY        0                         1     -1        6
  MONTH TO DATE    3                        20    -17       26
  SINCE JUN 1     39                        93    -54       70
  SINCE JUL 1      7                        31    -24       42

 COOLING
  YESTERDAY        2                         4     -2        0
  MONTH TO DATE  177                       137     40      116
  SINCE JUN 1    524                       471     53      378
  SINCE JAN 1    564                       503     61      396
..................................................................


WIND (MPH)
  HIGHEST WIND SPEED    20   HIGHEST WIND DIRECTION     W (270)
  HIGHEST GUST SPEED    26   HIGHEST GUST DIRECTION    SW (240)
  AVERAGE WIND SPEED     7.7


SKY COVER
  POSSIBLE SUNSHINE  MM
  AVERAGE SKY COVER 0.0


WEATHER CONDITIONS
 THE FOLLOWING WEATHER WAS RECORDED YESTERDAY.
  NO SIGNIFICANT WEATHER WAS OBSERVED.


RELATIVE HUMIDITY (PERCENT)
 HIGHEST    97           500 AM
 LOWEST     47           200 PM
 AVERAGE    72

..........................................................


THE EAU CLAIRE WI CLIMATE NORMALS FOR TODAY
                         NORMAL    RECORD    YEAR
 MAXIMUM TEMPERATURE (F)   79        97      1948
 MINIMUM TEMPERATURE (F)   57        40      1964
                                             1896


SUNRISE AND SUNSET
AUGUST 26 2016........SUNRISE   622 AM CDT   SUNSET   753 PM CDT
AUGUST 27 2016........SUNRISE   623 AM CDT   SUNSET   751 PM CDT


-  INDICATES NEGATIVE NUMBERS.
R  INDICATES RECORD WAS SET OR TIED.
MM INDICATES DATA IS MISSING.
T  INDICATES TRACE AMOUNT.




$$
