000
CDUS43 KMPX 150944
CLIEAU


CLIMATE REPORT
NATIONAL WEATHER SERVICE CHANHASSEN MN
444 AM CDT TUE APR 15 2014


...................................

...THE EAU CLAIRE WI CLIMATE SUMMARY FOR APRIL 14 2014...

CLIMATE NORMAL PERIOD 1981 TO 2010
CLIMATE RECORD PERIOD 1893 TO 2014


WEATHER ITEM   OBSERVED TIME   RECORD YEAR NORMAL DEPARTURE LAST
                VALUE   (LST)  VALUE       VALUE  FROM      YEAR
                                                  NORMAL
..................................................................
TEMPERATURE (F)
 YESTERDAY
  MAXIMUM         36    417 PM  90    2003  57    -21       36
  MINIMUM         23   1159 PM  16    1907  34    -11       20
  AVERAGE         30                        45    -15       28

PRECIPITATION (IN)
  YESTERDAY        0.09          2.20 1911   0.09   0.00     1.28
  MONTH TO DATE    2.40                      1.16   1.24     3.55
  SINCE MAR 1      3.13                      2.89   0.24     6.37
  SINCE JAN 1      6.33                      4.59   1.74     8.94

SNOWFALL (IN)
  YESTERDAY        1.5           6.0  1928   0.1    1.4      1.0
  MONTH TO DATE    9.1                       1.3    7.8      7.1
  SINCE MAR 1     13.1                       9.9    3.2     30.8
  SINCE JUL 1     74.8                      46.2   28.6     73.3
  SNOW DEPTH       1

DEGREE DAYS
 HEATING
  YESTERDAY       35                        20     15       37
  MONTH TO DATE  359                       322     37      453
  SINCE MAR 1   1643                      1366    277     1722
  SINCE JUL 1   8535                      7387   1148     7581

 COOLING
  YESTERDAY        0                         0      0        0
  MONTH TO DATE    0                         0      0        0
  SINCE MAR 1      0                         0      0        0
  SINCE JAN 1      0                         0      0        0
..................................................................


WIND (MPH)
  HIGHEST WIND SPEED    21   HIGHEST WIND DIRECTION    NW (320)
  HIGHEST GUST SPEED    30   HIGHEST GUST DIRECTION     N (360)
  AVERAGE WIND SPEED    11.7


SKY COVER
  POSSIBLE SUNSHINE  MM
  AVERAGE SKY COVER 0.8


WEATHER CONDITIONS
 THE FOLLOWING WEATHER WAS RECORDED YESTERDAY.
  LIGHT SNOW
  FOG


RELATIVE HUMIDITY (PERCENT)
 HIGHEST   100          1200 AM
 LOWEST     32           400 PM
 AVERAGE    66

..........................................................


THE EAU CLAIRE WI CLIMATE NORMALS FOR TODAY
                         NORMAL    RECORD    YEAR
 MAXIMUM TEMPERATURE (F)   58        91      2002
 MINIMUM TEMPERATURE (F)   34        10      1928


SUNRISE AND SUNSET
APRIL 15 2014.........SUNRISE   621 AM CDT   SUNSET   751 PM CDT
APRIL 16 2014.........SUNRISE   620 AM CDT   SUNSET   753 PM CDT


-  INDICATES NEGATIVE NUMBERS.
R  INDICATES RECORD WAS SET OR TIED.
MM INDICATES DATA IS MISSING.
T  INDICATES TRACE AMOUNT.




$$
