000
CDUS43 KMPX 140043
CLIEAU


CLIMATE REPORT
NATIONAL WEATHER SERVICE CHANHASSEN MN
743 PM CDT TUE JUN 13 2017


...................................

...THE EAU CLAIRE WI CLIMATE SUMMARY FOR JUNE 13 2017...
VALID TODAY AS OF 0700 PM LOCAL TIME.

CLIMATE NORMAL PERIOD 1981 TO 2010
CLIMATE RECORD PERIOD 1893 TO 2017


WEATHER ITEM   OBSERVED TIME   RECORD YEAR NORMAL DEPARTURE LAST
                VALUE   (LST)  VALUE       VALUE  FROM      YEAR
                                                  NORMAL
..................................................................
TEMPERATURE (F)
 TODAY
  MAXIMUM         86    417 PM  97    1987  78      8       76
                                      1956
  MINIMUM         62    338 AM  37    1969  55      7       54
  AVERAGE         74                        66      8       65

PRECIPITATION (IN)
  TODAY            0.03          1.52 1899   0.15  -0.12     0.82
  MONTH TO DATE    2.18                      1.77   0.41     2.20
  SINCE JUN 1      2.18                      1.77   0.41     2.20
  SINCE JAN 1     16.68                     11.41   5.27    14.39

SNOWFALL (IN)
  TODAY            0.0           0.0    MM   0.0    0.0      0.0
  MONTH TO DATE    0.0                       0.0    0.0      0.0
  SINCE JUN 1      0.0                       0.0    0.0      0.0
  SINCE JUL 1     54.5                      46.8    7.7     38.0
  SNOW DEPTH       0

DEGREE DAYS
 HEATING
  TODAY            0                         2     -2        0
  MONTH TO DATE    7                        41    -34       29
  SINCE JUN 1      7                        41    -34       29
  SINCE JUL 1   6976                      7938   -962     6840

 COOLING
  TODAY            9                         4      5        0
  MONTH TO DATE   73                        33     40       34
  SINCE JUN 1     73                        33     40       34
  SINCE JAN 1     81                        65     16       74
..................................................................


WIND (MPH)
  HIGHEST WIND SPEED    22   HIGHEST WIND DIRECTION    SE (130)
  HIGHEST GUST SPEED    29   HIGHEST GUST DIRECTION    SE (150)
  AVERAGE WIND SPEED    11.0


SKY COVER
  POSSIBLE SUNSHINE  MM
  AVERAGE SKY COVER 0.6


WEATHER CONDITIONS
 THE FOLLOWING WEATHER WAS RECORDED TODAY.
  THUNDERSTORM
  LIGHT RAIN
  FOG
  FOG W/VISIBILITY <= 1/4 MILE


RELATIVE HUMIDITY (PERCENT)
 HIGHEST   100          1200 AM
 LOWEST     59           500 PM
 AVERAGE    80

..........................................................


THE EAU CLAIRE WI CLIMATE NORMALS FOR TOMORROW
                         NORMAL    RECORD    YEAR
 MAXIMUM TEMPERATURE (F)   78        98      1987
 MINIMUM TEMPERATURE (F)   55        40      1958


SUNRISE AND SUNSET
JUNE 13 2017..........SUNRISE   519 AM CDT   SUNSET   853 PM CDT
JUNE 14 2017..........SUNRISE   519 AM CDT   SUNSET   854 PM CDT


-  INDICATES NEGATIVE NUMBERS.
R  INDICATES RECORD WAS SET OR TIED.
MM INDICATES DATA IS MISSING.
T  INDICATES TRACE AMOUNT.




$$
