000
CDUS43 KMPX 302240
CLIEAU


CLIMATE REPORT
NATIONAL WEATHER SERVICE CHANHASSEN MN
439 PM CST WED NOV 30 2016


...................................

...THE EAU CLAIRE WI CLIMATE SUMMARY FOR NOVEMBER 30 2016...
VALID AS OF 0400 PM LOCAL TIME.

CLIMATE NORMAL PERIOD 1981 TO 2010
CLIMATE RECORD PERIOD 1893 TO 2016


WEATHER ITEM   OBSERVED TIME   RECORD YEAR NORMAL DEPARTURE LAST
                VALUE   (LST)  VALUE       VALUE  FROM      YEAR
                                                  NORMAL
..................................................................
TEMPERATURE (F)
 TODAY
  MAXIMUM         38    323 PM  60    1998  33      5       39
  MINIMUM         36    913 AM -18    1964  17     19       32
  AVERAGE         37                        25     12       36

PRECIPITATION (IN)
  TODAY            0.06          0.60 1934   0.05   0.01     0.21
  MONTH TO DATE    1.19                      1.84  -0.65     2.81
  SINCE SEP 1     12.11                      7.86   4.25    11.03
  SINCE JAN 1     38.94                     29.98   8.96    38.59

SNOWFALL (IN)
  TODAY           MM             7.0  1934   0.3   MM        0.2
  MONTH TO DATE    1.7                       5.9   -4.2      0.5
  SINCE SEP 1      1.7                       6.3   -4.6      1.4
  SINCE JUL 1      1.7                       6.3   -4.6      1.4
  SNOW DEPTH       0

DEGREE DAYS
 HEATING
  TODAY           28                        40    -12       29
  MONTH TO DATE  692                       962   -270      740
  SINCE SEP 1   1199                      1707   -508     1307
  SINCE JUL 1   1209                      1746   -537     1362

 COOLING
  TODAY            0                         0      0        0
  MONTH TO DATE    0                         0      0        0
  SINCE SEP 1     41                        52    -11      118
  SINCE JAN 1    624                       579     45      520
..................................................................


WIND (MPH)
  HIGHEST WIND SPEED     9   HIGHEST WIND DIRECTION     S (160)
  HIGHEST GUST SPEED    11   HIGHEST GUST DIRECTION     S (160)
  AVERAGE WIND SPEED     4.9


SKY COVER
  POSSIBLE SUNSHINE  MM
  AVERAGE SKY COVER 1.0


WEATHER CONDITIONS
 THE FOLLOWING WEATHER WAS RECORDED TODAY.
  LIGHT RAIN
  FOG


RELATIVE HUMIDITY (PERCENT)
 HIGHEST   100           800 AM
 LOWEST     76          1200 AM
 AVERAGE    88

..........................................................


THE EAU CLAIRE WI CLIMATE NORMALS FOR TOMORROW
                         NORMAL    RECORD    YEAR
 MAXIMUM TEMPERATURE (F)   33        63      1998
 MINIMUM TEMPERATURE (F)   16       -18      1893


SUNRISE AND SUNSET
NOVEMBER 30 2016......SUNRISE   723 AM CST   SUNSET   426 PM CST
DECEMBER  1 2016......SUNRISE   724 AM CST   SUNSET   426 PM CST


-  INDICATES NEGATIVE NUMBERS.
R  INDICATES RECORD WAS SET OR TIED.
MM INDICATES DATA IS MISSING.
T  INDICATES TRACE AMOUNT.




$$
