000
CDUS43 KMPX 130051
CLIEAU


CLIMATE REPORT
NATIONAL WEATHER SERVICE CHANHASSEN MN
750 PM CDT SUN MAR 12 2017


...................................

...THE EAU CLAIRE WI CLIMATE SUMMARY FOR MARCH 12 2017...
VALID TODAY AS OF 0700 PM LOCAL TIME.

CLIMATE NORMAL PERIOD 1981 TO 2010
CLIMATE RECORD PERIOD 1893 TO 2017


WEATHER ITEM   OBSERVED TIME   RECORD YEAR NORMAL DEPARTURE LAST
                VALUE   (LST)  VALUE       VALUE  FROM      YEAR
                                                  NORMAL
..................................................................
TEMPERATURE (F)
 TODAY
  MAXIMUM         25    402 PM  67    2016  39    -14       67
                                      1990
  MINIMUM          6    536 AM -11    1956  20    -14       36
  AVERAGE         16                        30    -14       52

PRECIPITATION (IN)
  TODAY            T             0.60 1901   0.05  -0.05     0.00
  MONTH TO DATE    0.61                      0.52   0.09     0.11
  SINCE MAR 1      0.61                      0.52   0.09     0.11
  SINCE JAN 1      4.69                      2.22   2.47     1.27

SNOWFALL (IN)
  TODAY           MM             6.0  1901   0.3   MM        0.0
  MONTH TO DATE    2.4                       3.8   -1.4      1.5
  SINCE MAR 1      2.4                       3.8   -1.4      1.5
  SINCE JUL 1     51.3                      40.1   11.2     25.6
  SNOW DEPTH      MM

DEGREE DAYS
 HEATING
  TODAY           49                        36     13       13
  MONTH TO DATE  464                       455      9      335
  SINCE MAR 1    464                       455      9      335
  SINCE JUL 1   5574                      6475   -901     5513

 COOLING
  TODAY            0                         0      0        0
  MONTH TO DATE    0                         0      0        0
  SINCE MAR 1      0                         0      0        0
  SINCE JAN 1      0                         0      0        0
..................................................................


WIND (MPH)
  HIGHEST WIND SPEED    13   HIGHEST WIND DIRECTION     E (80)
  HIGHEST GUST SPEED    18   HIGHEST GUST DIRECTION     E (80)
  AVERAGE WIND SPEED     4.2


SKY COVER
  POSSIBLE SUNSHINE  MM
  AVERAGE SKY COVER 0.5


WEATHER CONDITIONS
 THE FOLLOWING WEATHER WAS RECORDED TODAY.
  LIGHT SNOW
  FOG
  HAZE


RELATIVE HUMIDITY (PERCENT)
 HIGHEST    84           600 PM
 LOWEST     27           300 PM
 AVERAGE    56

..........................................................


THE EAU CLAIRE WI CLIMATE NORMALS FOR TOMORROW
                         NORMAL    RECORD    YEAR
 MAXIMUM TEMPERATURE (F)   39        66      2015
 MINIMUM TEMPERATURE (F)   20       -18      1897


SUNRISE AND SUNSET
MARCH 12 2017.........SUNRISE   723 AM CDT   SUNSET   708 PM CDT
MARCH 13 2017.........SUNRISE   722 AM CDT   SUNSET   710 PM CDT


-  INDICATES NEGATIVE NUMBERS.
R  INDICATES RECORD WAS SET OR TIED.
MM INDICATES DATA IS MISSING.
T  INDICATES TRACE AMOUNT.




$$
