000
CDUS43 KMPX 260623
CLIEAU


CLIMATE REPORT
NATIONAL WEATHER SERVICE CHANHASSEN MN
122 AM CDT SAT JUL 26 2014


...................................

...THE EAU CLAIRE WI CLIMATE SUMMARY FOR JULY 25 2014...

CLIMATE NORMAL PERIOD 1981 TO 2010
CLIMATE RECORD PERIOD 1893 TO 2014


WEATHER ITEM   OBSERVED TIME   RECORD YEAR NORMAL DEPARTURE LAST
                VALUE   (LST)  VALUE       VALUE  FROM      YEAR
                                                  NORMAL
..................................................................
TEMPERATURE (F)
 YESTERDAY
  MAXIMUM         76    556 PM 100    1941  83     -7       83
  MINIMUM         63    711 AM  45    1896  60      3       54
  AVERAGE         70                        72     -2       69

PRECIPITATION (IN)
  YESTERDAY        0.11          1.40 1897   0.13  -0.02     0.04
  MONTH TO DATE    1.98                      3.10  -1.12     0.55
  SINCE JUN 1     11.82                      7.23   4.59     6.41
  SINCE JAN 1     25.92                     16.87   9.05    26.46

SNOWFALL (IN)
  YESTERDAY        0.0           0.0    MM   0.0    0.0      0.0
  MONTH TO DATE    0.0                       0.0    0.0      0.0
  SINCE JUN 1      0.0                       0.0    0.0      0.0
  SINCE JUL 1      0.0                       0.0    0.0      0.0
  SNOW DEPTH       0

DEGREE DAYS
 HEATING
  YESTERDAY        0                         0      0        0
  MONTH TO DATE   18                         2     16        3
  SINCE JUN 1     43                        64    -21       66
  SINCE JUL 1     18                         2     16        3

 COOLING
  YESTERDAY        5                         7     -2        4
  MONTH TO DATE  118                       174    -56      234
  SINCE JUN 1    252                       294    -42      324
  SINCE JAN 1    287                       326    -39      356
..................................................................


WIND (MPH)
  HIGHEST WIND SPEED    22   HIGHEST WIND DIRECTION     S (180)
  HIGHEST GUST SPEED    27   HIGHEST GUST DIRECTION     S (170)
  AVERAGE WIND SPEED     9.1


SKY COVER
  POSSIBLE SUNSHINE  MM
  AVERAGE SKY COVER 0.8


WEATHER CONDITIONS
 THE FOLLOWING WEATHER WAS RECORDED YESTERDAY.
  RAIN
  LIGHT RAIN
  FOG


RELATIVE HUMIDITY (PERCENT)
 HIGHEST    93           800 AM
 LOWEST     73           100 PM
 AVERAGE    83

..........................................................


THE EAU CLAIRE WI CLIMATE NORMALS FOR TODAY
                         NORMAL    RECORD    YEAR
 MAXIMUM TEMPERATURE (F)   83       100      1955
 MINIMUM TEMPERATURE (F)   60        45      1962


SUNRISE AND SUNSET
JULY 26 2014..........SUNRISE   545 AM CDT   SUNSET   839 PM CDT
JULY 27 2014..........SUNRISE   546 AM CDT   SUNSET   838 PM CDT


-  INDICATES NEGATIVE NUMBERS.
R  INDICATES RECORD WAS SET OR TIED.
MM INDICATES DATA IS MISSING.
T  INDICATES TRACE AMOUNT.




$$
