000
CDUS43 KMPX 180640
CLIEAU


CLIMATE REPORT
NATIONAL WEATHER SERVICE CHANHASSEN MN
140 AM CDT SAT OCT 18 2014


...................................

...THE EAU CLAIRE WI CLIMATE SUMMARY FOR OCTOBER 17 2014...

CLIMATE NORMAL PERIOD 1981 TO 2010
CLIMATE RECORD PERIOD 1893 TO 2014


WEATHER ITEM   OBSERVED TIME   RECORD YEAR NORMAL DEPARTURE LAST
                VALUE   (LST)  VALUE       VALUE  FROM      YEAR
                                                  NORMAL
..................................................................
TEMPERATURE (F)
 YESTERDAY
  MAXIMUM         56    243 PM  86    1910  58     -2       54
  MINIMUM         48   1159 PM  16    1952  36     12       31
  AVERAGE         52                        47      5       43

PRECIPITATION (IN)
  YESTERDAY        T             1.79 1898   0.08  -0.08     0.02
  MONTH TO DATE    2.07                      1.45   0.62     3.09
  SINCE SEP 1      7.53                      5.13   2.40     4.86
  SINCE JAN 1     40.20                     27.25  12.95    32.50

SNOWFALL (IN)
  YESTERDAY        0.0           T    1932   0.0    0.0      0.0
  MONTH TO DATE    0.6                       0.1    0.5      0.0
  SINCE SEP 1      0.6                       0.1    0.5      0.0
  SINCE JUL 1      0.6                       0.1    0.5      0.0
  SNOW DEPTH       0

DEGREE DAYS
 HEATING
  YESTERDAY       13                        18     -5       22
  MONTH TO DATE  301                       258     43      189
  SINCE SEP 1    488                       452     36      318
  SINCE JUL 1    511                       491     20      356

 COOLING
  YESTERDAY        0                         0      0        0
  MONTH TO DATE    0                         0      0        0
  SINCE SEP 1     22                        48    -26       87
  SINCE JAN 1    500                       575    -75      653
..................................................................


WIND (MPH)
  HIGHEST WIND SPEED    20   HIGHEST WIND DIRECTION     N (350)
  HIGHEST GUST SPEED    25   HIGHEST GUST DIRECTION    NW (310)
  AVERAGE WIND SPEED    11.0


SKY COVER
  POSSIBLE SUNSHINE  MM
  AVERAGE SKY COVER 0.9


WEATHER CONDITIONS
 THE FOLLOWING WEATHER WAS RECORDED YESTERDAY.
  LIGHT RAIN
  FOG
  HAZE


RELATIVE HUMIDITY (PERCENT)
 HIGHEST    86           100 PM
 LOWEST     66           500 PM
 AVERAGE    76

..........................................................


THE EAU CLAIRE WI CLIMATE NORMALS FOR TODAY
                         NORMAL    RECORD    YEAR
 MAXIMUM TEMPERATURE (F)   57        87      1950
 MINIMUM TEMPERATURE (F)   36        12      1896


SUNRISE AND SUNSET
OCTOBER 18 2014.......SUNRISE   725 AM CDT   SUNSET   616 PM CDT
OCTOBER 19 2014.......SUNRISE   727 AM CDT   SUNSET   614 PM CDT


-  INDICATES NEGATIVE NUMBERS.
R  INDICATES RECORD WAS SET OR TIED.
MM INDICATES DATA IS MISSING.
T  INDICATES TRACE AMOUNT.




$$
