020
CDUS43 KMPX 130037
CLIEAU


CLIMATE REPORT
NATIONAL WEATHER SERVICE CHANHASSEN MN
636 PM CST SUN NOV 12 2017


...................................

...THE EAU CLAIRE WI CLIMATE SUMMARY FOR NOVEMBER 12 2017...
VALID TODAY AS OF 0600 PM LOCAL TIME.

CLIMATE NORMAL PERIOD 1981 TO 2010
CLIMATE RECORD PERIOD 1893 TO 2017


WEATHER ITEM   OBSERVED TIME   RECORD YEAR NORMAL DEPARTURE LAST
                VALUE   (LST)  VALUE       VALUE  FROM      YEAR
                                                  NORMAL
..................................................................
TEMPERATURE (F)
 TODAY
  MAXIMUM         37    309 PM  63    2005  44     -7       53
  MINIMUM         15    724 AM   1    1986  27    -12       24
  AVERAGE         26                        35     -9       39

PRECIPITATION (IN)
  TODAY            0.00          0.87 1965   0.07  -0.07     0.00
  MONTH TO DATE    0.34                      0.77  -0.43     0.00
  SINCE SEP 1      6.15                      6.79  -0.64    10.92
  SINCE JAN 1     34.27                     28.91   5.36    37.75

SNOWFALL (IN)
  TODAY            0.0           3.5  1903   0.1   -0.1      0.0
  MONTH TO DATE    1.4                       1.4    0.0      0.0
  SINCE SEP 1      3.3                       1.8    1.5      0.0
  SINCE JUL 1      3.3                       1.8    1.5      0.0
  SNOW DEPTH       0

DEGREE DAYS
 HEATING
  TODAY           39                        30      9       26
  MONTH TO DATE  433                       324    109      199
  SINCE SEP 1   1023                      1069    -46      706
  SINCE JUL 1   1066                      1108    -42      716

 COOLING
  TODAY            0                         0      0        0
  MONTH TO DATE    0                         0      0        0
  SINCE SEP 1     94                        52     42       41
  SINCE JAN 1    466                       579   -113      624
..................................................................


WIND (MPH)
  HIGHEST WIND SPEED    10   HIGHEST WIND DIRECTION    NW (300)
  HIGHEST GUST SPEED    12   HIGHEST GUST DIRECTION    NW (300)
  AVERAGE WIND SPEED     1.8


SKY COVER
  POSSIBLE SUNSHINE  MM
  AVERAGE SKY COVER 0.3


WEATHER CONDITIONS
 THE FOLLOWING WEATHER WAS RECORDED TODAY.
  FOG
  HAZE


RELATIVE HUMIDITY (PERCENT)
 HIGHEST   100          1200 AM
 LOWEST     69           500 PM
 AVERAGE    85

..........................................................


THE EAU CLAIRE WI CLIMATE NORMALS FOR TOMORROW
                         NORMAL    RECORD    YEAR
 MAXIMUM TEMPERATURE (F)   43        69      1999
 MINIMUM TEMPERATURE (F)   26        -3      1986


SUNRISE AND SUNSET
NOVEMBER 12 2017......SUNRISE   700 AM CST   SUNSET   440 PM CST
NOVEMBER 13 2017......SUNRISE   701 AM CST   SUNSET   439 PM CST


-  INDICATES NEGATIVE NUMBERS.
R  INDICATES RECORD WAS SET OR TIED.
MM INDICATES DATA IS MISSING.
T  INDICATES TRACE AMOUNT.




$$
