000
CDUS43 KMPX 160634
CLIEAU


CLIMATE REPORT
NATIONAL WEATHER SERVICE CHANHASSEN MN
1233 AM CST SUN NOV 16 2014


...................................

...THE EAU CLAIRE WI CLIMATE SUMMARY FOR NOVEMBER 15 2014...

CLIMATE NORMAL PERIOD 1981 TO 2010
CLIMATE RECORD PERIOD 1893 TO 2014


WEATHER ITEM   OBSERVED TIME   RECORD YEAR NORMAL DEPARTURE LAST
                VALUE   (LST)  VALUE       VALUE  FROM      YEAR
                                                  NORMAL
..................................................................
TEMPERATURE (F)
 YESTERDAY
  MAXIMUM         19   1159 PM  66    1953  42    -23       54
  MINIMUM          3    422 AM   0    1940  25    -22       24
  AVERAGE         11                        33    -22       39

PRECIPITATION (IN)
  YESTERDAY        0.09          1.00 1996   0.07   0.02     0.00
  MONTH TO DATE    1.11                      0.97   0.14     0.70
  SINCE SEP 1      9.00                      6.99   2.01     6.11
  SINCE JAN 1     41.67                     29.11  12.56    33.75

SNOWFALL (IN)
  YESTERDAY        1.0           6.0  1956   0.2    0.8      0.0
  MONTH TO DATE    6.6                       2.0    4.6      0.1
  SINCE SEP 1      7.2                       2.4    4.8      0.1
  SINCE JUL 1      7.2                       2.4    4.8      0.1
  SNOW DEPTH       4

DEGREE DAYS
 HEATING
  YESTERDAY       54                        32     22       26
  MONTH TO DATE  520                       418    102      448
  SINCE SEP 1   1273                      1163    110     1128
  SINCE JUL 1   1296                      1202     94     1166

 COOLING
  YESTERDAY        0                         0      0        0
  MONTH TO DATE    0                         0      0        0
  SINCE SEP 1     22                        52    -30       87
  SINCE JAN 1    500                       579    -79      653
..................................................................


WIND (MPH)
  HIGHEST WIND SPEED     8   HIGHEST WIND DIRECTION     S (180)
  HIGHEST GUST SPEED    10   HIGHEST GUST DIRECTION     S (170)
  AVERAGE WIND SPEED     4.2


SKY COVER
  POSSIBLE SUNSHINE  MM
  AVERAGE SKY COVER 0.7


WEATHER CONDITIONS
 THE FOLLOWING WEATHER WAS RECORDED YESTERDAY.
  LIGHT SNOW
  FOG
  HAZE


RELATIVE HUMIDITY (PERCENT)
 HIGHEST    92           900 AM
 LOWEST     74          1200 PM
 AVERAGE    83

..........................................................


THE EAU CLAIRE WI CLIMATE NORMALS FOR TODAY
                         NORMAL    RECORD    YEAR
 MAXIMUM TEMPERATURE (F)   41        70      1953
 MINIMUM TEMPERATURE (F)   24        -1      1933


SUNRISE AND SUNSET
NOVEMBER 16 2014......SUNRISE   705 AM CST   SUNSET   436 PM CST
NOVEMBER 17 2014......SUNRISE   706 AM CST   SUNSET   435 PM CST


-  INDICATES NEGATIVE NUMBERS.
R  INDICATES RECORD WAS SET OR TIED.
MM INDICATES DATA IS MISSING.
T  INDICATES TRACE AMOUNT.




$$
