000
CDUS43 KMPX 162148
CLIEAU


CLIMATE REPORT
NATIONAL WEATHER SERVICE CHANHASSEN MN
448 PM CDT THU MAR 16 2017


...................................

...THE EAU CLAIRE WI CLIMATE SUMMARY FOR MARCH 16 2017...
VALID TODAY AS OF 0400 PM LOCAL TIME.

CLIMATE NORMAL PERIOD 1981 TO 2010
CLIMATE RECORD PERIOD 1893 TO 2017


WEATHER ITEM   OBSERVED TIME   RECORD YEAR NORMAL DEPARTURE LAST
                VALUE   (LST)  VALUE       VALUE  FROM      YEAR
                                                  NORMAL
..................................................................
TEMPERATURE (F)
 TODAY
  MAXIMUM         44    215 PM  80    2012  41      3       44
  MINIMUM          8    601 AM -14    1897  22    -14       36
  AVERAGE         26                        31     -5       40

PRECIPITATION (IN)
  TODAY            0.00          0.73 1942   0.06  -0.06     0.39
  MONTH TO DATE    0.74                      0.72   0.02     2.10
  SINCE MAR 1      0.74                      0.72   0.02     2.10
  SINCE JAN 1      4.82                      2.42   2.40     3.26

SNOWFALL (IN)
  TODAY            0.0           6.0  1942   0.3   -0.3       T
  MONTH TO DATE    4.8                       5.0   -0.2      1.5
  SINCE MAR 1      4.8                       5.0   -0.2      1.5
  SINCE JUL 1     53.7                      41.3   12.4     25.6
  SNOW DEPTH       T

DEGREE DAYS
 HEATING
  TODAY           39                        34      5       25
  MONTH TO DATE  642                       593     49      409
  SINCE MAR 1    642                       593     49      409
  SINCE JUL 1   5752                      6613   -861     5587

 COOLING
  TODAY            0                         0      0        0
  MONTH TO DATE    0                         0      0        0
  SINCE MAR 1      0                         0      0        0
  SINCE JAN 1      0                         0      0        0
..................................................................


WIND (MPH)
  HIGHEST WIND SPEED    16   HIGHEST WIND DIRECTION     S (160)
  HIGHEST GUST SPEED    20   HIGHEST GUST DIRECTION     S (160)
  AVERAGE WIND SPEED     5.0


SKY COVER
  POSSIBLE SUNSHINE  MM
  AVERAGE SKY COVER 0.1


WEATHER CONDITIONS
 THE FOLLOWING WEATHER WAS RECORDED TODAY.
  FOG


RELATIVE HUMIDITY (PERCENT)
 HIGHEST    92           500 AM
 LOWEST     37          1100 AM
 AVERAGE    65

..........................................................


THE EAU CLAIRE WI CLIMATE NORMALS FOR TOMORROW
                         NORMAL    RECORD    YEAR
 MAXIMUM TEMPERATURE (F)   41        82      2012
 MINIMUM TEMPERATURE (F)   22       -15      1923


SUNRISE AND SUNSET
MARCH 16 2017.........SUNRISE   716 AM CDT   SUNSET   714 PM CDT
MARCH 17 2017.........SUNRISE   714 AM CDT   SUNSET   715 PM CDT


-  INDICATES NEGATIVE NUMBERS.
R  INDICATES RECORD WAS SET OR TIED.
MM INDICATES DATA IS MISSING.
T  INDICATES TRACE AMOUNT.




$$
