000
CDUS43 KMPX 240131
CLIEAU


CLIMATE REPORT
NATIONAL WEATHER SERVICE CHANHASSEN MN
804 PM CDT TUE SEP 23 2014


...................................

...THE EAU CLAIRE WI CLIMATE SUMMARY FOR SEPTEMBER 23 2014...
VALID TODAY AS OF 0800 PM LOCAL TIME.

CLIMATE NORMAL PERIOD 1981 TO 2010
CLIMATE RECORD PERIOD 1893 TO 2014


WEATHER ITEM   OBSERVED TIME   RECORD YEAR NORMAL DEPARTURE LAST
                VALUE   (LST)  VALUE       VALUE  FROM      YEAR
                                                  NORMAL
..................................................................
TEMPERATURE (F)
 TODAY
  MAXIMUM         74    122 PM  93    1937  68      6       72
  MINIMUM         42    628 AM  27    1974  45     -3       47
  AVERAGE         58                        57      1       60

PRECIPITATION (IN)
  TODAY            0.00          2.83 2010   0.12  -0.12     0.00
  MONTH TO DATE    5.33                      2.87   2.46     1.50
  SINCE SEP 1      5.33                      2.87   2.46     1.50
  SINCE JAN 1     38.00                     24.99  13.01    29.14

SNOWFALL (IN)
  TODAY            0.0           T    1928   0.0    0.0      0.0
  MONTH TO DATE    0.0                       0.0    0.0      0.0
  SINCE SEP 1      0.0                       0.0    0.0      0.0
  SINCE JUL 1      0.0                       0.0    0.0      0.0
  SNOW DEPTH       0

DEGREE DAYS
 HEATING
  TODAY            7                         9     -2        5
  MONTH TO DATE  152                       119     33      104
  SINCE SEP 1    152                       119     33      104
  SINCE JUL 1    175                       158     17      142

 COOLING
  TODAY            0                         1     -1        0
  MONTH TO DATE   18                        44    -26       82
  SINCE SEP 1     18                        44    -26       82
  SINCE JAN 1    496                       571    -75      648
..................................................................


WIND (MPH)
  HIGHEST WIND SPEED    17   HIGHEST WIND DIRECTION     S (160)
  HIGHEST GUST SPEED    23   HIGHEST GUST DIRECTION     S (190)
  AVERAGE WIND SPEED     5.0


SKY COVER
  POSSIBLE SUNSHINE  MM
  AVERAGE SKY COVER 0.3


WEATHER CONDITIONS
 THE FOLLOWING WEATHER WAS RECORDED TODAY.
  FOG
  FOG W/VISIBILITY <= 1/4 MILE


RELATIVE HUMIDITY (PERCENT)
 HIGHEST   100           100 AM
 LOWEST     41           100 PM
 AVERAGE    71

..........................................................


THE EAU CLAIRE WI CLIMATE NORMALS FOR TOMORROW
                         NORMAL    RECORD    YEAR
 MAXIMUM TEMPERATURE (F)   68        90      1935
 MINIMUM TEMPERATURE (F)   45        27      1976


SUNRISE AND SUNSET
SEPTEMBER 23 2014.....SUNRISE   654 AM CDT   SUNSET   701 PM CDT
SEPTEMBER 24 2014.....SUNRISE   655 AM CDT   SUNSET   700 PM CDT


-  INDICATES NEGATIVE NUMBERS.
R  INDICATES RECORD WAS SET OR TIED.
MM INDICATES DATA IS MISSING.
T  INDICATES TRACE AMOUNT.




$$
