000
CDUS43 KMPX 230632
CLIEAU


CLIMATE REPORT
NATIONAL WEATHER SERVICE CHANHASSEN MN
1232 AM CST MON FEB 23 2015


...................................

...THE EAU CLAIRE WI CLIMATE SUMMARY FOR FEBRUARY 22 2015...

CLIMATE NORMAL PERIOD 1981 TO 2010
CLIMATE RECORD PERIOD 1893 TO 2015


WEATHER ITEM   OBSERVED TIME   RECORD YEAR NORMAL DEPARTURE LAST
                VALUE   (LST)  VALUE       VALUE  FROM      YEAR
                                                  NORMAL
..................................................................
TEMPERATURE (F)
 YESTERDAY
  MAXIMUM          5   1244 AM  57    1930  31    -26       17
  MINIMUM        -12   1140 PM -25    1936  13    -25        6
  AVERAGE         -3                        22    -25       12

PRECIPITATION (IN)
  YESTERDAY        0.00          1.17 1913   0.03  -0.03     0.00
  MONTH TO DATE    0.22                      0.61  -0.39     1.39
  SINCE DEC 1      1.27                      2.50  -1.23     4.50
  SINCE JAN 1      0.59                      1.50  -0.91     2.97

SNOWFALL (IN)
  YESTERDAY        0.0          14.0  1913   0.2   -0.2      0.0
  MONTH TO DATE    3.9                       5.8   -1.9     12.9
  SINCE DEC 1     16.6                      28.5  -11.9     56.7
  SINCE JUL 1     30.8                      34.8   -4.0     58.9
  SNOW DEPTH       4

DEGREE DAYS
 HEATING
  YESTERDAY       68                        43     25       53
  MONTH TO DATE 1232                      1026    206     1261
  SINCE DEC 1   4025                      4024      1     4757
  SINCE JUL 1   5997                      5770    227     6502

 COOLING
  YESTERDAY        0                         0      0        0
  MONTH TO DATE    0                         0      0        0
  SINCE DEC 1      0                         0      0        0
  SINCE JAN 1      0                         0      0        0
..................................................................


WIND (MPH)
  HIGHEST WIND SPEED    16   HIGHEST WIND DIRECTION    NW (310)
  HIGHEST GUST SPEED    20   HIGHEST GUST DIRECTION    NW (310)
  AVERAGE WIND SPEED     8.6


SKY COVER
  POSSIBLE SUNSHINE  MM
  AVERAGE SKY COVER 0.0


WEATHER CONDITIONS
 THE FOLLOWING WEATHER WAS RECORDED YESTERDAY.
  NO SIGNIFICANT WEATHER WAS OBSERVED.


RELATIVE HUMIDITY (PERCENT)
 HIGHEST    65           700 AM
 LOWEST     47           400 PM
 AVERAGE    56

..........................................................


THE EAU CLAIRE WI CLIMATE NORMALS FOR TODAY
                         NORMAL    RECORD    YEAR
 MAXIMUM TEMPERATURE (F)   32        54      1930
 MINIMUM TEMPERATURE (F)   13       -20      1910


SUNRISE AND SUNSET
FEBRUARY 23 2015......SUNRISE   654 AM CST   SUNSET   545 PM CST
FEBRUARY 24 2015......SUNRISE   653 AM CST   SUNSET   546 PM CST


-  INDICATES NEGATIVE NUMBERS.
R  INDICATES RECORD WAS SET OR TIED.
MM INDICATES DATA IS MISSING.
T  INDICATES TRACE AMOUNT.




$$
