000
CDUS43 KMPX 110709
CLIEAU


CLIMATE REPORT
NATIONAL WEATHER SERVICE CHANHASSEN MN
208 AM CDT MON SEP 11 2017


...................................

...THE EAU CLAIRE WI CLIMATE SUMMARY FOR SEPTEMBER 10 2017...

CLIMATE NORMAL PERIOD 1981 TO 2010
CLIMATE RECORD PERIOD 1893 TO 2017


WEATHER ITEM   OBSERVED TIME   RECORD YEAR NORMAL DEPARTURE LAST
                VALUE   (LST)  VALUE       VALUE  FROM      YEAR
                                                  NORMAL
..................................................................
TEMPERATURE (F)
 YESTERDAY
  MAXIMUM         77    311 PM 101    1931  74      3       72
  MINIMUM         52    600 AM  31    1917  52      0       52
  AVERAGE         65                        63      2       62

PRECIPITATION (IN)
  YESTERDAY        0.00          5.98 2000   0.13  -0.13     0.03
  MONTH TO DATE    0.25                      1.26  -1.01     1.75
  SINCE SEP 1      0.25                      1.26  -1.01     1.75
  SINCE JAN 1     28.37                     23.38   4.99    28.58

SNOWFALL (IN)
  YESTERDAY        0.0           0.0    MM   0.0    0.0      0.0
  MONTH TO DATE    0.0                       0.0    0.0      0.0
  SINCE SEP 1      0.0                       0.0    0.0      0.0
  SINCE JUL 1      0.0                       0.0    0.0      0.0
  SNOW DEPTH       0

DEGREE DAYS
 HEATING
  YESTERDAY        0                         4     -4        3
  MONTH TO DATE   57                        32     25       11
  SINCE SEP 1     57                        32     25       11
  SINCE JUL 1    100                        71     29       21

 COOLING
  YESTERDAY        0                         2     -2        0
  MONTH TO DATE    1                        27    -26       29
  SINCE SEP 1      1                        27    -26       29
  SINCE JAN 1    373                       554   -181      612
..................................................................


WIND (MPH)
  HIGHEST WIND SPEED    20   HIGHEST WIND DIRECTION     S (160)
  HIGHEST GUST SPEED    27   HIGHEST GUST DIRECTION     S (170)
  AVERAGE WIND SPEED    10.8


SKY COVER
  POSSIBLE SUNSHINE  MM
  AVERAGE SKY COVER 0.1


WEATHER CONDITIONS
 THE FOLLOWING WEATHER WAS RECORDED YESTERDAY.
  NO SIGNIFICANT WEATHER WAS OBSERVED.


RELATIVE HUMIDITY (PERCENT)
 HIGHEST    83           300 AM
 LOWEST     46           100 PM
 AVERAGE    65

..........................................................


THE EAU CLAIRE WI CLIMATE NORMALS FOR TODAY
                         NORMAL    RECORD    YEAR
 MAXIMUM TEMPERATURE (F)   74        98      1931
 MINIMUM TEMPERATURE (F)   51        31      1917


SUNRISE AND SUNSET
SEPTEMBER 11 2017.....SUNRISE   640 AM CDT   SUNSET   724 PM CDT
SEPTEMBER 12 2017.....SUNRISE   641 AM CDT   SUNSET   722 PM CDT


-  INDICATES NEGATIVE NUMBERS.
R  INDICATES RECORD WAS SET OR TIED.
MM INDICATES DATA IS MISSING.
T  INDICATES TRACE AMOUNT.




$$
