000
CDUS43 KMPX 140817
CLIEAU


CLIMATE REPORT
NATIONAL WEATHER SERVICE CHANHASSEN MN
217 AM CST SUN JAN 14 2018


...................................

...THE EAU CLAIRE WI CLIMATE SUMMARY FOR JANUARY 13 2018...

CLIMATE NORMAL PERIOD 1981 TO 2010
CLIMATE RECORD PERIOD 1893 TO 2018


WEATHER ITEM   OBSERVED TIME   RECORD YEAR NORMAL DEPARTURE LAST
                VALUE   (LST)  VALUE       VALUE  FROM      YEAR
                                                  NORMAL
..................................................................
TEMPERATURE (F)
 YESTERDAY
  MAXIMUM          0    406 PM  44    1996  23    -23        9
                                      1987
  MINIMUM        -18   1156 PM -28    1916   5    -23      -11
  AVERAGE         -9                        14    -23       -1

PRECIPITATION (IN)
  YESTERDAY        0.00          0.39 1935   0.03  -0.03     0.00
  MONTH TO DATE    0.43                      0.36   0.07     0.81
  SINCE DEC 1      1.34                      1.36  -0.02     2.91
  SINCE JAN 1      0.43                      0.36   0.07     0.81

SNOWFALL (IN)
  YESTERDAY        0.0           5.5  1950   0.4   -0.4      0.0
  MONTH TO DATE    3.1                       5.1   -2.0     11.0
  SINCE DEC 1     10.4                      14.6   -4.2     30.2
  SINCE JUL 1     13.7                      20.9   -7.2     31.9
  SNOW DEPTH       3

DEGREE DAYS
 HEATING
  YESTERDAY       74                        51     23       66
  MONTH TO DATE  755                       658     97      748
  SINCE DEC 1   2263                      2088    175     2159
  SINCE JUL 1   3904                      3834     70     3368

 COOLING
  YESTERDAY        0                         0      0        0
  MONTH TO DATE    0                         0      0        0
  SINCE DEC 1      0                         0      0        0
  SINCE JAN 1      0                         0      0        0
..................................................................


WIND (MPH)
  HIGHEST WIND SPEED     9   HIGHEST WIND DIRECTION     W (270)
  HIGHEST GUST SPEED    12   HIGHEST GUST DIRECTION     W (270)
  AVERAGE WIND SPEED     3.5


SKY COVER
  POSSIBLE SUNSHINE  MM
  AVERAGE SKY COVER 0.0


WEATHER CONDITIONS
 THE FOLLOWING WEATHER WAS RECORDED YESTERDAY.
  LIGHT SNOW


RELATIVE HUMIDITY (PERCENT)
 HIGHEST    87           900 AM
 LOWEST     58           500 PM
 AVERAGE    73

..........................................................


THE EAU CLAIRE WI CLIMATE NORMALS FOR TODAY
                         NORMAL    RECORD    YEAR
 MAXIMUM TEMPERATURE (F)   23        42      1914
 MINIMUM TEMPERATURE (F)    5       -29      1893


SUNRISE AND SUNSET
JANUARY 14 2018.......SUNRISE   741 AM CST   SUNSET   450 PM CST
JANUARY 15 2018.......SUNRISE   740 AM CST   SUNSET   451 PM CST


-  INDICATES NEGATIVE NUMBERS.
R  INDICATES RECORD WAS SET OR TIED.
MM INDICATES DATA IS MISSING.
T  INDICATES TRACE AMOUNT.




$$
