000
CDUS43 KMPX 190634
CLIEAU


CLIMATE REPORT
NATIONAL WEATHER SERVICE CHANHASSEN MN
134 AM CDT WED JUL 19 2017


...................................

...THE EAU CLAIRE WI CLIMATE SUMMARY FOR JULY 18 2017...

CLIMATE NORMAL PERIOD 1981 TO 2010
CLIMATE RECORD PERIOD 1893 TO 2017


WEATHER ITEM   OBSERVED TIME   RECORD YEAR NORMAL DEPARTURE LAST
                VALUE   (LST)  VALUE       VALUE  FROM      YEAR
                                                  NORMAL
..................................................................
TEMPERATURE (F)
 YESTERDAY
  MAXIMUM         86   1155 AM 102    1964  83      3       85
  MINIMUM         61   1159 PM  48    2000  61      0       60
  AVERAGE         74                        72      2       73

PRECIPITATION (IN)
  YESTERDAY        T             2.94 1971   0.12  -0.12     0.00
  MONTH TO DATE    2.51                      2.23   0.28     2.39
  SINCE JUN 1      7.82                      6.36   1.46     8.68
  SINCE JAN 1     22.32                     16.00   6.32    20.87

SNOWFALL (IN)
  YESTERDAY        0.0           0.0    MM   0.0    0.0      0.0
  MONTH TO DATE    0.0                       0.0    0.0      0.0
  SINCE JUN 1      0.0                       0.0    0.0      0.0
  SINCE JUL 1      0.0                       0.0    0.0      0.0
  SNOW DEPTH       0

DEGREE DAYS
 HEATING
  YESTERDAY        0                         0      0        0
  MONTH TO DATE    1                         0      1        4
  SINCE JUN 1     38                        62    -24       36
  SINCE JUL 1      1                         0      1        4

 COOLING
  YESTERDAY        9                         7      2        8
  MONTH TO DATE  113                       125    -12       97
  SINCE JUN 1    220                       245    -25      223
  SINCE JAN 1    228                       277    -49      263
..................................................................


WIND (MPH)
  HIGHEST WIND SPEED    16   HIGHEST WIND DIRECTION     S (180)
  HIGHEST GUST SPEED    20   HIGHEST GUST DIRECTION     S (180)
  AVERAGE WIND SPEED     6.8


SKY COVER
  POSSIBLE SUNSHINE  MM
  AVERAGE SKY COVER 0.3


WEATHER CONDITIONS
 THE FOLLOWING WEATHER WAS RECORDED YESTERDAY.
  NO SIGNIFICANT WEATHER WAS OBSERVED.


RELATIVE HUMIDITY (PERCENT)
 HIGHEST    93          1100 PM
 LOWEST     61           100 PM
 AVERAGE    77

..........................................................


THE EAU CLAIRE WI CLIMATE NORMALS FOR TODAY
                         NORMAL    RECORD    YEAR
 MAXIMUM TEMPERATURE (F)   83       103      1901
 MINIMUM TEMPERATURE (F)   60        46      1929


SUNRISE AND SUNSET
JULY 19 2017..........SUNRISE   538 AM CDT   SUNSET   846 PM CDT
JULY 20 2017..........SUNRISE   539 AM CDT   SUNSET   845 PM CDT


-  INDICATES NEGATIVE NUMBERS.
R  INDICATES RECORD WAS SET OR TIED.
MM INDICATES DATA IS MISSING.
T  INDICATES TRACE AMOUNT.




$$
