012
CDUS43 KMPX 292137
CLIEAU


CLIMATE REPORT
NATIONAL WEATHER SERVICE CHANHASSEN MN
437 PM CDT FRI APR 29 2016


...................................

...THE EAU CLAIRE WI CLIMATE SUMMARY FOR APRIL 29 2016...
VALID AS OF 0400 PM LOCAL TIME.

CLIMATE NORMAL PERIOD 1981 TO 2010
CLIMATE RECORD PERIOD 1893 TO 2016


WEATHER ITEM   OBSERVED TIME   RECORD YEAR NORMAL DEPARTURE LAST
                VALUE   (LST)  VALUE       VALUE  FROM      YEAR
                                                  NORMAL
..................................................................
TEMPERATURE (F)
 TODAY
  MAXIMUM         57    259 PM  90    1970  65     -8       68
  MINIMUM         39    440 AM  17    1956  40     -1       44
  AVERAGE         48                        52     -4       56

PRECIPITATION (IN)
  TODAY            0.00          2.12 1942   0.11  -0.11     0.00
  MONTH TO DATE    2.56                      2.64  -0.08     2.76
  SINCE MAR 1      7.22                      4.37   2.85     3.47
  SINCE JAN 1      8.38                      6.07   2.31     4.06

SNOWFALL (IN)
  TODAY            0.0           4.3  1956   0.0    0.0      0.0
  MONTH TO DATE    1.8                       1.9   -0.1      1.4
  SINCE MAR 1     13.9                      10.5    3.4      7.3
  SINCE JUL 1     38.0                      46.8   -8.8     38.1
  SNOW DEPTH       0

DEGREE DAYS
 HEATING
  TODAY           17                        13      4        9
  MONTH TO DATE  562                       563     -1      507
  SINCE MAR 1   1373                      1607   -234     1497
  SINCE JUL 1   6551                      7627  -1076     7850

 COOLING
  TODAY            0                         0      0        0
  MONTH TO DATE    4                         0      4        0
  SINCE MAR 1      4                         0      4        0
  SINCE JAN 1      4                         0      4        0
..................................................................


WIND (MPH)
  HIGHEST WIND SPEED    12   HIGHEST WIND DIRECTION    SE (140)
  HIGHEST GUST SPEED    17   HIGHEST GUST DIRECTION     E (70)
  AVERAGE WIND SPEED     4.4


SKY COVER
  POSSIBLE SUNSHINE  MM
  AVERAGE SKY COVER 0.8


WEATHER CONDITIONS
 THE FOLLOWING WEATHER WAS RECORDED TODAY.
  NO SIGNIFICANT WEATHER WAS OBSERVED.


RELATIVE HUMIDITY (PERCENT)
 HIGHEST    92           100 AM
 LOWEST     47           300 PM
 AVERAGE    70

..........................................................


THE EAU CLAIRE WI CLIMATE NORMALS FOR TOMORROW
                         NORMAL    RECORD    YEAR
 MAXIMUM TEMPERATURE (F)   65        89      1952
 MINIMUM TEMPERATURE (F)   40         9      1956


SUNRISE AND SUNSET
APRIL 29 2016.........SUNRISE   558 AM CDT   SUNSET   809 PM CDT
APRIL 30 2016.........SUNRISE   556 AM CDT   SUNSET   811 PM CDT


-  INDICATES NEGATIVE NUMBERS.
R  INDICATES RECORD WAS SET OR TIED.
MM INDICATES DATA IS MISSING.
T  INDICATES TRACE AMOUNT.




$$
