000
CDUS43 KMPX 050833
CLIEAU


CLIMATE REPORT
NATIONAL WEATHER SERVICE CHANHASSEN MN
232 AM CST THU JAN 5 2017


...................................

...THE EAU CLAIRE WI CLIMATE SUMMARY FOR JANUARY 4 2017...

CLIMATE NORMAL PERIOD 1981 TO 2010
CLIMATE RECORD PERIOD 1893 TO 2017


WEATHER ITEM   OBSERVED TIME   RECORD YEAR NORMAL DEPARTURE LAST
                VALUE   (LST)  VALUE       VALUE  FROM      YEAR
                                                  NORMAL
..................................................................
TEMPERATURE (F)
 YESTERDAY
  MAXIMUM          3   1228 AM  44    2007  23    -20       27
  MINIMUM         -6   1159 PM -30    1919   6    -12       10
  AVERAGE         -1                        15    -16       19

PRECIPITATION (IN)
  YESTERDAY        T             0.68 1922   0.03  -0.03     0.00
  MONTH TO DATE    0.17                      0.11   0.06      T
  SINCE DEC 1      2.21                      1.11   1.10     3.84
  SINCE JAN 1      0.17                      0.11   0.06      T

SNOWFALL (IN)
  YESTERDAY        T             6.8  1922   0.4   -0.4      0.0
  MONTH TO DATE    2.1                       1.5    0.6      0.1
  SINCE DEC 1     21.3                      11.0   10.3      9.5
  SINCE JUL 1     23.0                      17.3    5.7     10.9
  SNOW DEPTH       5

DEGREE DAYS
 HEATING
  YESTERDAY       66                        50     16       46
  MONTH TO DATE  189                       200    -11      173
  SINCE DEC 1   1600                      1630    -30     1227
  SINCE JUL 1   2809                      3376   -567     2589

 COOLING
  YESTERDAY        0                         0      0        0
  MONTH TO DATE    0                         0      0        0
  SINCE DEC 1      0                         0      0        0
  SINCE JAN 1      0                         0      0        0
..................................................................


WIND (MPH)
  HIGHEST WIND SPEED    22   HIGHEST WIND DIRECTION     W (290)
  HIGHEST GUST SPEED    30   HIGHEST GUST DIRECTION     W (290)
  AVERAGE WIND SPEED    12.0


SKY COVER
  POSSIBLE SUNSHINE  MM
  AVERAGE SKY COVER 0.1


WEATHER CONDITIONS
 THE FOLLOWING WEATHER WAS RECORDED YESTERDAY.
  HAZE


RELATIVE HUMIDITY (PERCENT)
 HIGHEST    79          1200 AM
 LOWEST     59           100 PM
 AVERAGE    69

..........................................................


THE EAU CLAIRE WI CLIMATE NORMALS FOR TODAY
                         NORMAL    RECORD    YEAR
 MAXIMUM TEMPERATURE (F)   23        43      2012
 MINIMUM TEMPERATURE (F)    6       -31      1924


SUNRISE AND SUNSET
JANUARY  5 2017.......SUNRISE   743 AM CST   SUNSET   440 PM CST
JANUARY  6 2017.......SUNRISE   743 AM CST   SUNSET   441 PM CST


-  INDICATES NEGATIVE NUMBERS.
R  INDICATES RECORD WAS SET OR TIED.
MM INDICATES DATA IS MISSING.
T  INDICATES TRACE AMOUNT.




$$
