000
CDUS43 KMPX 140623
CLIEAU


CLIMATE REPORT
NATIONAL WEATHER SERVICE CHANHASSEN MN
122 AM CDT SAT MAY 14 2016


...................................

...THE EAU CLAIRE WI CLIMATE SUMMARY FOR MAY 13 2016...

CLIMATE NORMAL PERIOD 1981 TO 2010
CLIMATE RECORD PERIOD 1893 TO 2016


WEATHER ITEM   OBSERVED TIME   RECORD YEAR NORMAL DEPARTURE LAST
                VALUE   (LST)  VALUE       VALUE  FROM      YEAR
                                                  NORMAL
..................................................................
TEMPERATURE (F)
 YESTERDAY
  MAXIMUM         51        MM  90    1900  69    -18       66
  MINIMUM         39        MM  26    1953  45     -6       33
  AVERAGE         45                        57    -12       50

PRECIPITATION (IN)
  YESTERDAY        0.14          1.45 1906   0.11   0.03     0.00
  MONTH TO DATE    0.97                      1.40  -0.43     1.76
  SINCE MAR 1      8.19                      5.88   2.31     5.23
  SINCE JAN 1      9.35                      7.58   1.77     5.82

SNOWFALL (IN)
  YESTERDAY        0.0           0.0    MM   0.0    0.0      0.0
  MONTH TO DATE    0.0                       0.2   -0.2      0.0
  SINCE MAR 1     13.9                      10.7    3.2      7.3
  SINCE JUL 1     38.0                      47.0   -9.0     38.1
  SNOW DEPTH       0

DEGREE DAYS
 HEATING
  YESTERDAY       20                         9     11       15
  MONTH TO DATE  138                       137      1      102
  SINCE MAR 1   1526                      1757   -231     1613
  SINCE JUL 1   6704                      7777  -1073     7966

 COOLING
  YESTERDAY        0                         1     -1        0
  MONTH TO DATE    3                         7     -4        9
  SINCE MAR 1      7                        11     -4        9
  SINCE JAN 1      7                        11     -4        9
..................................................................


WIND (MPH)
  HIGHEST WIND SPEED    18   HIGHEST WIND DIRECTION     W (290)
  HIGHEST GUST SPEED    32   HIGHEST GUST DIRECTION    NW (300)
  AVERAGE WIND SPEED    11.7


SKY COVER
  POSSIBLE SUNSHINE  MM
  AVERAGE SKY COVER 0.8


WEATHER CONDITIONS
 THE FOLLOWING WEATHER WAS RECORDED YESTERDAY.
  LIGHT RAIN


RELATIVE HUMIDITY (PERCENT)
 HIGHEST    89           400 AM
 LOWEST     53           600 PM
 AVERAGE    71

..........................................................


THE EAU CLAIRE WI CLIMATE NORMALS FOR TODAY
                         NORMAL    RECORD    YEAR
 MAXIMUM TEMPERATURE (F)   69        95      1932
 MINIMUM TEMPERATURE (F)   45        25      1895


SUNRISE AND SUNSET
MAY 14 2016...........SUNRISE   538 AM CDT   SUNSET   827 PM CDT
MAY 15 2016...........SUNRISE   537 AM CDT   SUNSET   829 PM CDT


-  INDICATES NEGATIVE NUMBERS.
R  INDICATES RECORD WAS SET OR TIED.
MM INDICATES DATA IS MISSING.
T  INDICATES TRACE AMOUNT.




$$
