000
CDUS43 KMPX 250100
CLIEAU


CLIMATE REPORT
NATIONAL WEATHER SERVICE CHANHASSEN MN
759 PM CDT MON AUG 24 2015


...................................

...THE EAU CLAIRE WI CLIMATE SUMMARY FOR AUGUST 24 2015...
VALID TODAY AS OF 0700 PM LOCAL TIME.

CLIMATE NORMAL PERIOD 1981 TO 2010
CLIMATE RECORD PERIOD 1893 TO 2015


WEATHER ITEM   OBSERVED TIME   RECORD YEAR NORMAL DEPARTURE LAST
                VALUE   (LST)  VALUE       VALUE  FROM      YEAR
                                                  NORMAL
..................................................................
TEMPERATURE (F)
 TODAY
  MAXIMUM         61    420 PM 103    1948  79    -18       87
  MINIMUM         54   1204 PM  39    1942  57     -3       71
  AVERAGE         58                        68    -10       79

PRECIPITATION (IN)
  TODAY            T             1.07 2006   0.13  -0.13     0.27
  MONTH TO DATE    7.07                      3.55   3.52     4.15
  SINCE JUN 1     17.99                     11.56   6.43    16.43
  SINCE JAN 1     27.44                     21.20   6.24    30.53

SNOWFALL (IN)
  TODAY            0.0           0.0    MM   0.0    0.0      0.0
  MONTH TO DATE    0.0                       0.0    0.0      0.0
  SINCE JUN 1      0.0                       0.0    0.0      0.0
  SINCE JUL 1      0.0                       0.0    0.0      0.0
  SNOW DEPTH       0

DEGREE DAYS
 HEATING
  TODAY            7                         1      6        0
  MONTH TO DATE   20                        19      1        3
  SINCE JUN 1     64                        92    -28       46
  SINCE JUL 1     36                        30      6       21

 COOLING
  TODAY            0                         4     -4       14
  MONTH TO DATE  116                       133    -17      149
  SINCE JUN 1    378                       467    -89      421
  SINCE JAN 1    396                       499   -103      456
..................................................................


WIND (MPH)
  HIGHEST WIND SPEED    26   HIGHEST WIND DIRECTION     W (290)
  HIGHEST GUST SPEED    36   HIGHEST GUST DIRECTION     W (280)
  AVERAGE WIND SPEED    15.0


SKY COVER
  POSSIBLE SUNSHINE  MM
  AVERAGE SKY COVER 0.6


WEATHER CONDITIONS
 THE FOLLOWING WEATHER WAS RECORDED TODAY.
  LIGHT RAIN


RELATIVE HUMIDITY (PERCENT)
 HIGHEST    66           400 AM
 LOWEST     55           300 PM
 AVERAGE    61

..........................................................


THE EAU CLAIRE WI CLIMATE NORMALS FOR TOMORROW
                         NORMAL    RECORD    YEAR
 MAXIMUM TEMPERATURE (F)   79        99      1948
 MINIMUM TEMPERATURE (F)   57        40      2008
                                             1958


SUNRISE AND SUNSET
AUGUST 24 2015........SUNRISE   618 AM CDT   SUNSET   757 PM CDT
AUGUST 25 2015........SUNRISE   620 AM CDT   SUNSET   756 PM CDT


-  INDICATES NEGATIVE NUMBERS.
R  INDICATES RECORD WAS SET OR TIED.
MM INDICATES DATA IS MISSING.
T  INDICATES TRACE AMOUNT.




$$
