000
CDUS43 KMPX 170709
CLIEAU


CLIMATE REPORT
NATIONAL WEATHER SERVICE CHANHASSEN MN
209 AM CDT WED MAY 17 2017


...................................

...THE EAU CLAIRE WI CLIMATE SUMMARY FOR MAY 16 2017...

CLIMATE NORMAL PERIOD 1981 TO 2010
CLIMATE RECORD PERIOD 1893 TO 2017


WEATHER ITEM   OBSERVED TIME   RECORD YEAR NORMAL DEPARTURE LAST
                VALUE   (LST)  VALUE       VALUE  FROM      YEAR
                                                  NORMAL
..................................................................
TEMPERATURE (F)
 YESTERDAY
  MAXIMUM         83    433 PM  92    1936  70     13       63
  MINIMUM         59    144 AM  28    1956  45     14       43
  AVERAGE         71                        58     13       53

PRECIPITATION (IN)
  YESTERDAY        0.94          1.45 1960   0.12   0.82     0.00
  MONTH TO DATE    1.88                      1.73   0.15     0.97
  SINCE MAR 1      7.94                      6.21   1.73     8.19
  SINCE JAN 1     12.02                      7.91   4.11     9.35

SNOWFALL (IN)
  YESTERDAY        0.0           T    1956   0.0    0.0      0.0
                                      1916
  MONTH TO DATE    T                         0.2   -0.2      0.0
  SINCE MAR 1      5.6                      10.7   -5.1     13.9
  SINCE JUL 1     54.5                      47.0    7.5     38.0
  SNOW DEPTH       0

DEGREE DAYS
 HEATING
  YESTERDAY        0                         8     -8       12
  MONTH TO DATE  160                       162     -2      196
  SINCE MAR 1   1731                      1782    -51     1584
  SINCE JUL 1   6841                      7802   -961     6762

 COOLING
  YESTERDAY        6                         1      5        0
  MONTH TO DATE    7                        10     -3        3
  SINCE MAR 1      7                        14     -7        7
  SINCE JAN 1      7                        14     -7        7
..................................................................


WIND (MPH)
  HIGHEST WIND SPEED    35   HIGHEST WIND DIRECTION    SW (210)
  HIGHEST GUST SPEED    48   HIGHEST GUST DIRECTION     S (200)
  AVERAGE WIND SPEED     9.9


SKY COVER
  POSSIBLE SUNSHINE  MM
  AVERAGE SKY COVER 0.7


WEATHER CONDITIONS
 THE FOLLOWING WEATHER WAS RECORDED YESTERDAY.
  THUNDERSTORM
  HEAVY RAIN
  RAIN
  LIGHT RAIN
  FOG
  HAZE


RELATIVE HUMIDITY (PERCENT)
 HIGHEST    93          1200 AM
 LOWEST     58           400 PM
 AVERAGE    76

..........................................................


THE EAU CLAIRE WI CLIMATE NORMALS FOR TODAY
                         NORMAL    RECORD    YEAR
 MAXIMUM TEMPERATURE (F)   70        93      1987
 MINIMUM TEMPERATURE (F)   46        29      2002
                                             1925


SUNRISE AND SUNSET
MAY 17 2017...........SUNRISE   535 AM CDT   SUNSET   831 PM CDT
MAY 18 2017...........SUNRISE   534 AM CDT   SUNSET   832 PM CDT


-  INDICATES NEGATIVE NUMBERS.
R  INDICATES RECORD WAS SET OR TIED.
MM INDICATES DATA IS MISSING.
T  INDICATES TRACE AMOUNT.




$$
