000
CDUS43 KMPX 120131
CLIEAU


CLIMATE REPORT
NATIONAL WEATHER SERVICE CHANHASSEN MN
730 PM CST SAT NOV 11 2017


...................................

...THE EAU CLAIRE WI CLIMATE SUMMARY FOR NOVEMBER 11 2017...
VALID TODAY AS OF 0700 PM LOCAL TIME.

CLIMATE NORMAL PERIOD 1981 TO 2010
CLIMATE RECORD PERIOD 1893 TO 2017


WEATHER ITEM   OBSERVED TIME   RECORD YEAR NORMAL DEPARTURE LAST
                VALUE   (LST)  VALUE       VALUE  FROM      YEAR
                                                  NORMAL
..................................................................
TEMPERATURE (F)
 TODAY
  MAXIMUM         36    331 PM  67    2012  44     -8       50
  MINIMUM         24    116 AM   0    1986  27     -3       27
  AVERAGE         30                        36     -6       39

PRECIPITATION (IN)
  TODAY            0.02          1.38 2015   0.06  -0.04     0.00
  MONTH TO DATE    0.34                      0.70  -0.36     0.00
  SINCE SEP 1      6.15                      6.72  -0.57    10.92
  SINCE JAN 1     34.27                     28.84   5.43    37.75

SNOWFALL (IN)
  TODAY            0.3           4.0  2014   0.2    0.1      0.0
  MONTH TO DATE    1.4                       1.3    0.1      0.0
  SINCE SEP 1      3.3                       1.7    1.6      0.0
  SINCE JUL 1      3.3                       1.7    1.6      0.0
  SNOW DEPTH       T

DEGREE DAYS
 HEATING
  TODAY           35                        29      6       26
  MONTH TO DATE  392                       294     98      173
  SINCE SEP 1    982                      1039    -57      680
  SINCE JUL 1   1025                      1078    -53      690

 COOLING
  TODAY            0                         0      0        0
  MONTH TO DATE    0                         0      0        0
  SINCE SEP 1     94                        52     42       41
  SINCE JAN 1    466                       579   -113      624
..................................................................


WIND (MPH)
  HIGHEST WIND SPEED    17   HIGHEST WIND DIRECTION     S (170)
  HIGHEST GUST SPEED    20   HIGHEST GUST DIRECTION     S (170)
  AVERAGE WIND SPEED     9.2


SKY COVER
  POSSIBLE SUNSHINE  MM
  AVERAGE SKY COVER 0.8


WEATHER CONDITIONS
 THE FOLLOWING WEATHER WAS RECORDED TODAY.
  LIGHT SNOW
  FOG
  HAZE


RELATIVE HUMIDITY (PERCENT)
 HIGHEST    88           100 AM
 LOWEST     70           300 PM
 AVERAGE    79

..........................................................


THE EAU CLAIRE WI CLIMATE NORMALS FOR TOMORROW
                         NORMAL    RECORD    YEAR
 MAXIMUM TEMPERATURE (F)   44        63      2005
 MINIMUM TEMPERATURE (F)   27         1      1986


SUNRISE AND SUNSET
NOVEMBER 11 2017......SUNRISE   658 AM CST   SUNSET   441 PM CST
NOVEMBER 12 2017......SUNRISE   700 AM CST   SUNSET   440 PM CST


-  INDICATES NEGATIVE NUMBERS.
R  INDICATES RECORD WAS SET OR TIED.
MM INDICATES DATA IS MISSING.
T  INDICATES TRACE AMOUNT.




$$
