000
CDUS43 KMPX 161030 CCA
CLIEAU

CLIMATE REPORT...CORRECTED...
NATIONAL WEATHER SERVICE CHANHASSEN MN
213 AM CDT FRI SEP 16 2016


...................................

...THE EAU CLAIRE WI CLIMATE SUMMARY FOR SEPTEMBER 15 2016...

CLIMATE NORMAL PERIOD 1981 TO 2010
CLIMATE RECORD PERIOD 1893 TO 2016


WEATHER ITEM   OBSERVED TIME   RECORD YEAR NORMAL DEPARTURE LAST
                VALUE   (LST)  VALUE       VALUE  FROM      YEAR
                                                  NORMAL
..................................................................
TEMPERATURE (F)
 YESTERDAY
  MAXIMUM         77    259 PM  97    1939  72      5       83
  MINIMUM         47    600 AM  29    2011  49     -2       66
  AVERAGE         62                        60      2       75

PRECIPITATION (IN)
  YESTERDAY        0.30          2.03 2010   0.12   0.18     0.00
  MONTH TO DATE    2.17                      1.89   0.28     3.13
  SINCE SEP 1      2.17                      1.89   0.28     3.13
  SINCE JAN 1     29.00                     24.01   4.99    30.69

SNOWFALL (IN)
  YESTERDAY        0.0           T    1916   0.0    0.0      0.0
  MONTH TO DATE    0.0                       0.0    0.0      0.0
  SINCE SEP 1      0.0                       0.0    0.0      0.0
  SINCE JUL 1      0.0                       0.0    0.0      0.0
  SNOW DEPTH       0

DEGREE DAYS
 HEATING
  YESTERDAY        3                         6     -3        0
  MONTH TO DATE   27                        59    -32       40
  SINCE SEP 1     27                        59    -32       40
  SINCE JUL 1     37                        98    -61       95

 COOLING
  YESTERDAY        0                         1     -1       10
  MONTH TO DATE   31                        36     -5       87
  SINCE SEP 1     31                        36     -5       87
  SINCE JAN 1    614                       563     51      489
..................................................................


WIND (MPH)
  HIGHEST WIND SPEED    22   HIGHEST WIND DIRECTION    SE (120)
  HIGHEST GUST SPEED    30   HIGHEST GUST DIRECTION    SE (120)
  AVERAGE WIND SPEED     7.1


SKY COVER
  POSSIBLE SUNSHINE  MM
  AVERAGE SKY COVER 0.1


WEATHER CONDITIONS
 THE FOLLOWING WEATHER WAS RECORDED YESTERDAY.
  NO SIGNIFICANT WEATHER WAS OBSERVED.


RELATIVE HUMIDITY (PERCENT)
 HIGHEST   100           400 AM
 LOWEST     57          1200 PM
 AVERAGE    79

..........................................................


THE EAU CLAIRE WI CLIMATE NORMALS FOR TODAY
                         NORMAL    RECORD    YEAR
 MAXIMUM TEMPERATURE (F)   71        95      1948
 MINIMUM TEMPERATURE (F)   49        34      1916


SUNRISE AND SUNSET
SEPTEMBER 16 2016.....SUNRISE   646 AM CDT   SUNSET   714 PM CDT
SEPTEMBER 17 2016.....SUNRISE   648 AM CDT   SUNSET   712 PM CDT


-  INDICATES NEGATIVE NUMBERS.
R  INDICATES RECORD WAS SET OR TIED.
MM INDICATES DATA IS MISSING.
T  INDICATES TRACE AMOUNT.




$$
CARLYON
