000
CDUS43 KMPX 132144
CLIEAU


CLIMATE REPORT
NATIONAL WEATHER SERVICE CHANHASSEN MN
444 PM CDT TUE SEP 13 2016


...................................

...THE EAU CLAIRE WI CLIMATE SUMMARY FOR SEPTEMBER 13 2016...
VALID AS OF 0400 PM LOCAL TIME.

CLIMATE NORMAL PERIOD 1981 TO 2010
CLIMATE RECORD PERIOD 1893 TO 2016


WEATHER ITEM   OBSERVED TIME   RECORD YEAR NORMAL DEPARTURE LAST
                VALUE   (LST)  VALUE       VALUE  FROM      YEAR
                                                  NORMAL
..................................................................
TEMPERATURE (F)
 TODAY
  MAXIMUM         67   1156 AM  95    1939  73     -6       72
  MINIMUM         MM        MM  29    1963  50     MM       41
  AVERAGE         MM                        61     MM       57

PRECIPITATION (IN)
  TODAY            0.10          2.99 1909   0.12  -0.02     0.00
  MONTH TO DATE    1.85                      1.64   0.21     3.13
  SINCE SEP 1      1.85                      1.64   0.21     3.13
  SINCE JAN 1     28.68                     23.76   4.92    30.69

SNOWFALL (IN)
  TODAY            0.0           0.0    MM   0.0    0.0      0.0
  MONTH TO DATE    0.0                       0.0    0.0      0.0
  SINCE SEP 1      0.0                       0.0    0.0      0.0
  SINCE JUL 1      0.0                       0.0    0.0      0.0
  SNOW DEPTH       0

DEGREE DAYS
 HEATING
  TODAY           MM                         5     MM        8
  MONTH TO DATE   14                        47    -33       40
  SINCE SEP 1     14                        47    -33       40
  SINCE JUL 1     24                        86    -62       95

 COOLING
  TODAY           MM                         2     MM        0
  MONTH TO DATE   31                        33     -2       75
  SINCE SEP 1     31                        33     -2       75
  SINCE JAN 1    614                       560     54      477
..................................................................


WIND (MPH)
  HIGHEST WIND SPEED     7   HIGHEST WIND DIRECTION     N (340)
  HIGHEST GUST SPEED    MM   HIGHEST GUST DIRECTION    MM
  AVERAGE WIND SPEED    MM


SKY COVER
  POSSIBLE SUNSHINE  MM
  AVERAGE SKY COVER 0.5


WEATHER CONDITIONS
 THE FOLLOWING WEATHER WAS RECORDED TODAY.
  NO SIGNIFICANT WEATHER WAS OBSERVED.


RELATIVE HUMIDITY (PERCENT)
 HIGHEST    67          1000 AM
 LOWEST     63          1200 PM
 AVERAGE    65

..........................................................


THE EAU CLAIRE WI CLIMATE NORMALS FOR TOMORROW
                         NORMAL    RECORD    YEAR
 MAXIMUM TEMPERATURE (F)   72        97      1939
 MINIMUM TEMPERATURE (F)   50        29      1923


SUNRISE AND SUNSET
SEPTEMBER 13 2016.....SUNRISE   643 AM CDT   SUNSET   719 PM CDT
SEPTEMBER 14 2016.....SUNRISE   644 AM CDT   SUNSET   718 PM CDT


-  INDICATES NEGATIVE NUMBERS.
R  INDICATES RECORD WAS SET OR TIED.
MM INDICATES DATA IS MISSING.
T  INDICATES TRACE AMOUNT.




$$
