000
CDUS43 KMPX 130028
CLIEAU


CLIMATE REPORT
NATIONAL WEATHER SERVICE CHANHASSEN MN
628 PM CST WED NOV 12 2014


...................................

...THE EAU CLAIRE WI CLIMATE SUMMARY FOR NOVEMBER 12 2014...
VALID TODAY AS OF 0600 PM LOCAL TIME.

CLIMATE NORMAL PERIOD 1981 TO 2010
CLIMATE RECORD PERIOD 1893 TO 2014


WEATHER ITEM   OBSERVED TIME   RECORD YEAR NORMAL DEPARTURE LAST
                VALUE   (LST)  VALUE       VALUE  FROM      YEAR
                                                  NORMAL
..................................................................
TEMPERATURE (F)
 TODAY
  MAXIMUM         24    453 PM  63    2005  44    -20       28
  MINIMUM         10    717 AM   1    1986  27    -17       11
  AVERAGE         17                        35    -18       20

PRECIPITATION (IN)
  TODAY            T             0.87 1965   0.07  -0.07     0.00
  MONTH TO DATE    1.02                      0.77   0.25     0.70
  SINCE SEP 1      8.91                      6.79   2.12     6.11
  SINCE JAN 1     41.58                     28.91  12.67    33.75

SNOWFALL (IN)
  TODAY            T             3.5  1903   0.1   -0.1      0.0
  MONTH TO DATE    5.4                       1.4    4.0      0.1
  SINCE SEP 1      6.0                       1.8    4.2      0.1
  SINCE JUL 1      6.0                       1.8    4.2      0.1
  SNOW DEPTH       4

DEGREE DAYS
 HEATING
  TODAY           48                        30     18       45
  MONTH TO DATE  372                       324     48      361
  SINCE SEP 1   1125                      1069     56     1041
  SINCE JUL 1   1148                      1108     40     1079

 COOLING
  TODAY            0                         0      0        0
  MONTH TO DATE    0                         0      0        0
  SINCE SEP 1     22                        52    -30       87
  SINCE JAN 1    500                       579    -79      653
..................................................................


WIND (MPH)
  HIGHEST WIND SPEED    15   HIGHEST WIND DIRECTION     W (250)
  HIGHEST GUST SPEED    19   HIGHEST GUST DIRECTION     W (250)
  AVERAGE WIND SPEED     7.7


SKY COVER
  POSSIBLE SUNSHINE  MM
  AVERAGE SKY COVER 0.8


WEATHER CONDITIONS
 THE FOLLOWING WEATHER WAS RECORDED TODAY.
  LIGHT SNOW


RELATIVE HUMIDITY (PERCENT)
 HIGHEST    84           500 AM
 LOWEST     68           300 PM
 AVERAGE    76

..........................................................


THE EAU CLAIRE WI CLIMATE NORMALS FOR TOMORROW
                         NORMAL    RECORD    YEAR
 MAXIMUM TEMPERATURE (F)   43        69      1999
 MINIMUM TEMPERATURE (F)   26        -3      1986


SUNRISE AND SUNSET
NOVEMBER 12 2014......SUNRISE   659 AM CST   SUNSET   440 PM CST
NOVEMBER 13 2014......SUNRISE   701 AM CST   SUNSET   439 PM CST


-  INDICATES NEGATIVE NUMBERS.
R  INDICATES RECORD WAS SET OR TIED.
MM INDICATES DATA IS MISSING.
T  INDICATES TRACE AMOUNT.




$$
