983
CDUS43 KMPX 130629
CLIEAU


CLIMATE REPORT
NATIONAL WEATHER SERVICE CHANHASSEN MN
1228 AM CST FRI JAN 13 2017


...................................

...THE EAU CLAIRE WI CLIMATE SUMMARY FOR JANUARY 12 2017...

CLIMATE NORMAL PERIOD 1981 TO 2010
CLIMATE RECORD PERIOD 1893 TO 2017


WEATHER ITEM   OBSERVED TIME   RECORD YEAR NORMAL DEPARTURE LAST
                VALUE   (LST)  VALUE       VALUE  FROM      YEAR
                                                  NORMAL
..................................................................
TEMPERATURE (F)
 YESTERDAY
  MAXIMUM         14    409 PM  47    1987  23     -9        1
  MINIMUM         -4   1159 PM -36    1912   5     -9       -8
  AVERAGE          5                        14     -9       -3

PRECIPITATION (IN)
  YESTERDAY        0.00          0.49 1935   0.03  -0.03      T
  MONTH TO DATE    0.81                      0.33   0.48     0.36
  SINCE DEC 1      2.91                      1.33   1.58     4.20
  SINCE JAN 1      0.81                      0.33   0.48     0.36

SNOWFALL (IN)
  YESTERDAY        0.0           7.5  2000   0.5   -0.5       T
  MONTH TO DATE   11.0                       4.7    6.3      3.9
  SINCE DEC 1     30.2                      14.2   16.0     13.3
  SINCE JUL 1     31.9                      20.5   11.4     14.7
  SNOW DEPTH      10

DEGREE DAYS
 HEATING
  YESTERDAY       60                        51      9       68
  MONTH TO DATE  682                       607     75      585
  SINCE DEC 1   2093                      2037     56     1639
  SINCE JUL 1   3302                      3783   -481     3001

 COOLING
  YESTERDAY        0                         0      0        0
  MONTH TO DATE    0                         0      0        0
  SINCE DEC 1      0                         0      0        0
  SINCE JAN 1      0                         0      0        0
..................................................................


WIND (MPH)
  HIGHEST WIND SPEED    22   HIGHEST WIND DIRECTION     W (280)
  HIGHEST GUST SPEED    28   HIGHEST GUST DIRECTION     W (280)
  AVERAGE WIND SPEED     8.4


SKY COVER
  POSSIBLE SUNSHINE  MM
  AVERAGE SKY COVER 0.5


WEATHER CONDITIONS
 THE FOLLOWING WEATHER WAS RECORDED YESTERDAY.
  NO SIGNIFICANT WEATHER WAS OBSERVED.


RELATIVE HUMIDITY (PERCENT)
 HIGHEST    86           300 AM
 LOWEST     53           100 PM
 AVERAGE    70

..........................................................


THE EAU CLAIRE WI CLIMATE NORMALS FOR TODAY
                         NORMAL    RECORD    YEAR
 MAXIMUM TEMPERATURE (F)   23        44      1996
                                             1987
 MINIMUM TEMPERATURE (F)    5       -28      1916


SUNRISE AND SUNSET
JANUARY 13 2017.......SUNRISE   741 AM CST   SUNSET   449 PM CST
JANUARY 14 2017.......SUNRISE   740 AM CST   SUNSET   450 PM CST


-  INDICATES NEGATIVE NUMBERS.
R  INDICATES RECORD WAS SET OR TIED.
MM INDICATES DATA IS MISSING.
T  INDICATES TRACE AMOUNT.




$$
