000
CDUS43 KMPX 240113
CLIEAU


CLIMATE REPORT
NATIONAL WEATHER SERVICE CHANHASSEN MN
712 PM CST WED NOV 23 2016


...................................

...THE EAU CLAIRE WI CLIMATE SUMMARY FOR NOVEMBER 23 2016...
VALID TODAY AS OF 0700 PM LOCAL TIME.

CLIMATE NORMAL PERIOD 1981 TO 2010
CLIMATE RECORD PERIOD 1893 TO 2016


WEATHER ITEM   OBSERVED TIME   RECORD YEAR NORMAL DEPARTURE LAST
                VALUE   (LST)  VALUE       VALUE  FROM      YEAR
                                                  NORMAL
..................................................................
TEMPERATURE (F)
 TODAY
  MAXIMUM         34    559 PM  59    2001  37     -3       45
  MINIMUM         32   1230 PM  -9    1956  21     11       27
  AVERAGE         33                        29      4       36

PRECIPITATION (IN)
  TODAY            0.36          1.10 1983   0.06   0.30     0.00
  MONTH TO DATE    0.58                      1.45  -0.87     2.27
  SINCE SEP 1     11.50                      7.47   4.03    10.49
  SINCE JAN 1     38.33                     29.59   8.74    38.05

SNOWFALL (IN)
  TODAY            1.0           6.2  1991   0.3    0.7      0.0
  MONTH TO DATE    1.7                       4.0   -2.3       T
  SINCE SEP 1      1.7                       4.4   -2.7      0.9
  SINCE JUL 1      1.7                       4.4   -2.7      0.9
  SNOW DEPTH       1

DEGREE DAYS
 HEATING
  TODAY           32                        36     -4       29
  MONTH TO DATE  493                       692   -199      500
  SINCE SEP 1   1000                      1437   -437     1067
  SINCE JUL 1   1010                      1476   -466     1122

 COOLING
  TODAY            0                         0      0        0
  MONTH TO DATE    0                         0      0        0
  SINCE SEP 1     41                        52    -11      118
  SINCE JAN 1    624                       579     45      520
..................................................................


WIND (MPH)
  HIGHEST WIND SPEED    12   HIGHEST WIND DIRECTION     E (100)
  HIGHEST GUST SPEED    14   HIGHEST GUST DIRECTION     E (100)
  AVERAGE WIND SPEED     5.7


SKY COVER
  POSSIBLE SUNSHINE  MM
  AVERAGE SKY COVER 1.0


WEATHER CONDITIONS
 THE FOLLOWING WEATHER WAS RECORDED TODAY.
  LIGHT RAIN
  SNOW
  LIGHT SNOW
  FOG


RELATIVE HUMIDITY (PERCENT)
 HIGHEST   100           400 AM
 LOWEST     96          1200 AM
 AVERAGE    98

..........................................................


THE EAU CLAIRE WI CLIMATE NORMALS FOR TOMORROW
                         NORMAL    RECORD    YEAR
 MAXIMUM TEMPERATURE (F)   36        61      1931
 MINIMUM TEMPERATURE (F)   20       -12      1898


SUNRISE AND SUNSET
NOVEMBER 23 2016......SUNRISE   714 AM CST   SUNSET   430 PM CST
NOVEMBER 24 2016......SUNRISE   716 AM CST   SUNSET   430 PM CST


-  INDICATES NEGATIVE NUMBERS.
R  INDICATES RECORD WAS SET OR TIED.
MM INDICATES DATA IS MISSING.
T  INDICATES TRACE AMOUNT.




$$
