000
CDUS43 KMPX 160624
CLIEAU


CLIMATE REPORT
NATIONAL WEATHER SERVICE CHANHASSEN MN
121 AM CDT TUE AUG 16 2016


...................................

...THE EAU CLAIRE WI CLIMATE SUMMARY FOR AUGUST 15 2016...

CLIMATE NORMAL PERIOD 1981 TO 2010
CLIMATE RECORD PERIOD 1893 TO 2016


WEATHER ITEM   OBSERVED TIME   RECORD YEAR NORMAL DEPARTURE LAST
                VALUE   (LST)  VALUE       VALUE  FROM      YEAR
                                                  NORMAL
..................................................................
TEMPERATURE (F)
 YESTERDAY
  MAXIMUM         82        MM 103    1936  81      1       90
  MINIMUM         56        MM  41    1979  59     -3       66
  AVERAGE         69                        70     -1       78

PRECIPITATION (IN)
  YESTERDAY        0.00          1.03 1966   0.15  -0.15     0.00
  MONTH TO DATE    3.13                      2.25   0.88     4.12
  SINCE JUN 1     12.93                     10.26   2.67    15.04
  SINCE JAN 1     25.12                     19.90   5.22    24.49

SNOWFALL (IN)
  YESTERDAY        0.0           0.0    MM   0.0    0.0      0.0
  MONTH TO DATE    0.0                       0.0    0.0      0.0
  SINCE JUN 1      0.0                       0.0    0.0      0.0
  SINCE JUL 1      0.0                       0.0    0.0      0.0
  SNOW DEPTH       0

DEGREE DAYS
 HEATING
  YESTERDAY        0                         1     -1        0
  MONTH TO DATE    0                        10    -10        0
  SINCE JUN 1     36                        83    -47       44
  SINCE JUL 1      4                        21    -17       16

 COOLING
  YESTERDAY        4                         5     -1       13
  MONTH TO DATE  127                        89     38       93
  SINCE JUN 1    474                       423     51      355
  SINCE JAN 1    514                       455     59      373
..................................................................


WIND (MPH)
  HIGHEST WIND SPEED     9   HIGHEST WIND DIRECTION    SE (150)
  HIGHEST GUST SPEED    MM   HIGHEST GUST DIRECTION    MM
  AVERAGE WIND SPEED     2.3


SKY COVER
  POSSIBLE SUNSHINE  MM
  AVERAGE SKY COVER 0.1


WEATHER CONDITIONS
 THE FOLLOWING WEATHER WAS RECORDED YESTERDAY.
  FOG
  FOG W/VISIBILITY <= 1/4 MILE


RELATIVE HUMIDITY (PERCENT)
 HIGHEST   100           300 AM
 LOWEST     45           100 PM
 AVERAGE    73

..........................................................


THE EAU CLAIRE WI CLIMATE NORMALS FOR TODAY
                         NORMAL    RECORD    YEAR
 MAXIMUM TEMPERATURE (F)   81       103      1988
 MINIMUM TEMPERATURE (F)   59        43      1976
                                             1979


SUNRISE AND SUNSET
AUGUST 16 2016........SUNRISE   610 AM CDT   SUNSET   810 PM CDT
AUGUST 17 2016........SUNRISE   611 AM CDT   SUNSET   808 PM CDT


-  INDICATES NEGATIVE NUMBERS.
R  INDICATES RECORD WAS SET OR TIED.
MM INDICATES DATA IS MISSING.
T  INDICATES TRACE AMOUNT.




$$
