000
CDUS43 KMPX 200750
CLIEAU


CLIMATE REPORT
NATIONAL WEATHER SERVICE CHANHASSEN MN
149 AM CST SAT DEC 20 2014


...................................

...THE EAU CLAIRE WI CLIMATE SUMMARY FOR DECEMBER 19 2014...

CLIMATE NORMAL PERIOD 1981 TO 2010
CLIMATE RECORD PERIOD 1893 TO 2014


WEATHER ITEM   OBSERVED TIME   RECORD YEAR NORMAL DEPARTURE LAST
                VALUE   (LST)  VALUE       VALUE  FROM      YEAR
                                                  NORMAL
..................................................................
TEMPERATURE (F)
 YESTERDAY
  MAXIMUM         28   1159 PM  54    1923  26      2       22
  MINIMUM         23    852 AM -32    1983   9     14       12
  AVERAGE         26                        18      8       17

PRECIPITATION (IN)
  YESTERDAY        T             0.96 1968   0.03  -0.03      T
  MONTH TO DATE    0.10                      0.67  -0.57     1.19
  SINCE DEC 1      0.10                      0.67  -0.57     1.19
  SINCE JAN 1     42.40                     30.65  11.75    35.56

SNOWFALL (IN)
  YESTERDAY        T            11.0  1968   0.3   -0.3       T
  MONTH TO DATE    0.5                       5.8   -5.3     11.1
  SINCE DEC 1      0.5                       5.8   -5.3     11.1
  SINCE JUL 1     14.7                      12.1    2.6     13.3
  SNOW DEPTH       T

DEGREE DAYS
 HEATING
  YESTERDAY       39                        47     -8       48
  MONTH TO DATE  756                       844    -88     1017
  SINCE DEC 1    756                       844    -88     1017
  SINCE JUL 1   2728                      2590    138     2762

 COOLING
  YESTERDAY        0                         0      0        0
  MONTH TO DATE    0                         0      0        0
  SINCE DEC 1      0                         0      0        0
  SINCE JAN 1    500                       579    -79      653
..................................................................


WIND (MPH)
  HIGHEST WIND SPEED     9   HIGHEST WIND DIRECTION    SE (150)
  HIGHEST GUST SPEED    12   HIGHEST GUST DIRECTION    SE (150)
  AVERAGE WIND SPEED     5.8


SKY COVER
  POSSIBLE SUNSHINE  MM
  AVERAGE SKY COVER 1.0


WEATHER CONDITIONS
 THE FOLLOWING WEATHER WAS RECORDED YESTERDAY.
  NO SIGNIFICANT WEATHER WAS OBSERVED.


RELATIVE HUMIDITY (PERCENT)
 HIGHEST    81          1200 AM
 LOWEST     69           600 PM
 AVERAGE    75

..........................................................


THE EAU CLAIRE WI CLIMATE NORMALS FOR TODAY
                         NORMAL    RECORD    YEAR
 MAXIMUM TEMPERATURE (F)   26        50      1967
 MINIMUM TEMPERATURE (F)    9       -28      1983


SUNRISE AND SUNSET
DECEMBER 20 2014......SUNRISE   740 AM CST   SUNSET   427 PM CST
DECEMBER 21 2014......SUNRISE   741 AM CST   SUNSET   428 PM CST


-  INDICATES NEGATIVE NUMBERS.
R  INDICATES RECORD WAS SET OR TIED.
MM INDICATES DATA IS MISSING.
T  INDICATES TRACE AMOUNT.




$$
