947
CDUS43 KMPX 081448 CCA
CLIEAU

CLIMATE REPORT...CORRECT...FOR TRACE SNOWFALL...
NATIONAL WEATHER SERVICE CHANHASSEN MN
118 AM CST FRI DEC 8 2017


...................................

...THE EAU CLAIRE WI CLIMATE SUMMARY FOR DECEMBER 7 2017...

CLIMATE NORMAL PERIOD 1981 TO 2010
CLIMATE RECORD PERIOD 1893 TO 2017


WEATHER ITEM   OBSERVED TIME   RECORD YEAR NORMAL DEPARTURE LAST
                VALUE   (LST)  VALUE       VALUE  FROM      YEAR
                                                  NORMAL
..................................................................
TEMPERATURE (F)
 YESTERDAY
  MAXIMUM         20    227 PM  49    1916  30    -10       20
  MINIMUM          7    802 AM -24    1972  14     -7       16
  AVERAGE         14                        22     -8       18

PRECIPITATION (IN)
  YESTERDAY         T            0.65 1926   0.04  -0.04      T
  MONTH TO DATE    0.46                      0.29   0.17     0.42
  SINCE DEC 1      0.46                      0.29   0.17     0.42
  SINCE JAN 1     34.88                     30.27   4.61    39.34

SNOWFALL (IN)
  YESTERDAY         T            7.0  1969   0.3   -0.3       T
  MONTH TO DATE    0.6                       2.1   -1.5      4.4
  SINCE DEC 1      0.6                       2.1   -1.5      4.4
  SINCE JUL 1      3.9                       8.4   -4.5      6.1
  SNOW DEPTH       T

DEGREE DAYS
 HEATING
  YESTERDAY       51                        43      8       47
  MONTH TO DATE  248                       295    -47      250
  SINCE DEC 1    248                       295    -47      250
  SINCE JUL 1   1889                      2041   -152     1459

 COOLING
  YESTERDAY        0                         0      0        0
  MONTH TO DATE    0                         0      0        0
  SINCE DEC 1      0                         0      0        0
  SINCE JAN 1    466                       579   -113      624
..................................................................


WIND (MPH)
  HIGHEST WIND SPEED    17   HIGHEST WIND DIRECTION     W (250)
  HIGHEST GUST SPEED    23   HIGHEST GUST DIRECTION     W (250)
  AVERAGE WIND SPEED    10.4


SKY COVER
  POSSIBLE SUNSHINE  MM
  AVERAGE SKY COVER 0.3


WEATHER CONDITIONS
 THE FOLLOWING WEATHER WAS RECORDED YESTERDAY.
  LIGHT SNOW


RELATIVE HUMIDITY (PERCENT)
 HIGHEST    74          1000 PM
 LOWEST     49           200 PM
 AVERAGE    62

..........................................................


THE EAU CLAIRE WI CLIMATE NORMALS FOR TODAY
                         NORMAL    RECORD    YEAR
 MAXIMUM TEMPERATURE (F)   29        55      1946
 MINIMUM TEMPERATURE (F)   13       -17      1917


SUNRISE AND SUNSET
DECEMBER  8 2017......SUNRISE   731 AM CST   SUNSET   425 PM CST
DECEMBER  9 2017......SUNRISE   732 AM CST   SUNSET   425 PM CST


-  INDICATES NEGATIVE NUMBERS.
R  INDICATES RECORD WAS SET OR TIED.
MM INDICATES DATA IS MISSING.
T  INDICATES TRACE AMOUNT.




$$
