000
CDUS43 KMPX 200108
CLIEAU


CLIMATE REPORT
NATIONAL WEATHER SERVICE CHANHASSEN MN
706 PM CST SAT NOV 19 2016


...................................

...THE EAU CLAIRE WI CLIMATE SUMMARY FOR NOVEMBER 19 2016...
VALID TODAY AS OF 0700 PM LOCAL TIME.

CLIMATE NORMAL PERIOD 1981 TO 2010
CLIMATE RECORD PERIOD 1893 TO 2016


WEATHER ITEM   OBSERVED TIME   RECORD YEAR NORMAL DEPARTURE LAST
                VALUE   (LST)  VALUE       VALUE  FROM      YEAR
                                                  NORMAL
..................................................................
TEMPERATURE (F)
 TODAY
  MAXIMUM         33    207 PM  66    1941  39     -6       43
  MINIMUM         26    555 PM  -2    1911  23      3       30
                                      1951
  AVERAGE         30                        31     -1       37

PRECIPITATION (IN)
  TODAY            T             1.16 1953   0.06  -0.06     0.02
  MONTH TO DATE    0.05                      1.21  -1.16     2.27
  SINCE SEP 1     10.97                      7.23   3.74    10.49
  SINCE JAN 1     37.80                     29.35   8.45    38.05

SNOWFALL (IN)
  TODAY            T             3.6  1970   0.2   -0.2       T
  MONTH TO DATE    T                         2.9   -2.9       T
  SINCE SEP 1      T                         3.3   -3.3      0.9
  SINCE JUL 1      T                         3.3   -3.3      0.9
  SNOW DEPTH       0

DEGREE DAYS
 HEATING
  TODAY           35                        34      1       28
  MONTH TO DATE  348                       550   -202      343
  SINCE SEP 1    855                      1295   -440      910
  SINCE JUL 1    865                      1334   -469      965

 COOLING
  TODAY            0                         0      0        0
  MONTH TO DATE    0                         0      0        0
  SINCE SEP 1     41                        52    -11      118
  SINCE JAN 1    624                       579     45      520
..................................................................


WIND (MPH)
  HIGHEST WIND SPEED    26   HIGHEST WIND DIRECTION    NW (320)
  HIGHEST GUST SPEED    40   HIGHEST GUST DIRECTION    NW (330)
  AVERAGE WIND SPEED    16.9


SKY COVER
  POSSIBLE SUNSHINE  MM
  AVERAGE SKY COVER 0.7


WEATHER CONDITIONS
 THE FOLLOWING WEATHER WAS RECORDED TODAY.
  NO SIGNIFICANT WEATHER WAS OBSERVED.


RELATIVE HUMIDITY (PERCENT)
 HIGHEST    72           100 AM
 LOWEST     45           100 PM
 AVERAGE    59

..........................................................


THE EAU CLAIRE WI CLIMATE NORMALS FOR TOMORROW
                         NORMAL    RECORD    YEAR
 MAXIMUM TEMPERATURE (F)   39        66      1930
 MINIMUM TEMPERATURE (F)   22        -3      1921


SUNRISE AND SUNSET
NOVEMBER 19 2016......SUNRISE   709 AM CST   SUNSET   433 PM CST
NOVEMBER 20 2016......SUNRISE   711 AM CST   SUNSET   432 PM CST


-  INDICATES NEGATIVE NUMBERS.
R  INDICATES RECORD WAS SET OR TIED.
MM INDICATES DATA IS MISSING.
T  INDICATES TRACE AMOUNT.




$$
