000
CDUS43 KMPX 100020
CLIEAU


CLIMATE REPORT
NATIONAL WEATHER SERVICE CHANHASSEN MN
720 PM CDT SAT JUL 9 2016


...................................

...THE EAU CLAIRE WI CLIMATE SUMMARY FOR JULY 9 2016...
VALID TODAY AS OF 0700 PM LOCAL TIME.

CLIMATE NORMAL PERIOD 1981 TO 2010
CLIMATE RECORD PERIOD 1893 TO 2016


WEATHER ITEM   OBSERVED TIME   RECORD YEAR NORMAL DEPARTURE LAST
                VALUE   (LST)  VALUE       VALUE  FROM      YEAR
                                                  NORMAL
..................................................................
TEMPERATURE (F)
 TODAY
  MAXIMUM         80    446 PM 104    1936  83     -3       80
  MINIMUM         53    459 AM  41    1895  60     -7       50
  AVERAGE         67                        72     -5       65

PRECIPITATION (IN)
  TODAY            0.00          1.62 1942   0.13  -0.13     0.00
  MONTH TO DATE    1.91                      1.14   0.77     2.08
  SINCE JUN 1      8.20                      5.27   2.93     6.91
  SINCE JAN 1     20.39                     14.91   5.48    16.36

SNOWFALL (IN)
  TODAY            0.0           0.0    MM   0.0    0.0      0.0
  MONTH TO DATE    0.0                       0.0    0.0      0.0
  SINCE JUN 1      0.0                       0.0    0.0      0.0
  SINCE JUL 1      0.0                       0.0    0.0      0.0
  SNOW DEPTH       0

DEGREE DAYS
 HEATING
  TODAY            0                         0      0        0
  MONTH TO DATE    4                         2      2       16
  SINCE JUN 1     36                        64    -28       44
  SINCE JUL 1      4                         2      2       16

 COOLING
  TODAY            2                         7     -5        0
  MONTH TO DATE   33                        62    -29       17
  SINCE JUN 1    159                       182    -23       99
  SINCE JAN 1    199                       214    -15      117
..................................................................


WIND (MPH)
  HIGHEST WIND SPEED     9   HIGHEST WIND DIRECTION     E (70)
  HIGHEST GUST SPEED    12   HIGHEST GUST DIRECTION     E (110)
  AVERAGE WIND SPEED     3.4


SKY COVER
  POSSIBLE SUNSHINE  MM
  AVERAGE SKY COVER 0.0


WEATHER CONDITIONS
 THE FOLLOWING WEATHER WAS RECORDED TODAY.
  FOG


RELATIVE HUMIDITY (PERCENT)
 HIGHEST   100           300 AM
 LOWEST     42           300 PM
 AVERAGE    71

..........................................................


THE EAU CLAIRE WI CLIMATE NORMALS FOR TOMORROW
                         NORMAL    RECORD    YEAR
 MAXIMUM TEMPERATURE (F)   83       107      1936
 MINIMUM TEMPERATURE (F)   60        46      1953
                                             1968
                                             1996


SUNRISE AND SUNSET
JULY  9 2016..........SUNRISE   529 AM CDT   SUNSET   853 PM CDT
JULY 10 2016..........SUNRISE   530 AM CDT   SUNSET   852 PM CDT


-  INDICATES NEGATIVE NUMBERS.
R  INDICATES RECORD WAS SET OR TIED.
MM INDICATES DATA IS MISSING.
T  INDICATES TRACE AMOUNT.




$$
