000
CDUS43 KMPX 100034
CLIEAU


CLIMATE REPORT
NATIONAL WEATHER SERVICE CHANHASSEN MN
634 PM CST THU MAR 9 2017


...................................

...THE EAU CLAIRE WI CLIMATE SUMMARY FOR MARCH 9 2017...
VALID TODAY AS OF 0600 PM LOCAL TIME.

CLIMATE NORMAL PERIOD 1981 TO 2010
CLIMATE RECORD PERIOD 1893 TO 2017


WEATHER ITEM   OBSERVED TIME   RECORD YEAR NORMAL DEPARTURE LAST
                VALUE   (LST)  VALUE       VALUE  FROM      YEAR
                                                  NORMAL
..................................................................
TEMPERATURE (F)
 TODAY
  MAXIMUM         30    444 PM  58    1902  38     -8       44
  MINIMUM         23    900 AM -12    1951  19      4       38
  AVERAGE         27                        28     -1       41

PRECIPITATION (IN)
  TODAY            0.00          1.66 1918   0.04  -0.04     0.00
  MONTH TO DATE    0.61                      0.38   0.23     0.11
  SINCE MAR 1      0.61                      0.38   0.23     0.11
  SINCE JAN 1      4.69                      2.08   2.61     1.27

SNOWFALL (IN)
  TODAY            0.0          16.5  1918   0.3   -0.3      0.0
  MONTH TO DATE    2.4                       2.8   -0.4      1.5
  SINCE MAR 1      2.4                       2.8   -0.4      1.5
  SINCE JUL 1     51.3                      39.1   12.2     25.6
  SNOW DEPTH       0

DEGREE DAYS
 HEATING
  TODAY           38                        37      1       24
  MONTH TO DATE  308                       347    -39      266
  SINCE MAR 1    308                       347    -39      266
  SINCE JUL 1   5418                      6367   -949     5444

 COOLING
  TODAY            0                         0      0        0
  MONTH TO DATE    0                         0      0        0
  SINCE MAR 1      0                         0      0        0
  SINCE JAN 1      0                         0      0        0
..................................................................


WIND (MPH)
  HIGHEST WIND SPEED    15   HIGHEST WIND DIRECTION    NW (300)
  HIGHEST GUST SPEED    18   HIGHEST GUST DIRECTION     N (350)
  AVERAGE WIND SPEED     7.7


SKY COVER
  POSSIBLE SUNSHINE  MM
  AVERAGE SKY COVER 0.4


WEATHER CONDITIONS
 THE FOLLOWING WEATHER WAS RECORDED TODAY.
  NO SIGNIFICANT WEATHER WAS OBSERVED.


RELATIVE HUMIDITY (PERCENT)
 HIGHEST    65           600 AM
 LOWEST     28           200 PM
 AVERAGE    47

..........................................................


THE EAU CLAIRE WI CLIMATE NORMALS FOR TOMORROW
                         NORMAL    RECORD    YEAR
 MAXIMUM TEMPERATURE (F)   38        64      2012
 MINIMUM TEMPERATURE (F)   19       -13      1948


SUNRISE AND SUNSET
MARCH  9 2017.........SUNRISE   629 AM CST   SUNSET   605 PM CST
MARCH 10 2017.........SUNRISE   627 AM CST   SUNSET   606 PM CST


-  INDICATES NEGATIVE NUMBERS.
R  INDICATES RECORD WAS SET OR TIED.
MM INDICATES DATA IS MISSING.
T  INDICATES TRACE AMOUNT.




$$
