000
CDUS43 KMPX 140627
CLIEAU


CLIMATE REPORT
NATIONAL WEATHER SERVICE CHANHASSEN MN
127 AM CDT TUE OCT 14 2014


...................................

...THE EAU CLAIRE WI CLIMATE SUMMARY FOR OCTOBER 13 2014...

CLIMATE NORMAL PERIOD 1981 TO 2010
CLIMATE RECORD PERIOD 1893 TO 2014


WEATHER ITEM   OBSERVED TIME   RECORD YEAR NORMAL DEPARTURE LAST
                VALUE   (LST)  VALUE       VALUE  FROM      YEAR
                                                  NORMAL
..................................................................
TEMPERATURE (F)
 YESTERDAY
  MAXIMUM         54   1237 PM  84    1956  59     -5       61
  MINIMUM         49    710 AM  17    1917  38     11       36
  AVERAGE         52                        48      4       49

PRECIPITATION (IN)
  YESTERDAY        0.52          1.23 1908   0.07   0.45     0.00
  MONTH TO DATE    1.64                      1.15   0.49     2.22
  SINCE SEP 1      7.10                      4.83   2.27     3.99
  SINCE JAN 1     39.77                     26.95  12.82    31.63

SNOWFALL (IN)
  YESTERDAY        0.0           1.0  1939   0.1   -0.1      0.0
  MONTH TO DATE    0.6                       0.1    0.5      0.0
  SINCE SEP 1      0.6                       0.1    0.5      0.0
  SINCE JUL 1      0.6                       0.1    0.5      0.0
  SNOW DEPTH       0

DEGREE DAYS
 HEATING
  YESTERDAY       13                        17     -4       16
  MONTH TO DATE  250                       188     62      110
  SINCE SEP 1    437                       382     55      239
  SINCE JUL 1    460                       421     39      277

 COOLING
  YESTERDAY        0                         0      0        0
  MONTH TO DATE    0                         0      0        0
  SINCE SEP 1     22                        48    -26       87
  SINCE JAN 1    500                       575    -75      653
..................................................................


WIND (MPH)
  HIGHEST WIND SPEED    15   HIGHEST WIND DIRECTION     N (10)
  HIGHEST GUST SPEED    19   HIGHEST GUST DIRECTION     N (360)
  AVERAGE WIND SPEED     6.1


SKY COVER
  POSSIBLE SUNSHINE  MM
  AVERAGE SKY COVER 1.0


WEATHER CONDITIONS
 THE FOLLOWING WEATHER WAS RECORDED YESTERDAY.
  RAIN
  LIGHT RAIN
  FOG


RELATIVE HUMIDITY (PERCENT)
 HIGHEST   100           400 AM
 LOWEST     77          1200 AM
 AVERAGE    89

..........................................................


THE EAU CLAIRE WI CLIMATE NORMALS FOR TODAY
                         NORMAL    RECORD    YEAR
 MAXIMUM TEMPERATURE (F)   59        88      1947
 MINIMUM TEMPERATURE (F)   37        21      1937


SUNRISE AND SUNSET
OCTOBER 14 2014.......SUNRISE   720 AM CDT   SUNSET   623 PM CDT
OCTOBER 15 2014.......SUNRISE   722 AM CDT   SUNSET   621 PM CDT


-  INDICATES NEGATIVE NUMBERS.
R  INDICATES RECORD WAS SET OR TIED.
MM INDICATES DATA IS MISSING.
T  INDICATES TRACE AMOUNT.




$$
