000
CDUS43 KMPX 102255
CLIEAU


CLIMATE REPORT
NATIONAL WEATHER SERVICE CHANHASSEN MN
455 PM CST MON NOV 10 2014


...................................

...THE EAU CLAIRE WI CLIMATE SUMMARY FOR NOVEMBER 10 2014...
VALID AS OF 0400 PM LOCAL TIME.

CLIMATE NORMAL PERIOD 1981 TO 2010
CLIMATE RECORD PERIOD 1893 TO 2014


WEATHER ITEM   OBSERVED TIME   RECORD YEAR NORMAL DEPARTURE LAST
                VALUE   (LST)  VALUE       VALUE  FROM      YEAR
                                                  NORMAL
..................................................................
TEMPERATURE (F)
 TODAY
  MAXIMUM         33    203 PM  66    2012  45    -12       46
  MINIMUM         28    549 AM   3    1986  28      0       35
  AVERAGE         31                        36     -5       41

PRECIPITATION (IN)
  TODAY            0.18          1.84 1915   0.07   0.11      T
  MONTH TO DATE    0.71                      0.64   0.07     0.68
  SINCE SEP 1      8.60                      6.66   1.94     6.09
  SINCE JAN 1     41.27                     28.78  12.49    33.73

SNOWFALL (IN)
  TODAY            1.4           8.0  1896   0.1    1.3      0.0
  MONTH TO DATE    1.4                       1.1    0.3       T
  SINCE SEP 1      2.0                       1.5    0.5       T
  SINCE JUL 1      2.0                       1.5    0.5       T
  SNOW DEPTH       0

DEGREE DAYS
 HEATING
  TODAY           34                        29      5       24
  MONTH TO DATE  282                       265     17      279
  SINCE SEP 1   1035                      1010     25      959
  SINCE JUL 1   1058                      1049      9      997

 COOLING
  TODAY            0                         0      0        0
  MONTH TO DATE    0                         0      0        0
  SINCE SEP 1     22                        52    -30       87
  SINCE JAN 1    500                       579    -79      653
..................................................................


WIND (MPH)
  HIGHEST WIND SPEED    20   HIGHEST WIND DIRECTION     E (70)
  HIGHEST GUST SPEED    27   HIGHEST GUST DIRECTION    NE (60)
  AVERAGE WIND SPEED    10.1


SKY COVER
  POSSIBLE SUNSHINE  MM
  AVERAGE SKY COVER 1.0


WEATHER CONDITIONS
 THE FOLLOWING WEATHER WAS RECORDED TODAY.
  LIGHT RAIN
  LT FREEZING RAIN
  LIGHT SNOW
  FOG


RELATIVE HUMIDITY (PERCENT)
 HIGHEST    92           600 AM
 LOWEST     58          1200 AM
 AVERAGE    75

..........................................................


THE EAU CLAIRE WI CLIMATE NORMALS FOR TOMORROW
                         NORMAL    RECORD    YEAR
 MAXIMUM TEMPERATURE (F)   44        67      2012
 MINIMUM TEMPERATURE (F)   27         0      1986


SUNRISE AND SUNSET
NOVEMBER 10 2014......SUNRISE   656 AM CST   SUNSET   443 PM CST
NOVEMBER 11 2014......SUNRISE   658 AM CST   SUNSET   442 PM CST


-  INDICATES NEGATIVE NUMBERS.
R  INDICATES RECORD WAS SET OR TIED.
MM INDICATES DATA IS MISSING.
T  INDICATES TRACE AMOUNT.




$$
