000
CDUS43 KMPX 202256
CLIEAU


CLIMATE REPORT
NATIONAL WEATHER SERVICE CHANHASSEN MN
455 PM CST FRI FEB 20 2015


...................................

...THE EAU CLAIRE WI CLIMATE SUMMARY FOR FEBRUARY 20 2015...
VALID AS OF 0400 PM LOCAL TIME.

CLIMATE NORMAL PERIOD 1981 TO 2010
CLIMATE RECORD PERIOD 1893 TO 2015


WEATHER ITEM   OBSERVED TIME   RECORD YEAR NORMAL DEPARTURE LAST
                VALUE   (LST)  VALUE       VALUE  FROM      YEAR
                                                  NORMAL
..................................................................
TEMPERATURE (F)
 TODAY
  MAXIMUM         17    359 PM  59    1930  31    -14       38
  MINIMUM        -10   1209 AM -30    1929  12    -22       31
  AVERAGE          4                        21    -17       35

PRECIPITATION (IN)
  TODAY            0.02          0.84 2011   0.03  -0.01     0.78
  MONTH TO DATE    0.21                      0.55  -0.34     1.34
  SINCE DEC 1      1.26                      2.44  -1.18     4.45
  SINCE JAN 1      0.58                      1.44  -0.86     2.92

SNOWFALL (IN)
  TODAY            0.4           9.5  2011   0.2    0.2      6.8
  MONTH TO DATE    3.7                       5.3   -1.6     11.9
  SINCE DEC 1     16.4                      28.0  -11.6     55.7
  SINCE JUL 1     30.6                      34.3   -3.7     57.9
  SNOW DEPTH       4

DEGREE DAYS
 HEATING
  TODAY           61                        44     17       30
  MONTH TO DATE 1111                       940    171     1164
  SINCE DEC 1   3904                      3938    -34     4660
  SINCE JUL 1   5876                      5684    192     6405

 COOLING
  TODAY            0                         0      0        0
  MONTH TO DATE    0                         0      0        0
  SINCE DEC 1      0                         0      0        0
  SINCE JAN 1      0                         0      0        0
..................................................................


WIND (MPH)
  HIGHEST WIND SPEED    20   HIGHEST WIND DIRECTION     S (180)
  HIGHEST GUST SPEED    23   HIGHEST GUST DIRECTION     S (170)
  AVERAGE WIND SPEED     9.9


SKY COVER
  POSSIBLE SUNSHINE  MM
  AVERAGE SKY COVER 1.0


WEATHER CONDITIONS
 THE FOLLOWING WEATHER WAS RECORDED TODAY.
  LIGHT SNOW
  HAZE


RELATIVE HUMIDITY (PERCENT)
 HIGHEST    79           700 AM
 LOWEST     58           200 AM
 AVERAGE    69

..........................................................


THE EAU CLAIRE WI CLIMATE NORMALS FOR TOMORROW
                         NORMAL    RECORD    YEAR
 MAXIMUM TEMPERATURE (F)   31        60      1930
 MINIMUM TEMPERATURE (F)   12       -23      1936


SUNRISE AND SUNSET
FEBRUARY 20 2015......SUNRISE   659 AM CST   SUNSET   541 PM CST
FEBRUARY 21 2015......SUNRISE   657 AM CST   SUNSET   542 PM CST


-  INDICATES NEGATIVE NUMBERS.
R  INDICATES RECORD WAS SET OR TIED.
MM INDICATES DATA IS MISSING.
T  INDICATES TRACE AMOUNT.




$$
