000
CDUS43 KMPX 100123
CLIEAU


CLIMATE REPORT
NATIONAL WEATHER SERVICE CHANHASSEN MN
823 PM CDT SUN APR 9 2017


...................................

...THE EAU CLAIRE WI CLIMATE SUMMARY FOR APRIL 9 2017...
VALID TODAY AS OF 0800 PM LOCAL TIME.

CLIMATE NORMAL PERIOD 1981 TO 2010
CLIMATE RECORD PERIOD 1893 TO 2017


WEATHER ITEM   OBSERVED TIME   RECORD YEAR NORMAL DEPARTURE LAST
                VALUE   (LST)  VALUE       VALUE  FROM      YEAR
                                                  NORMAL
..................................................................
TEMPERATURE (F)
 TODAY
  MAXIMUM         71   1233 PM  79    1930  54     17       39
                                      1987
                                      1931
  MINIMUM         52    625 AM  12    1997  32     20       13
  AVERAGE         62                        43     19       26

PRECIPITATION (IN)
  TODAY            0.14          1.32 1922   0.09   0.05     0.00
  MONTH TO DATE    0.61                      0.72  -0.11     0.56
  SINCE MAR 1      1.73                      2.45  -0.72     5.22
  SINCE JAN 1      5.81                      4.15   1.66     6.38

SNOWFALL (IN)
  TODAY            0.0           7.9  1973   0.1   -0.1      0.0
  MONTH TO DATE    0.0                       0.9   -0.9      1.8
  SINCE MAR 1      4.8                       9.5   -4.7     13.9
  SINCE JUL 1     53.7                      45.8    7.9     38.0
  SNOW DEPTH       0

DEGREE DAYS
 HEATING
  TODAY            3                        22    -19       39
  MONTH TO DATE  162                       218    -56      290
  SINCE MAR 1   1212                      1262    -50     1101
  SINCE JUL 1   6322                      7282   -960     6279

 COOLING
  TODAY            0                         0      0        0
  MONTH TO DATE    0                         0      0        0
  SINCE MAR 1      0                         0      0        0
  SINCE JAN 1      0                         0      0        0
..................................................................


WIND (MPH)
  HIGHEST WIND SPEED    13   HIGHEST WIND DIRECTION     S (200)
  HIGHEST GUST SPEED    MM   HIGHEST GUST DIRECTION    MM
  AVERAGE WIND SPEED     5.6


SKY COVER
  POSSIBLE SUNSHINE  MM
  AVERAGE SKY COVER 0.4


WEATHER CONDITIONS
 THE FOLLOWING WEATHER WAS RECORDED TODAY.
  THUNDERSTORM
  LIGHT RAIN


RELATIVE HUMIDITY (PERCENT)
 HIGHEST    90           700 PM
 LOWEST     49          1200 PM
 AVERAGE    70

..........................................................


THE EAU CLAIRE WI CLIMATE NORMALS FOR TOMORROW
                         NORMAL    RECORD    YEAR
 MAXIMUM TEMPERATURE (F)   55        85      1977
 MINIMUM TEMPERATURE (F)   32        13      1952


SUNRISE AND SUNSET
APRIL  9 2017.........SUNRISE   632 AM CDT   SUNSET   744 PM CDT
APRIL 10 2017.........SUNRISE   630 AM CDT   SUNSET   745 PM CDT


-  INDICATES NEGATIVE NUMBERS.
R  INDICATES RECORD WAS SET OR TIED.
MM INDICATES DATA IS MISSING.
T  INDICATES TRACE AMOUNT.




$$
