000
CDUS43 KMPX 280804
CLIEAU


CLIMATE REPORT
NATIONAL WEATHER SERVICE CHANHASSEN MN
154 AM CST TUE NOV 28 2017


...................................

...THE EAU CLAIRE WI CLIMATE SUMMARY FOR NOVEMBER 27 2017...

CLIMATE NORMAL PERIOD 1981 TO 2010
CLIMATE RECORD PERIOD 1893 TO 2017


WEATHER ITEM   OBSERVED TIME   RECORD YEAR NORMAL DEPARTURE LAST
                VALUE   (LST)  VALUE       VALUE  FROM      YEAR
                                                  NORMAL
..................................................................
TEMPERATURE (F)
 YESTERDAY
  MAXIMUM         56   1133 PM  67    1998  35     21       41
  MINIMUM         24    543 AM  -9    1897  18      6       23
  AVERAGE         40                        26     14       32

PRECIPITATION (IN)
  YESTERDAY        0.00          0.65 2001   0.06  -0.06     0.40
  MONTH TO DATE    0.53                      1.68  -1.15     1.00
  SINCE SEP 1      6.34                      7.70  -1.36    11.92
  SINCE JAN 1     34.46                     29.82   4.64    38.75

SNOWFALL (IN)
  YESTERDAY        0.0           7.6  1977   0.3   -0.3      0.0
  MONTH TO DATE    1.4                       5.1   -3.7      1.7
  SINCE SEP 1      3.3                       5.5   -2.2      1.7
  SINCE JUL 1      3.3                       5.5   -2.2      1.7
  SNOW DEPTH       0

DEGREE DAYS
 HEATING
  YESTERDAY       25                        39    -14       33
  MONTH TO DATE  925                       843     82      613
  SINCE SEP 1   1515                      1588    -73     1120
  SINCE JUL 1   1558                      1627    -69     1130

 COOLING
  YESTERDAY        0                         0      0        0
  MONTH TO DATE    0                         0      0        0
  SINCE SEP 1     94                        52     42       41
  SINCE JAN 1    466                       579   -113      624
..................................................................


WIND (MPH)
  HIGHEST WIND SPEED    21   HIGHEST WIND DIRECTION     S (160)
  HIGHEST GUST SPEED    26   HIGHEST GUST DIRECTION     S (160)
  AVERAGE WIND SPEED     8.7


SKY COVER
  POSSIBLE SUNSHINE  MM
  AVERAGE SKY COVER 0.0


WEATHER CONDITIONS
 THE FOLLOWING WEATHER WAS RECORDED YESTERDAY.
  FOG


RELATIVE HUMIDITY (PERCENT)
 HIGHEST   100           300 AM
 LOWEST     46           100 PM
 AVERAGE    73

..........................................................


THE EAU CLAIRE WI CLIMATE NORMALS FOR TODAY
                         NORMAL    RECORD    YEAR
 MAXIMUM TEMPERATURE (F)   34        60      1998
 MINIMUM TEMPERATURE (F)   18        -7      1976


SUNRISE AND SUNSET
NOVEMBER 28 2017......SUNRISE   720 AM CST   SUNSET   427 PM CST
NOVEMBER 29 2017......SUNRISE   721 AM CST   SUNSET   427 PM CST


-  INDICATES NEGATIVE NUMBERS.
R  INDICATES RECORD WAS SET OR TIED.
MM INDICATES DATA IS MISSING.
T  INDICATES TRACE AMOUNT.




$$
