812
CDUS43 KMPX 090635
CLIEAU


CLIMATE REPORT
NATIONAL WEATHER SERVICE CHANHASSEN MN
134 AM CDT SAT MAY 9 2015


...................................

...THE EAU CLAIRE WI CLIMATE SUMMARY FOR MAY 8 2015...

CLIMATE NORMAL PERIOD 1981 TO 2010
CLIMATE RECORD PERIOD 1893 TO 2015


WEATHER ITEM   OBSERVED TIME   RECORD YEAR NORMAL DEPARTURE LAST
                VALUE   (LST)  VALUE       VALUE  FROM      YEAR
                                                  NORMAL
..................................................................
TEMPERATURE (F)
 YESTERDAY
  MAXIMUM         63    415 AM  88    1936  68     -5       75
  MINIMUM         47   1147 PM  28    1983  43      4       51
                                      1966
                                      1954
  AVERAGE         55                        55      0       63

PRECIPITATION (IN)
  YESTERDAY        0.03          1.49 1938   0.10  -0.07     0.17
  MONTH TO DATE    1.43                      0.86   0.57     0.32
  SINCE MAR 1      4.90                      5.34  -0.44     7.14
  SINCE JAN 1      5.49                      7.04  -1.55    10.34

SNOWFALL (IN)
  YESTERDAY        0.0           0.5  1907   0.0    0.0      0.0
  MONTH TO DATE    0.0                       0.1   -0.1      0.0
  SINCE MAR 1      7.3                      10.6   -3.3     13.1
  SINCE JUL 1     38.1                      46.9   -8.8     74.8
  SNOW DEPTH       0

DEGREE DAYS
 HEATING
  YESTERDAY       10                        10      0        2
  MONTH TO DATE   39                        90    -51      103
  SINCE MAR 1   1550                      1710   -160     2097
  SINCE JUL 1   7903                      7731    172     8989

 COOLING
  YESTERDAY        0                         1     -1        0
  MONTH TO DATE    9                         2      7        0
  SINCE MAR 1      9                         6      3        0
  SINCE JAN 1      9                         6      3        0
..................................................................


WIND (MPH)
  HIGHEST WIND SPEED    16   HIGHEST WIND DIRECTION    NW (310)
  HIGHEST GUST SPEED    21   HIGHEST GUST DIRECTION    NW (310)
  AVERAGE WIND SPEED     7.8


SKY COVER
  POSSIBLE SUNSHINE  MM
  AVERAGE SKY COVER 1.0


WEATHER CONDITIONS
 THE FOLLOWING WEATHER WAS RECORDED YESTERDAY.
  RAIN
  LIGHT RAIN
  FOG


RELATIVE HUMIDITY (PERCENT)
 HIGHEST    93          1200 AM
 LOWEST     67           200 PM
 AVERAGE    80

..........................................................


THE EAU CLAIRE WI CLIMATE NORMALS FOR TODAY
                         NORMAL    RECORD    YEAR
 MAXIMUM TEMPERATURE (F)   68        91      1934
 MINIMUM TEMPERATURE (F)   43        20      1966


SUNRISE AND SUNSET
MAY  9 2015...........SUNRISE   545 AM CDT   SUNSET   821 PM CDT
MAY 10 2015...........SUNRISE   544 AM CDT   SUNSET   822 PM CDT


-  INDICATES NEGATIVE NUMBERS.
R  INDICATES RECORD WAS SET OR TIED.
MM INDICATES DATA IS MISSING.
T  INDICATES TRACE AMOUNT.




$$
