000
CDUS43 KMPX 122154
CLIEAU


CLIMATE REPORT
NATIONAL WEATHER SERVICE CHANHASSEN MN
454 PM CDT FRI AUG 12 2016


...................................

...THE EAU CLAIRE WI CLIMATE SUMMARY FOR AUGUST 12 2016...
VALID AS OF 0400 PM LOCAL TIME.

CLIMATE NORMAL PERIOD 1981 TO 2010
CLIMATE RECORD PERIOD 1893 TO 2016


WEATHER ITEM   OBSERVED TIME   RECORD YEAR NORMAL DEPARTURE LAST
                VALUE   (LST)  VALUE       VALUE  FROM      YEAR
                                                  NORMAL
..................................................................
TEMPERATURE (F)
 TODAY
  MAXIMUM         79    204 PM  99    1947  81     -2       83
  MINIMUM         68    612 AM  43    1982  59      9       55
  AVERAGE         74                        70      4       69

PRECIPITATION (IN)
  TODAY            0.00          2.38 1985   0.16  -0.16     0.00
  MONTH TO DATE    3.06                      1.80   1.26     4.12
  SINCE JUN 1     12.86                      9.81   3.05    15.04
  SINCE JAN 1     25.05                     19.45   5.60    24.49

SNOWFALL (IN)
  TODAY            0.0           0.0    MM   0.0    0.0      0.0
  MONTH TO DATE    0.0                       0.0    0.0      0.0
  SINCE JUN 1      0.0                       0.0    0.0      0.0
  SINCE JUL 1      0.0                       0.0    0.0      0.0
  SNOW DEPTH       0

DEGREE DAYS
 HEATING
  TODAY            0                         1     -1        0
  MONTH TO DATE    0                         7     -7        0
  SINCE JUN 1     36                        80    -44       44
  SINCE JUL 1      4                        18    -14       16

 COOLING
  TODAY            9                         6      3        4
  MONTH TO DATE  111                        72     39       53
  SINCE JUN 1    458                       406     52      315
  SINCE JAN 1    498                       438     60      333
..................................................................


WIND (MPH)
  HIGHEST WIND SPEED    10   HIGHEST WIND DIRECTION     N (350)
  HIGHEST GUST SPEED    13   HIGHEST GUST DIRECTION    NW (330)
  AVERAGE WIND SPEED     5.0


SKY COVER
  POSSIBLE SUNSHINE  MM
  AVERAGE SKY COVER 0.6


WEATHER CONDITIONS
 THE FOLLOWING WEATHER WAS RECORDED TODAY.
  NO SIGNIFICANT WEATHER WAS OBSERVED.


RELATIVE HUMIDITY (PERCENT)
 HIGHEST    93           300 AM
 LOWEST     67          1100 AM
 AVERAGE    80

..........................................................


THE EAU CLAIRE WI CLIMATE NORMALS FOR TOMORROW
                         NORMAL    RECORD    YEAR
 MAXIMUM TEMPERATURE (F)   81       101      1944
 MINIMUM TEMPERATURE (F)   59        42      2004


SUNRISE AND SUNSET
AUGUST 12 2016........SUNRISE   605 AM CDT   SUNSET   816 PM CDT
AUGUST 13 2016........SUNRISE   606 AM CDT   SUNSET   814 PM CDT


-  INDICATES NEGATIVE NUMBERS.
R  INDICATES RECORD WAS SET OR TIED.
MM INDICATES DATA IS MISSING.
T  INDICATES TRACE AMOUNT.




$$
