000
CDUS43 KMPX 230645
CLIEAU


CLIMATE REPORT
NATIONAL WEATHER SERVICE CHANHASSEN MN
1245 AM CST FRI JAN 23 2015


...................................

...THE EAU CLAIRE WI CLIMATE SUMMARY FOR JANUARY 22 2015...

CLIMATE NORMAL PERIOD 1981 TO 2010
CLIMATE RECORD PERIOD 1893 TO 2015


WEATHER ITEM   OBSERVED TIME   RECORD YEAR NORMAL DEPARTURE LAST
                VALUE   (LST)  VALUE       VALUE  FROM      YEAR
                                                  NORMAL
..................................................................
TEMPERATURE (F)
 YESTERDAY
  MAXIMUM         27   1159 PM  48    1942  23      4        6
  MINIMUM         20    652 PM -29    1936   5     15       -5
  AVERAGE         24                        14     10        1

PRECIPITATION (IN)
  YESTERDAY        0.00          0.70 1982   0.03  -0.03     0.03
  MONTH TO DATE    0.26                      0.63  -0.37     1.07
  SINCE DEC 1      0.94                      1.63  -0.69     2.60
  SINCE JAN 1      0.26                      0.63  -0.37     1.07

SNOWFALL (IN)
  YESTERDAY        0.0           8.7  2005   0.4   -0.4      0.7
  MONTH TO DATE    4.9                       9.3   -4.4     13.1
  SINCE DEC 1     11.2                      18.8   -7.6     32.1
  SINCE JUL 1     25.4                      25.1    0.3     34.3
  SNOW DEPTH       0

DEGREE DAYS
 HEATING
  YESTERDAY       41                        51    -10       64
  MONTH TO DATE 1154                      1117     37     1265
  SINCE DEC 1   2434                      2547   -113     2930
  SINCE JUL 1   4406                      4293    113     4675

 COOLING
  YESTERDAY        0                         0      0        0
  MONTH TO DATE    0                         0      0        0
  SINCE DEC 1      0                         0      0        0
  SINCE JAN 1      0                         0      0        0
..................................................................


WIND (MPH)
  HIGHEST WIND SPEED    16   HIGHEST WIND DIRECTION     S (200)
  HIGHEST GUST SPEED    21   HIGHEST GUST DIRECTION     S (190)
  AVERAGE WIND SPEED     8.8


SKY COVER
  POSSIBLE SUNSHINE  MM
  AVERAGE SKY COVER 1.0


WEATHER CONDITIONS
 THE FOLLOWING WEATHER WAS RECORDED YESTERDAY.
  NO SIGNIFICANT WEATHER WAS OBSERVED.


RELATIVE HUMIDITY (PERCENT)
 HIGHEST    81           900 AM
 LOWEST     74           500 AM
 AVERAGE    78

..........................................................


THE EAU CLAIRE WI CLIMATE NORMALS FOR TODAY
                         NORMAL    RECORD    YEAR
 MAXIMUM TEMPERATURE (F)   24        50      1942
 MINIMUM TEMPERATURE (F)    5       -32      1935
                                             1963


SUNRISE AND SUNSET
JANUARY 23 2015.......SUNRISE   735 AM CST   SUNSET   501 PM CST
JANUARY 24 2015.......SUNRISE   734 AM CST   SUNSET   503 PM CST


-  INDICATES NEGATIVE NUMBERS.
R  INDICATES RECORD WAS SET OR TIED.
MM INDICATES DATA IS MISSING.
T  INDICATES TRACE AMOUNT.




$$
