000
CDUS43 KMPX 272229
CLIEAU


CLIMATE REPORT
NATIONAL WEATHER SERVICE CHANHASSEN MN
428 PM CST FRI FEB 27 2015


...................................

...THE EAU CLAIRE WI CLIMATE SUMMARY FOR FEBRUARY 27 2015...
VALID AS OF 0400 PM LOCAL TIME.

CLIMATE NORMAL PERIOD 1981 TO 2010
CLIMATE RECORD PERIOD 1893 TO 2015


WEATHER ITEM   OBSERVED TIME   RECORD YEAR NORMAL DEPARTURE LAST
                VALUE   (LST)  VALUE       VALUE  FROM      YEAR
                                                  NORMAL
..................................................................
TEMPERATURE (F)
 TODAY
  MAXIMUM         13    359 PM  55    1895  33    -20        1
                                      1896
  MINIMUM        -10    721 AM -22    2014  15    -25      -22
  AVERAGE          2                        24    -22      -10

PRECIPITATION (IN)
  TODAY            0.00          1.80 1893   0.03  -0.03     0.00
  MONTH TO DATE    0.22                      0.77  -0.55     1.39
  SINCE DEC 1      1.27                      2.66  -1.39     4.50
  SINCE JAN 1      0.59                      1.66  -1.07     2.97

SNOWFALL (IN)
  TODAY            0.0          18.0  1893   0.3   -0.3      0.0
  MONTH TO DATE    3.9                       7.1   -3.2     13.0
  SINCE DEC 1     16.6                      29.8  -13.2     56.8
  SINCE JUL 1     30.8                      36.1   -5.3     59.0
  SNOW DEPTH       4

DEGREE DAYS
 HEATING
  TODAY           63                        41     22       75
  MONTH TO DATE 1527                      1235    292     1580
  SINCE DEC 1   4320                      4233     87     5076
  SINCE JUL 1   6292                      5979    313     6821

 COOLING
  TODAY            0                         0      0        0
  MONTH TO DATE    0                         0      0        0
  SINCE DEC 1      0                         0      0        0
  SINCE JAN 1      0                         0      0        0
..................................................................


WIND (MPH)
  HIGHEST WIND SPEED    14   HIGHEST WIND DIRECTION    SW (240)
  HIGHEST GUST SPEED    17   HIGHEST GUST DIRECTION     W (250)
  AVERAGE WIND SPEED     6.7


SKY COVER
  POSSIBLE SUNSHINE  MM
  AVERAGE SKY COVER 0.0


WEATHER CONDITIONS
 THE FOLLOWING WEATHER WAS RECORDED TODAY.
  NO SIGNIFICANT WEATHER WAS OBSERVED.


RELATIVE HUMIDITY (PERCENT)
 HIGHEST    74           800 AM
 LOWEST     53           400 PM
 AVERAGE    64

..........................................................


THE EAU CLAIRE WI CLIMATE NORMALS FOR TOMORROW
                         NORMAL    RECORD    YEAR
 MAXIMUM TEMPERATURE (F)   34        59      1896
 MINIMUM TEMPERATURE (F)   15       -24      1962


SUNRISE AND SUNSET
FEBRUARY 27 2015......SUNRISE   647 AM CST   SUNSET   551 PM CST
FEBRUARY 28 2015......SUNRISE   646 AM CST   SUNSET   552 PM CST


-  INDICATES NEGATIVE NUMBERS.
R  INDICATES RECORD WAS SET OR TIED.
MM INDICATES DATA IS MISSING.
T  INDICATES TRACE AMOUNT.




$$
