000
CDUS43 KMPX 152127
CLIEAU


CLIMATE REPORT
NATIONAL WEATHER SERVICE CHANHASSEN MN
427 PM CDT THU JUN 15 2017


...................................

...THE EAU CLAIRE WI CLIMATE SUMMARY FOR JUNE 15 2017...
VALID TODAY AS OF 0400 PM LOCAL TIME.

CLIMATE NORMAL PERIOD 1981 TO 2010
CLIMATE RECORD PERIOD 1893 TO 2017


WEATHER ITEM   OBSERVED TIME   RECORD YEAR NORMAL DEPARTURE LAST
                VALUE   (LST)  VALUE       VALUE  FROM      YEAR
                                                  NORMAL
..................................................................
TEMPERATURE (F)
 TODAY
  MAXIMUM         83    259 PM  96    1913  79      4       81
                                      1897
  MINIMUM         57    449 AM  36    1989  55      2       60
  AVERAGE         70                        67      3       71

PRECIPITATION (IN)
  TODAY            0.00          1.78 2014   0.14  -0.14     0.00
  MONTH TO DATE    2.20                      2.05   0.15     3.20
  SINCE JUN 1      2.20                      2.05   0.15     3.20
  SINCE JAN 1     16.70                     11.69   5.01    15.39

SNOWFALL (IN)
  TODAY            0.0           0.0    MM   0.0    0.0      0.0
  MONTH TO DATE    0.0                       0.0    0.0      0.0
  SINCE JUN 1      0.0                       0.0    0.0      0.0
  SINCE JUL 1     54.5                      46.8    7.7     38.0
  SNOW DEPTH       0

DEGREE DAYS
 HEATING
  TODAY            0                         2     -2        0
  MONTH TO DATE    7                        45    -38       29
  SINCE JUN 1      7                        45    -38       29
  SINCE JUL 1   6976                      7942   -966     6840

 COOLING
  TODAY            5                         4      1        6
  MONTH TO DATE   85                        41     44       46
  SINCE JUN 1     85                        41     44       46
  SINCE JAN 1     93                        73     20       86
..................................................................


WIND (MPH)
  HIGHEST WIND SPEED    22   HIGHEST WIND DIRECTION     W (290)
  HIGHEST GUST SPEED    28   HIGHEST GUST DIRECTION     W (260)
  AVERAGE WIND SPEED     8.5


SKY COVER
  POSSIBLE SUNSHINE  MM
  AVERAGE SKY COVER 0.2


WEATHER CONDITIONS
 THE FOLLOWING WEATHER WAS RECORDED TODAY.
  FOG
  FOG W/VISIBILITY <= 1/4 MILE


RELATIVE HUMIDITY (PERCENT)
 HIGHEST   100           200 AM
 LOWEST     33           300 PM
 AVERAGE    67

..........................................................


THE EAU CLAIRE WI CLIMATE NORMALS FOR TOMORROW
                         NORMAL    RECORD    YEAR
 MAXIMUM TEMPERATURE (F)   79        95      1897
 MINIMUM TEMPERATURE (F)   56        37      1964


SUNRISE AND SUNSET
JUNE 15 2017..........SUNRISE   519 AM CDT   SUNSET   854 PM CDT
JUNE 16 2017..........SUNRISE   519 AM CDT   SUNSET   854 PM CDT


-  INDICATES NEGATIVE NUMBERS.
R  INDICATES RECORD WAS SET OR TIED.
MM INDICATES DATA IS MISSING.
T  INDICATES TRACE AMOUNT.




$$
