000
CDUS43 KMPX 190249
CLIEAU


CLIMATE REPORT
NATIONAL WEATHER SERVICE CHANHASSEN MN
849 PM CST FRI NOV 18 2016


...................................

...THE EAU CLAIRE WI CLIMATE SUMMARY FOR NOVEMBER 18 2016...
VALID TODAY AS OF 0800 PM LOCAL TIME.

CLIMATE NORMAL PERIOD 1981 TO 2010
CLIMATE RECORD PERIOD 1893 TO 2016


WEATHER ITEM   OBSERVED TIME   RECORD YEAR NORMAL DEPARTURE LAST
                VALUE   (LST)  VALUE       VALUE  FROM      YEAR
                                                  NORMAL
..................................................................
TEMPERATURE (F)
 TODAY
  MAXIMUM         64   1243 PM  69    1941  40     24       59
  MINIMUM         32    800 PM   0    1989  23      9       40
  AVERAGE         48                        32     16       50

PRECIPITATION (IN)
  TODAY            0.04          0.88 1922   0.06  -0.02     0.16
  MONTH TO DATE    0.04                      1.15  -1.11     2.25
  SINCE SEP 1     10.96                      7.17   3.79    10.47
  SINCE JAN 1     37.79                     29.29   8.50    38.03

SNOWFALL (IN)
  TODAY            T             6.0  1927   0.3   -0.3      0.0
  MONTH TO DATE    T                         2.7   -2.7      0.0
  SINCE SEP 1      T                         3.1   -3.1      0.9
  SINCE JUL 1      T                         3.1   -3.1      0.9
  SNOW DEPTH       0

DEGREE DAYS
 HEATING
  TODAY           17                        33    -16       15
  MONTH TO DATE  313                       516   -203      315
  SINCE SEP 1    820                      1261   -441      882
  SINCE JUL 1    830                      1300   -470      937

 COOLING
  TODAY            0                         0      0        0
  MONTH TO DATE    0                         0      0        0
  SINCE SEP 1     41                        52    -11      118
  SINCE JAN 1    624                       579     45      520
..................................................................


WIND (MPH)
  HIGHEST WIND SPEED    27   HIGHEST WIND DIRECTION     S (200)
  HIGHEST GUST SPEED    45   HIGHEST GUST DIRECTION    SW (210)
  AVERAGE WIND SPEED    13.8


SKY COVER
  POSSIBLE SUNSHINE  MM
  AVERAGE SKY COVER 0.7


WEATHER CONDITIONS
 THE FOLLOWING WEATHER WAS RECORDED TODAY.
  THUNDERSTORM
  LIGHT RAIN
  LIGHT SNOW
  FOG


RELATIVE HUMIDITY (PERCENT)
 HIGHEST    93           600 AM
 LOWEST     56           100 PM
 AVERAGE    75

..........................................................


THE EAU CLAIRE WI CLIMATE NORMALS FOR TOMORROW
                         NORMAL    RECORD    YEAR
 MAXIMUM TEMPERATURE (F)   39        66      1941
 MINIMUM TEMPERATURE (F)   23        -2      1911
                                             1951


SUNRISE AND SUNSET
NOVEMBER 18 2016......SUNRISE   708 AM CST   SUNSET   434 PM CST
NOVEMBER 19 2016......SUNRISE   709 AM CST   SUNSET   433 PM CST


-  INDICATES NEGATIVE NUMBERS.
R  INDICATES RECORD WAS SET OR TIED.
MM INDICATES DATA IS MISSING.
T  INDICATES TRACE AMOUNT.




$$
