000
CDUS43 KMPX 130632
CLIEAU


CLIMATE REPORT
NATIONAL WEATHER SERVICE CHANHASSEN MN
131 AM CDT FRI MAY 13 2016


...................................

...THE EAU CLAIRE WI CLIMATE SUMMARY FOR MAY 12 2016...

CLIMATE NORMAL PERIOD 1981 TO 2010
CLIMATE RECORD PERIOD 1893 TO 2016


WEATHER ITEM   OBSERVED TIME   RECORD YEAR NORMAL DEPARTURE LAST
                VALUE   (LST)  VALUE       VALUE  FROM      YEAR
                                                  NORMAL
..................................................................
TEMPERATURE (F)
 YESTERDAY
  MAXIMUM         64   1116 AM  92    1900  69     -5       56
  MINIMUM         49    433 AM  26    1967  44      5       37
  AVERAGE         57                        56      1       47

PRECIPITATION (IN)
  YESTERDAY        0.00          1.86 1963   0.11  -0.11      T
  MONTH TO DATE    0.83                      1.29  -0.46     1.76
  SINCE MAR 1      8.05                      5.77   2.28     5.23
  SINCE JAN 1      9.21                      7.47   1.74     5.82

SNOWFALL (IN)
  YESTERDAY        0.0           2.0  1946   0.0    0.0      0.0
  MONTH TO DATE    0.0                       0.2   -0.2      0.0
  SINCE MAR 1     13.9                      10.7    3.2      7.3
  SINCE JUL 1     38.0                      47.0   -9.0     38.1
  SNOW DEPTH       0

DEGREE DAYS
 HEATING
  YESTERDAY        8                         9     -1       18
  MONTH TO DATE  118                       128    -10       87
  SINCE MAR 1   1506                      1748   -242     1598
  SINCE JUL 1   6684                      7768  -1084     7951

 COOLING
  YESTERDAY        0                         1     -1        0
  MONTH TO DATE    3                         6     -3        9
  SINCE MAR 1      7                        10     -3        9
  SINCE JAN 1      7                        10     -3        9
..................................................................


WIND (MPH)
  HIGHEST WIND SPEED    21   HIGHEST WIND DIRECTION     W (280)
  HIGHEST GUST SPEED    27   HIGHEST GUST DIRECTION     W (270)
  AVERAGE WIND SPEED     9.5


SKY COVER
  POSSIBLE SUNSHINE  MM
  AVERAGE SKY COVER 0.9


WEATHER CONDITIONS
 THE FOLLOWING WEATHER WAS RECORDED YESTERDAY.
  FOG


RELATIVE HUMIDITY (PERCENT)
 HIGHEST   100          1200 AM
 LOWEST     55          1200 PM
 AVERAGE    78

..........................................................


THE EAU CLAIRE WI CLIMATE NORMALS FOR TODAY
                         NORMAL    RECORD    YEAR
 MAXIMUM TEMPERATURE (F)   69        90      1900
 MINIMUM TEMPERATURE (F)   45        26      1953


SUNRISE AND SUNSET
MAY 13 2016...........SUNRISE   539 AM CDT   SUNSET   826 PM CDT
MAY 14 2016...........SUNRISE   538 AM CDT   SUNSET   827 PM CDT


-  INDICATES NEGATIVE NUMBERS.
R  INDICATES RECORD WAS SET OR TIED.
MM INDICATES DATA IS MISSING.
T  INDICATES TRACE AMOUNT.




$$
