482
CDUS43 KMPX 110633
CLIEAU


CLIMATE REPORT
NATIONAL WEATHER SERVICE CHANHASSEN MN
1233 AM CST SUN FEB 11 2018


...................................

...THE EAU CLAIRE WI CLIMATE SUMMARY FOR FEBRUARY 10 2018...

CLIMATE NORMAL PERIOD 1981 TO 2010
CLIMATE RECORD PERIOD 1893 TO 2018


WEATHER ITEM   OBSERVED TIME   RECORD YEAR NORMAL DEPARTURE LAST
                VALUE   (LST)  VALUE       VALUE  FROM      YEAR
                                                  NORMAL
..................................................................
TEMPERATURE (F)
 YESTERDAY
  MAXIMUM         12    454 PM  48    2009  27    -15       37
  MINIMUM         -3    811 AM -40    1899   8    -11       16
  AVERAGE          5                        18    -13       27

PRECIPITATION (IN)
  YESTERDAY        0.00          1.15 1898   0.03  -0.03     0.00
  MONTH TO DATE    0.24                      0.27  -0.03     0.01
  SINCE DEC 1      2.41                      2.16   0.25     4.46
  SINCE JAN 1      1.50                      1.16   0.34     2.36

SNOWFALL (IN)
  YESTERDAY        0.0           5.0  1953   0.3   -0.3      0.0
  MONTH TO DATE    4.5                       3.0    1.5       T
  SINCE DEC 1     27.0                      25.7    1.3     36.5
  SINCE JUL 1     30.3                      32.0   -1.7     38.2
  SNOW DEPTH       7

DEGREE DAYS
 HEATING
  YESTERDAY       60                        47     13       38
  MONTH TO DATE  617                       485    132      492
  SINCE DEC 1   3706                      3483    223     3357
  SINCE JUL 1   5347                      5229    118     4566

 COOLING
  YESTERDAY        0                         0      0        0
  MONTH TO DATE    0                         0      0        0
  SINCE DEC 1      0                         0      0        0
  SINCE JAN 1      0                         0      0        0
..................................................................


WIND (MPH)
  HIGHEST WIND SPEED    10   HIGHEST WIND DIRECTION     W (270)
  HIGHEST GUST SPEED    14   HIGHEST GUST DIRECTION     W (250)
  AVERAGE WIND SPEED     5.0


SKY COVER
  POSSIBLE SUNSHINE  MM
  AVERAGE SKY COVER 0.1


WEATHER CONDITIONS
 THE FOLLOWING WEATHER WAS RECORDED YESTERDAY.
  NO SIGNIFICANT WEATHER WAS OBSERVED.


RELATIVE HUMIDITY (PERCENT)
 HIGHEST    75           900 PM
 LOWEST     52           500 PM
 AVERAGE    64

..........................................................


THE EAU CLAIRE WI CLIMATE NORMALS FOR TODAY
                         NORMAL    RECORD    YEAR
 MAXIMUM TEMPERATURE (F)   28        49      1961
 MINIMUM TEMPERATURE (F)    8       -36      1899


SUNRISE AND SUNSET
FEBRUARY 11 2018......SUNRISE   712 AM CST   SUNSET   529 PM CST
FEBRUARY 12 2018......SUNRISE   711 AM CST   SUNSET   530 PM CST


-  INDICATES NEGATIVE NUMBERS.
R  INDICATES RECORD WAS SET OR TIED.
MM INDICATES DATA IS MISSING.
T  INDICATES TRACE AMOUNT.




$$
