000
CDUS43 KMPX 060736
CLIEAU


CLIMATE REPORT
NATIONAL WEATHER SERVICE CHANHASSEN MN
135 AM CST WED DEC 6 2017


...................................

...THE EAU CLAIRE WI CLIMATE SUMMARY FOR DECEMBER 5 2017...

CLIMATE NORMAL PERIOD 1981 TO 2010
CLIMATE RECORD PERIOD 1893 TO 2017


WEATHER ITEM   OBSERVED TIME   RECORD YEAR NORMAL DEPARTURE LAST
                VALUE   (LST)  VALUE       VALUE  FROM      YEAR
                                                  NORMAL
..................................................................
TEMPERATURE (F)
 YESTERDAY
  MAXIMUM         33   1203 AM  64    2001  31      2       37
  MINIMUM         17   1045 PM -14    1955  14      3       25
  AVERAGE         25                        22      3       31

PRECIPITATION (IN)
  YESTERDAY        0.13          0.76 1948   0.04   0.09     0.01
  MONTH TO DATE    0.46                      0.21   0.25     0.27
  SINCE DEC 1      0.46                      0.21   0.25     0.27
  SINCE JAN 1     34.88                     30.19   4.69    39.19

SNOWFALL (IN)
  YESTERDAY        0.5           6.0  1925   0.3    0.2       T
  MONTH TO DATE    0.5                       1.5   -1.0      2.6
  SINCE DEC 1      0.5                       1.5   -1.0      2.6
  SINCE JUL 1      3.8                       7.8   -4.0      4.3
  SNOW DEPTH       T

DEGREE DAYS
 HEATING
  YESTERDAY       40                        43     -3       34
  MONTH TO DATE  149                       209    -60      165
  SINCE DEC 1    149                       209    -60      165
  SINCE JUL 1   1790                      1955   -165     1374

 COOLING
  YESTERDAY        0                         0      0        0
  MONTH TO DATE    0                         0      0        0
  SINCE DEC 1      0                         0      0        0
  SINCE JAN 1    466                       579   -113      624
..................................................................


WIND (MPH)
  HIGHEST WIND SPEED    31   HIGHEST WIND DIRECTION     W (260)
  HIGHEST GUST SPEED    41   HIGHEST GUST DIRECTION     W (270)
  AVERAGE WIND SPEED    19.5


SKY COVER
  POSSIBLE SUNSHINE  MM
  AVERAGE SKY COVER 0.8


WEATHER CONDITIONS
 THE FOLLOWING WEATHER WAS RECORDED YESTERDAY.
  SNOW
  LIGHT SNOW
  FOG


RELATIVE HUMIDITY (PERCENT)
 HIGHEST    92           100 AM
 LOWEST     62          1100 AM
 AVERAGE    77

..........................................................


THE EAU CLAIRE WI CLIMATE NORMALS FOR TODAY
                         NORMAL    RECORD    YEAR
 MAXIMUM TEMPERATURE (F)   30        56      1939
 MINIMUM TEMPERATURE (F)   14       -22      1972


SUNRISE AND SUNSET
DECEMBER  6 2017......SUNRISE   729 AM CST   SUNSET   425 PM CST
DECEMBER  7 2017......SUNRISE   730 AM CST   SUNSET   425 PM CST


-  INDICATES NEGATIVE NUMBERS.
R  INDICATES RECORD WAS SET OR TIED.
MM INDICATES DATA IS MISSING.
T  INDICATES TRACE AMOUNT.




$$
