000
CDUS43 KMPX 082146
CLIEAU


CLIMATE REPORT
NATIONAL WEATHER SERVICE CHANHASSEN MN
445 PM CDT SUN OCT 8 2017


...................................

...THE EAU CLAIRE WI CLIMATE SUMMARY FOR OCTOBER 8 2017...
VALID TODAY AS OF 0400 PM LOCAL TIME.

CLIMATE NORMAL PERIOD 1981 TO 2010
CLIMATE RECORD PERIOD 1893 TO 2017


WEATHER ITEM   OBSERVED TIME   RECORD YEAR NORMAL DEPARTURE LAST
                VALUE   (LST)  VALUE       VALUE  FROM      YEAR
                                                  NORMAL
..................................................................
TEMPERATURE (F)
 TODAY
  MAXIMUM         76    259 PM  84    2011  62     14       52
  MINIMUM         45    639 AM  23    1989  39      6       33
                                      1987
  AVERAGE         61                        50     11       43

PRECIPITATION (IN)
  TODAY            0.00          3.17 1949   0.08  -0.08     0.00
  MONTH TO DATE    2.28                      0.76   1.52     0.62
  SINCE SEP 1      4.55                      4.44   0.11     8.82
  SINCE JAN 1     32.67                     26.56   6.11    35.65

SNOWFALL (IN)
  TODAY            0.0           T    1959   0.0    0.0      0.0
                                      1915
  MONTH TO DATE    0.0                       0.0    0.0      0.0
  SINCE SEP 1      0.0                       0.0    0.0      0.0
  SINCE JUL 1      0.0                       0.0    0.0      0.0
  SNOW DEPTH       0

DEGREE DAYS
 HEATING
  TODAY            4                        15    -11       22
  MONTH TO DATE   57                       108    -51       79
  SINCE SEP 1    175                       302   -127      161
  SINCE JUL 1    218                       341   -123      171

 COOLING
  TODAY            0                         0      0        0
  MONTH TO DATE    0                         4     -4        0
  SINCE SEP 1     94                        52     42       39
  SINCE JAN 1    466                       579   -113      622
..................................................................


WIND (MPH)
  HIGHEST WIND SPEED    21   HIGHEST WIND DIRECTION     S (200)
  HIGHEST GUST SPEED    28   HIGHEST GUST DIRECTION    SW (220)
  AVERAGE WIND SPEED     8.6


SKY COVER
  POSSIBLE SUNSHINE  MM
  AVERAGE SKY COVER 0.0


WEATHER CONDITIONS
 THE FOLLOWING WEATHER WAS RECORDED TODAY.
  FOG


RELATIVE HUMIDITY (PERCENT)
 HIGHEST   100           200 AM
 LOWEST     41           300 PM
 AVERAGE    71

..........................................................


THE EAU CLAIRE WI CLIMATE NORMALS FOR TOMORROW
                         NORMAL    RECORD    YEAR
 MAXIMUM TEMPERATURE (F)   61        81      2011
                                             2010
                                             1938
 MINIMUM TEMPERATURE (F)   39        19      1895


SUNRISE AND SUNSET
OCTOBER  8 2017.......SUNRISE   713 AM CDT   SUNSET   633 PM CDT
OCTOBER  9 2017.......SUNRISE   714 AM CDT   SUNSET   631 PM CDT


-  INDICATES NEGATIVE NUMBERS.
R  INDICATES RECORD WAS SET OR TIED.
MM INDICATES DATA IS MISSING.
T  INDICATES TRACE AMOUNT.




$$
