000
CDUS43 KMPX 211125
CLIEAU


CLIMATE REPORT
NATIONAL WEATHER SERVICE CHANHASSEN MN
524 AM CST SUN DEC 21 2014


...................................

...THE EAU CLAIRE WI CLIMATE SUMMARY FOR DECEMBER 20 2014...

CLIMATE NORMAL PERIOD 1981 TO 2010
CLIMATE RECORD PERIOD 1893 TO 2014


WEATHER ITEM   OBSERVED TIME   RECORD YEAR NORMAL DEPARTURE LAST
                VALUE   (LST)  VALUE       VALUE  FROM      YEAR
                                                  NORMAL
..................................................................
TEMPERATURE (F)
 YESTERDAY
  MAXIMUM         32    513 PM  50    1967  26      6       20
  MINIMUM         26    826 AM -28    1983   9     17       16
  AVERAGE         29                        17     12       18

PRECIPITATION (IN)
  YESTERDAY        T             0.65 1902   0.03  -0.03     0.01
  MONTH TO DATE    0.10                      0.70  -0.60     1.20
  SINCE DEC 1      0.10                      0.70  -0.60     1.20
  SINCE JAN 1     42.40                     30.68  11.72    35.57

SNOWFALL (IN)
  YESTERDAY        T             4.4  2008   0.3   -0.3      0.3
  MONTH TO DATE    0.5                       6.1   -5.6     11.4
  SINCE DEC 1      0.5                       6.1   -5.6     11.4
  SINCE JUL 1     14.7                      12.4    2.3     13.6
  SNOW DEPTH       T

DEGREE DAYS
 HEATING
  YESTERDAY       36                        48    -12       47
  MONTH TO DATE  792                       892   -100     1064
  SINCE DEC 1    792                       892   -100     1064
  SINCE JUL 1   2764                      2638    126     2809

 COOLING
  YESTERDAY        0                         0      0        0
  MONTH TO DATE    0                         0      0        0
  SINCE DEC 1      0                         0      0        0
  SINCE JAN 1    500                       579    -79      653
..................................................................


WIND (MPH)
  HIGHEST WIND SPEED    13   HIGHEST WIND DIRECTION     S (160)
  HIGHEST GUST SPEED    15   HIGHEST GUST DIRECTION     S (170)
  AVERAGE WIND SPEED     7.1


SKY COVER
  POSSIBLE SUNSHINE  MM
  AVERAGE SKY COVER 1.0


WEATHER CONDITIONS
 THE FOLLOWING WEATHER WAS RECORDED YESTERDAY.
  FOG
  HAZE


RELATIVE HUMIDITY (PERCENT)
 HIGHEST    92          1000 PM
 LOWEST     72          1100 AM
 AVERAGE    82

..........................................................


THE EAU CLAIRE WI CLIMATE NORMALS FOR TODAY
                         NORMAL    RECORD    YEAR
 MAXIMUM TEMPERATURE (F)   25        53      1967
 MINIMUM TEMPERATURE (F)    9       -27      1989


SUNRISE AND SUNSET
DECEMBER 21 2014......SUNRISE   741 AM CST   SUNSET   428 PM CST
DECEMBER 22 2014......SUNRISE   741 AM CST   SUNSET   428 PM CST


-  INDICATES NEGATIVE NUMBERS.
R  INDICATES RECORD WAS SET OR TIED.
MM INDICATES DATA IS MISSING.
T  INDICATES TRACE AMOUNT.




$$
