000
CDUS43 KMPX 072158
CLIEAU


CLIMATE REPORT
NATIONAL WEATHER SERVICE CHANHASSEN MN
458 PM CDT SUN SEP 7 2014


...................................

...THE EAU CLAIRE WI CLIMATE SUMMARY FOR SEPTEMBER 7 2014...
VALID AS OF 0400 PM LOCAL TIME.

CLIMATE NORMAL PERIOD 1981 TO 2010
CLIMATE RECORD PERIOD 1893 TO 2014


WEATHER ITEM   OBSERVED TIME   RECORD YEAR NORMAL DEPARTURE LAST
                VALUE   (LST)  VALUE       VALUE  FROM      YEAR
                                                  NORMAL
..................................................................
TEMPERATURE (F)
 TODAY
  MAXIMUM         77    209 PM  97    1978  75      2       93
  MINIMUM         52    547 AM  34    1956  53     -1       66
  AVERAGE         65                        64      1       80

PRECIPITATION (IN)
  TODAY            0.00          2.16 1964   0.13  -0.13     0.00
  MONTH TO DATE    2.93                      0.87   2.06      T
  SINCE SEP 1      2.93                      0.87   2.06      T
  SINCE JAN 1     35.60                     22.99  12.61    27.64

SNOWFALL (IN)
  TODAY            0.0           0.0    MM   0.0    0.0      0.0
  MONTH TO DATE    0.0                       0.0    0.0      0.0
  SINCE SEP 1      0.0                       0.0    0.0      0.0
  SINCE JUL 1      0.0                       0.0    0.0      0.0
  SNOW DEPTH       0

DEGREE DAYS
 HEATING
  TODAY            0                         4     -4        0
  MONTH TO DATE    7                        20    -13       11
  SINCE SEP 1      7                        20    -13       11
  SINCE JUL 1     30                        59    -29       49

 COOLING
  TODAY            0                         3     -3       15
  MONTH TO DATE   13                        21     -8       33
  SINCE SEP 1     13                        21     -8       33
  SINCE JAN 1    491                       548    -57      599
..................................................................


WIND (MPH)
  HIGHEST WIND SPEED    20   HIGHEST WIND DIRECTION    SW (220)
  HIGHEST GUST SPEED    24   HIGHEST GUST DIRECTION    SW (210)
  AVERAGE WIND SPEED     7.1


SKY COVER
  POSSIBLE SUNSHINE  MM
  AVERAGE SKY COVER 0.0


WEATHER CONDITIONS
 THE FOLLOWING WEATHER WAS RECORDED TODAY.
  FOG


RELATIVE HUMIDITY (PERCENT)
 HIGHEST   100           100 AM
 LOWEST     38           200 PM
 AVERAGE    69

..........................................................


THE EAU CLAIRE WI CLIMATE NORMALS FOR TOMORROW
                         NORMAL    RECORD    YEAR
 MAXIMUM TEMPERATURE (F)   75        98      1931
 MINIMUM TEMPERATURE (F)   52        38      1995


SUNRISE AND SUNSET
SEPTEMBER  7 2014.....SUNRISE   635 AM CDT   SUNSET   732 PM CDT
SEPTEMBER  8 2014.....SUNRISE   636 AM CDT   SUNSET   730 PM CDT


-  INDICATES NEGATIVE NUMBERS.
R  INDICATES RECORD WAS SET OR TIED.
MM INDICATES DATA IS MISSING.
T  INDICATES TRACE AMOUNT.




$$
