000
CDUS43 KMPX 120632
CLIEAU


CLIMATE REPORT
NATIONAL WEATHER SERVICE CHANHASSEN MN
131 AM CDT THU MAY 12 2016


...................................

...THE EAU CLAIRE WI CLIMATE SUMMARY FOR MAY 11 2016...

CLIMATE NORMAL PERIOD 1981 TO 2010
CLIMATE RECORD PERIOD 1893 TO 2016


WEATHER ITEM   OBSERVED TIME   RECORD YEAR NORMAL DEPARTURE LAST
                VALUE   (LST)  VALUE       VALUE  FROM      YEAR
                                                  NORMAL
..................................................................
TEMPERATURE (F)
 YESTERDAY
  MAXIMUM         57    357 PM  89    1922  69    -12       60
  MINIMUM         48    343 AM  28    1946  44      4       45
                                      1907
  AVERAGE         53                        56     -3       53

PRECIPITATION (IN)
  YESTERDAY        0.30          1.68 1999   0.10   0.20     0.17
  MONTH TO DATE    0.83                      1.18  -0.35     1.76
  SINCE MAR 1      8.05                      5.66   2.39     5.23
  SINCE JAN 1      9.21                      7.36   1.85     5.82

SNOWFALL (IN)
  YESTERDAY        0.0           0.0    MM   0.0    0.0      0.0
  MONTH TO DATE    0.0                       0.2   -0.2      0.0
  SINCE MAR 1     13.9                      10.7    3.2      7.3
  SINCE JUL 1     38.0                      47.0   -9.0     38.1
  SNOW DEPTH       0

DEGREE DAYS
 HEATING
  YESTERDAY       12                         9      3       12
  MONTH TO DATE  110                       119     -9       69
  SINCE MAR 1   1498                      1739   -241     1580
  SINCE JUL 1   6676                      7759  -1083     7933

 COOLING
  YESTERDAY        0                         1     -1        0
  MONTH TO DATE    3                         5     -2        9
  SINCE MAR 1      7                         9     -2        9
  SINCE JAN 1      7                         9     -2        9
..................................................................


WIND (MPH)
  HIGHEST WIND SPEED    12   HIGHEST WIND DIRECTION    SE (150)
  HIGHEST GUST SPEED    15   HIGHEST GUST DIRECTION     S (160)
  AVERAGE WIND SPEED     5.6


SKY COVER
  POSSIBLE SUNSHINE  MM
  AVERAGE SKY COVER 1.0


WEATHER CONDITIONS
 THE FOLLOWING WEATHER WAS RECORDED YESTERDAY.
  HEAVY RAIN
  RAIN
  LIGHT RAIN
  FOG


RELATIVE HUMIDITY (PERCENT)
 HIGHEST   100           600 PM
 LOWEST     83          1000 AM
 AVERAGE    92

..........................................................


THE EAU CLAIRE WI CLIMATE NORMALS FOR TODAY
                         NORMAL    RECORD    YEAR
 MAXIMUM TEMPERATURE (F)   69        92      1900
 MINIMUM TEMPERATURE (F)   44        26      1967


SUNRISE AND SUNSET
MAY 12 2016...........SUNRISE   540 AM CDT   SUNSET   825 PM CDT
MAY 13 2016...........SUNRISE   539 AM CDT   SUNSET   826 PM CDT


-  INDICATES NEGATIVE NUMBERS.
R  INDICATES RECORD WAS SET OR TIED.
MM INDICATES DATA IS MISSING.
T  INDICATES TRACE AMOUNT.




$$
