000
CDUS43 KMPX 160745
CLIEAU


CLIMATE REPORT
NATIONAL WEATHER SERVICE CHANHASSEN MN
243 AM CDT WED JUL 16 2014


...................................

...THE EAU CLAIRE WI CLIMATE SUMMARY FOR JULY 15 2014...

CLIMATE NORMAL PERIOD 1981 TO 2010
CLIMATE RECORD PERIOD 1893 TO 2014


WEATHER ITEM   OBSERVED TIME   RECORD YEAR NORMAL DEPARTURE LAST
                VALUE   (LST)  VALUE       VALUE  FROM      YEAR
                                                  NORMAL
..................................................................
TEMPERATURE (F)
 YESTERDAY
  MAXIMUM         72    319 PM 104    1988  83    -11       91
  MINIMUM         52   1132 PM  47    1930  61     -9       62
  AVERAGE         62                        72    -10       77

PRECIPITATION (IN)
  YESTERDAY        T             1.39 1913   0.12  -0.12     0.00
  MONTH TO DATE    1.87                      1.87   0.00     0.14
  SINCE JUN 1     11.71                      6.00   5.71     6.00
  SINCE JAN 1     25.81                     15.64  10.17    26.05

SNOWFALL (IN)
  YESTERDAY        0.0           0.0    MM   0.0    0.0      0.0
  MONTH TO DATE    0.0                       0.0    0.0      0.0
  SINCE JUN 1      0.0                       0.0    0.0      0.0
  SINCE JUL 1      0.0                       0.0    0.0      0.0
  SNOW DEPTH       0

DEGREE DAYS
 HEATING
  YESTERDAY        3                         0      3        0
  MONTH TO DATE   13                         2     11        0
  SINCE JUN 1     38                        64    -26       63
  SINCE JUL 1     13                         2     11        0

 COOLING
  YESTERDAY        0                         7     -7       12
  MONTH TO DATE   55                       104    -49      139
  SINCE JUN 1    189                       224    -35      229
  SINCE JAN 1    224                       256    -32      261
..................................................................


WIND (MPH)
  HIGHEST WIND SPEED    17   HIGHEST WIND DIRECTION    NW (330)
  HIGHEST GUST SPEED    22   HIGHEST GUST DIRECTION     N (340)
  AVERAGE WIND SPEED     8.0


SKY COVER
  POSSIBLE SUNSHINE  MM
  AVERAGE SKY COVER 0.7


WEATHER CONDITIONS
 THE FOLLOWING WEATHER WAS RECORDED YESTERDAY.
  LIGHT RAIN


RELATIVE HUMIDITY (PERCENT)
 HIGHEST    93           100 AM
 LOWEST     44           500 PM
 AVERAGE    69

..........................................................


THE EAU CLAIRE WI CLIMATE NORMALS FOR TODAY
                         NORMAL    RECORD    YEAR
 MAXIMUM TEMPERATURE (F)   83       102      1936
 MINIMUM TEMPERATURE (F)   61        43      1896


SUNRISE AND SUNSET
JULY 16 2014..........SUNRISE   535 AM CDT   SUNSET   849 PM CDT
JULY 17 2014..........SUNRISE   536 AM CDT   SUNSET   848 PM CDT


-  INDICATES NEGATIVE NUMBERS.
R  INDICATES RECORD WAS SET OR TIED.
MM INDICATES DATA IS MISSING.
T  INDICATES TRACE AMOUNT.




$$
