000
CDUS43 KMPX 180634
CLIEAU


CLIMATE REPORT
NATIONAL WEATHER SERVICE CHANHASSEN MN
126 AM CDT MON MAY 18 2015


...................................

...THE EAU CLAIRE WI CLIMATE SUMMARY FOR MAY 17 2015...

CLIMATE NORMAL PERIOD 1981 TO 2010
CLIMATE RECORD PERIOD 1893 TO 2015


WEATHER ITEM   OBSERVED TIME   RECORD YEAR NORMAL DEPARTURE LAST
                VALUE   (LST)  VALUE       VALUE  FROM      YEAR
                                                  NORMAL
..................................................................
TEMPERATURE (F)
 YESTERDAY
  MAXIMUM         76    359 PM  93    1987  70      6       65
  MINIMUM         54   1159 PM  29    2002  46      8       35
                                      1925
  AVERAGE         65                        58      7       50

PRECIPITATION (IN)
  YESTERDAY        0.20          1.92 1910   0.11   0.09     0.00
  MONTH TO DATE    2.55                      1.84   0.71     1.74
  SINCE MAR 1      6.02                      6.32  -0.30     8.56
  SINCE JAN 1      6.61                      8.02  -1.41    11.76

SNOWFALL (IN)
  YESTERDAY        0.0           T    1915   0.0    0.0      0.0
  MONTH TO DATE    0.0                       0.2   -0.2      0.0
  SINCE MAR 1      7.3                      10.7   -3.4     13.1
  SINCE JUL 1     38.1                      47.0   -8.9     74.8
  SNOW DEPTH       0

DEGREE DAYS
 HEATING
  YESTERDAY        0                         8     -8       15
  MONTH TO DATE  122                       170    -48      218
  SINCE MAR 1   1633                      1790   -157     2212
  SINCE JUL 1   7986                      7811    175     9104

 COOLING
  YESTERDAY        0                         1     -1        0
  MONTH TO DATE   10                        11     -1        0
  SINCE MAR 1     10                        15     -5        0
  SINCE JAN 1     10                        15     -5        0
..................................................................


WIND (MPH)
  HIGHEST WIND SPEED    29   HIGHEST WIND DIRECTION    SW (210)
  HIGHEST GUST SPEED    43   HIGHEST GUST DIRECTION    SW (240)
  AVERAGE WIND SPEED    14.9


SKY COVER
  POSSIBLE SUNSHINE  MM
  AVERAGE SKY COVER 0.7


WEATHER CONDITIONS
 THE FOLLOWING WEATHER WAS RECORDED YESTERDAY.
  THUNDERSTORM
  HEAVY RAIN
  RAIN
  LIGHT RAIN
  FOG


RELATIVE HUMIDITY (PERCENT)
 HIGHEST    87          1200 AM
 LOWEST     54           100 PM
 AVERAGE    71

..........................................................


THE EAU CLAIRE WI CLIMATE NORMALS FOR TODAY
                         NORMAL    RECORD    YEAR
 MAXIMUM TEMPERATURE (F)   70        91      2012
                                             1998
                                             1972
 MINIMUM TEMPERATURE (F)   46        29      2002


SUNRISE AND SUNSET
MAY 18 2015...........SUNRISE   534 AM CDT   SUNSET   831 PM CDT
MAY 19 2015...........SUNRISE   533 AM CDT   SUNSET   832 PM CDT


-  INDICATES NEGATIVE NUMBERS.
R  INDICATES RECORD WAS SET OR TIED.
MM INDICATES DATA IS MISSING.
T  INDICATES TRACE AMOUNT.




$$
