000
CDUS43 KMPX 220133
CLIEAU


CLIMATE REPORT
NATIONAL WEATHER SERVICE CHANHASSEN MN
730 PM CST SUN DEC 21 2014


...................................

...THE EAU CLAIRE WI CLIMATE SUMMARY FOR DECEMBER 21 2014...
VALID TODAY AS OF 0700 PM LOCAL TIME.

CLIMATE NORMAL PERIOD 1981 TO 2010
CLIMATE RECORD PERIOD 1893 TO 2014


WEATHER ITEM   OBSERVED TIME   RECORD YEAR NORMAL DEPARTURE LAST
                VALUE   (LST)  VALUE       VALUE  FROM      YEAR
                                                  NORMAL
..................................................................
TEMPERATURE (F)
 TODAY
  MAXIMUM         37    555 PM  53    1967  25     12       25
  MINIMUM         30   1241 AM -27    1989   9     21       20
  AVERAGE         34                        17     17       23

PRECIPITATION (IN)
  TODAY            0.02          0.79 1984   0.03  -0.01      T
  MONTH TO DATE    0.12                      0.73  -0.61     1.20
  SINCE DEC 1      0.12                      0.73  -0.61     1.20
  SINCE JAN 1     42.42                     30.71  11.71    35.57

SNOWFALL (IN)
  TODAY            T             6.2  1920   0.3   -0.3       T
  MONTH TO DATE    0.5                       6.4   -5.9     11.4
  SINCE DEC 1      0.5                       6.4   -5.9     11.4
  SINCE JUL 1     14.7                      12.7    2.0     13.6
  SNOW DEPTH       T

DEGREE DAYS
 HEATING
  TODAY           31                        48    -17       42
  MONTH TO DATE  823                       940   -117     1106
  SINCE DEC 1    823                       940   -117     1106
  SINCE JUL 1   2795                      2686    109     2851

 COOLING
  TODAY            0                         0      0        0
  MONTH TO DATE    0                         0      0        0
  SINCE DEC 1      0                         0      0        0
  SINCE JAN 1    500                       579    -79      653
..................................................................


WIND (MPH)
  HIGHEST WIND SPEED    15   HIGHEST WIND DIRECTION    SE (150)
  HIGHEST GUST SPEED    20   HIGHEST GUST DIRECTION    SE (150)
  AVERAGE WIND SPEED     9.5


SKY COVER
  POSSIBLE SUNSHINE  MM
  AVERAGE SKY COVER 1.0


WEATHER CONDITIONS
 THE FOLLOWING WEATHER WAS RECORDED TODAY.
  LIGHT RAIN
  LIGHT SNOW
  FOG


RELATIVE HUMIDITY (PERCENT)
 HIGHEST   100           200 PM
 LOWEST     85          1200 AM
 AVERAGE    93

..........................................................


THE EAU CLAIRE WI CLIMATE NORMALS FOR TOMORROW
                         NORMAL    RECORD    YEAR
 MAXIMUM TEMPERATURE (F)   25        52      1941
 MINIMUM TEMPERATURE (F)    8       -24      1989


SUNRISE AND SUNSET
DECEMBER 21 2014......SUNRISE   741 AM CST   SUNSET   428 PM CST
DECEMBER 22 2014......SUNRISE   741 AM CST   SUNSET   428 PM CST


-  INDICATES NEGATIVE NUMBERS.
R  INDICATES RECORD WAS SET OR TIED.
MM INDICATES DATA IS MISSING.
T  INDICATES TRACE AMOUNT.




$$
