000
CDUS43 KMPX 150721
CLIEAU


CLIMATE REPORT
NATIONAL WEATHER SERVICE CHANHASSEN MN
220 AM CDT TUE JUL 15 2014


...................................

...THE EAU CLAIRE WI CLIMATE SUMMARY FOR JULY 14 2014...

CLIMATE NORMAL PERIOD 1981 TO 2010
CLIMATE RECORD PERIOD 1893 TO 2014


WEATHER ITEM   OBSERVED TIME   RECORD YEAR NORMAL DEPARTURE LAST
                VALUE   (LST)  VALUE       VALUE  FROM      YEAR
                                                  NORMAL
..................................................................
TEMPERATURE (F)
 YESTERDAY
  MAXIMUM         67   1119 AM 111    1936  83    -16       88
  MINIMUM         54   1130 PM  46    1930  61     -7       66
  AVERAGE         61                        72    -11       77

PRECIPITATION (IN)
  YESTERDAY        0.03          2.16 1969   0.12  -0.09     0.00
  MONTH TO DATE    1.87                      1.75   0.12     0.14
  SINCE JUN 1     11.71                      5.88   5.83     6.00
  SINCE JAN 1     25.81                     15.52  10.29    26.05

SNOWFALL (IN)
  YESTERDAY        0.0           0.0    MM   0.0    0.0      0.0
  MONTH TO DATE    0.0                       0.0    0.0      0.0
  SINCE JUN 1      0.0                       0.0    0.0      0.0
  SINCE JUL 1      0.0                       0.0    0.0      0.0
  SNOW DEPTH       0

DEGREE DAYS
 HEATING
  YESTERDAY        4                         0      4        0
  MONTH TO DATE   10                         2      8        0
  SINCE JUN 1     35                        64    -29       63
  SINCE JUL 1     10                         2      8        0

 COOLING
  YESTERDAY        0                         7     -7       12
  MONTH TO DATE   55                        97    -42      127
  SINCE JUN 1    189                       217    -28      217
  SINCE JAN 1    224                       249    -25      249
..................................................................


WIND (MPH)
  HIGHEST WIND SPEED    23   HIGHEST WIND DIRECTION    NW (310)
  HIGHEST GUST SPEED    29   HIGHEST GUST DIRECTION    NW (320)
  AVERAGE WIND SPEED     9.6


SKY COVER
  POSSIBLE SUNSHINE  MM
  AVERAGE SKY COVER 0.8


WEATHER CONDITIONS
 THE FOLLOWING WEATHER WAS RECORDED YESTERDAY.
  LIGHT RAIN
  FOG


RELATIVE HUMIDITY (PERCENT)
 HIGHEST    93           200 AM
 LOWEST     56          1100 AM
 AVERAGE    75

..........................................................


THE EAU CLAIRE WI CLIMATE NORMALS FOR TODAY
                         NORMAL    RECORD    YEAR
 MAXIMUM TEMPERATURE (F)   83       104      1988
 MINIMUM TEMPERATURE (F)   61        47      1930


SUNRISE AND SUNSET
JULY 15 2014..........SUNRISE   534 AM CDT   SUNSET   849 PM CDT
JULY 16 2014..........SUNRISE   535 AM CDT   SUNSET   849 PM CDT


-  INDICATES NEGATIVE NUMBERS.
R  INDICATES RECORD WAS SET OR TIED.
MM INDICATES DATA IS MISSING.
T  INDICATES TRACE AMOUNT.




$$
