000
CDUS43 KMPX 090050
CLIEAU


CLIMATE REPORT
NATIONAL WEATHER SERVICE CHANHASSEN MN
750 PM CDT SAT APR 8 2017


...................................

...THE EAU CLAIRE WI CLIMATE SUMMARY FOR APRIL 8 2017...
VALID TODAY AS OF 0700 PM LOCAL TIME.

CLIMATE NORMAL PERIOD 1981 TO 2010
CLIMATE RECORD PERIOD 1893 TO 2017


WEATHER ITEM   OBSERVED TIME   RECORD YEAR NORMAL DEPARTURE LAST
                VALUE   (LST)  VALUE       VALUE  FROM      YEAR
                                                  NORMAL
..................................................................
TEMPERATURE (F)
 TODAY
  MAXIMUM         70    537 PM  81    1931  54     16       38
  MINIMUM         38    302 AM   9    1997  31      7       22
  AVERAGE         54                        42     12       30

PRECIPITATION (IN)
  TODAY            0.00          1.15 1991   0.08  -0.08     0.01
  MONTH TO DATE    0.47                      0.63  -0.16     0.56
  SINCE MAR 1      1.59                      2.36  -0.77     5.22
  SINCE JAN 1      5.67                      4.06   1.61     6.38

SNOWFALL (IN)
  TODAY            0.0           2.0  1980   T      0.0       T
  MONTH TO DATE    0.0                       0.8   -0.8      1.8
  SINCE MAR 1      4.8                       9.4   -4.6     13.9
  SINCE JUL 1     53.7                      45.7    8.0     38.0
  SNOW DEPTH       0

DEGREE DAYS
 HEATING
  TODAY           11                        23    -12       35
  MONTH TO DATE  159                       196    -37      251
  SINCE MAR 1   1209                      1240    -31     1062
  SINCE JUL 1   6319                      7260   -941     6240

 COOLING
  TODAY            0                         0      0        0
  MONTH TO DATE    0                         0      0        0
  SINCE MAR 1      0                         0      0        0
  SINCE JAN 1      0                         0      0        0
..................................................................


WIND (MPH)
  HIGHEST WIND SPEED    22   HIGHEST WIND DIRECTION     S (180)
  HIGHEST GUST SPEED    29   HIGHEST GUST DIRECTION     S (180)
  AVERAGE WIND SPEED    10.6


SKY COVER
  POSSIBLE SUNSHINE  MM
  AVERAGE SKY COVER 0.0


WEATHER CONDITIONS
 THE FOLLOWING WEATHER WAS RECORDED TODAY.
  NO SIGNIFICANT WEATHER WAS OBSERVED.


RELATIVE HUMIDITY (PERCENT)
 HIGHEST    54           400 AM
 LOWEST     28           100 PM
 AVERAGE    41

..........................................................


THE EAU CLAIRE WI CLIMATE NORMALS FOR TOMORROW
                         NORMAL    RECORD    YEAR
 MAXIMUM TEMPERATURE (F)   54        79      1930
                                             1987
                                             1931
 MINIMUM TEMPERATURE (F)   32        12      1997


SUNRISE AND SUNSET
APRIL  8 2017.........SUNRISE   633 AM CDT   SUNSET   743 PM CDT
APRIL  9 2017.........SUNRISE   632 AM CDT   SUNSET   744 PM CDT


-  INDICATES NEGATIVE NUMBERS.
R  INDICATES RECORD WAS SET OR TIED.
MM INDICATES DATA IS MISSING.
T  INDICATES TRACE AMOUNT.




$$
