325
CDUS43 KMPX 160029
CLIEAU


CLIMATE REPORT
NATIONAL WEATHER SERVICE CHANHASSEN MN
729 PM CDT FRI SEP 15 2017


...................................

...THE EAU CLAIRE WI CLIMATE SUMMARY FOR SEPTEMBER 15 2017...
VALID TODAY AS OF 0700 PM LOCAL TIME.

CLIMATE NORMAL PERIOD 1981 TO 2010
CLIMATE RECORD PERIOD 1893 TO 2017


WEATHER ITEM   OBSERVED TIME   RECORD YEAR NORMAL DEPARTURE LAST
                VALUE   (LST)  VALUE       VALUE  FROM      YEAR
                                                  NORMAL
..................................................................
TEMPERATURE (F)
 TODAY
  MAXIMUM         87    211 PM  97    1939  72     15       77
  MINIMUM         68    634 AM  29    2011  49     19       47
  AVERAGE         78                        60     18       62

PRECIPITATION (IN)
  TODAY            0.01          2.03 2010   0.12  -0.11     0.30
  MONTH TO DATE    0.26                      1.89  -1.63     2.17
  SINCE SEP 1      0.26                      1.89  -1.63     2.17
  SINCE JAN 1     28.38                     24.01   4.37    29.00

SNOWFALL (IN)
  TODAY            0.0           T    1916   0.0    0.0      0.0
  MONTH TO DATE    0.0                       0.0    0.0      0.0
  SINCE SEP 1      0.0                       0.0    0.0      0.0
  SINCE JUL 1      0.0                       0.0    0.0      0.0
  SNOW DEPTH       0

DEGREE DAYS
 HEATING
  TODAY            0                         6     -6        3
  MONTH TO DATE   57                        59     -2       29
  SINCE SEP 1     57                        59     -2       29
  SINCE JUL 1    100                        98      2       39

 COOLING
  TODAY           13                         1     12        0
  MONTH TO DATE   30                        36     -6       31
  SINCE SEP 1     30                        36     -6       31
  SINCE JAN 1    402                       563   -161      614
..................................................................


WIND (MPH)
  HIGHEST WIND SPEED    17   HIGHEST WIND DIRECTION    SW (210)
  HIGHEST GUST SPEED    21   HIGHEST GUST DIRECTION     S (180)
  AVERAGE WIND SPEED     9.8


SKY COVER
  POSSIBLE SUNSHINE  MM
  AVERAGE SKY COVER 0.2


WEATHER CONDITIONS
 THE FOLLOWING WEATHER WAS RECORDED TODAY.
  LIGHT RAIN


RELATIVE HUMIDITY (PERCENT)
 HIGHEST    81           500 AM
 LOWEST     42           200 PM
 AVERAGE    62

..........................................................


THE EAU CLAIRE WI CLIMATE NORMALS FOR TOMORROW
                         NORMAL    RECORD    YEAR
 MAXIMUM TEMPERATURE (F)   71        95      1948
 MINIMUM TEMPERATURE (F)   49        34      1916


SUNRISE AND SUNSET
SEPTEMBER 15 2017.....SUNRISE   645 AM CDT   SUNSET   716 PM CDT
SEPTEMBER 16 2017.....SUNRISE   646 AM CDT   SUNSET   714 PM CDT


-  INDICATES NEGATIVE NUMBERS.
R  INDICATES RECORD WAS SET OR TIED.
MM INDICATES DATA IS MISSING.
T  INDICATES TRACE AMOUNT.




$$
