000
CDUS43 KMPX 210026
CLIEAU


CLIMATE REPORT
NATIONAL WEATHER SERVICE CHANHASSEN MN
726 PM CDT THU AUG 20 2015


...................................

...THE EAU CLAIRE WI CLIMATE SUMMARY FOR AUGUST 20 2015...
VALID TODAY AS OF 0700 PM LOCAL TIME.

CLIMATE NORMAL PERIOD 1981 TO 2010
CLIMATE RECORD PERIOD 1893 TO 2015


WEATHER ITEM   OBSERVED TIME   RECORD YEAR NORMAL DEPARTURE LAST
                VALUE   (LST)  VALUE       VALUE  FROM      YEAR
                                                  NORMAL
..................................................................
TEMPERATURE (F)
 TODAY
  MAXIMUM         71    459 PM  96    1906  80     -9       79
  MINIMUM         53    511 AM  40    1950  58     -5       58
  AVERAGE         62                        69     -7       69

PRECIPITATION (IN)
  TODAY            0.01          1.72 1939   0.15  -0.14     0.00
  MONTH TO DATE    6.86                      3.00   3.86     3.68
  SINCE JUN 1     17.78                     11.01   6.77    15.96
  SINCE JAN 1     27.23                     20.65   6.58    30.06

SNOWFALL (IN)
  TODAY            0.0           0.0    MM   0.0    0.0      0.0
  MONTH TO DATE    0.0                       0.0    0.0      0.0
  SINCE JUN 1      0.0                       0.0    0.0      0.0
  SINCE JUL 1      0.0                       0.0    0.0      0.0
  SNOW DEPTH       0

DEGREE DAYS
 HEATING
  TODAY            3                         1      2        0
  MONTH TO DATE    6                        15     -9        3
  SINCE JUN 1     50                        88    -38       46
  SINCE JUL 1     22                        26     -4       21

 COOLING
  TODAY            0                         5     -5        4
  MONTH TO DATE  109                       114     -5      105
  SINCE JUN 1    371                       448    -77      377
  SINCE JAN 1    389                       480    -91      412
..................................................................


WIND (MPH)
  HIGHEST WIND SPEED    22   HIGHEST WIND DIRECTION     W (280)
  HIGHEST GUST SPEED    28   HIGHEST GUST DIRECTION     W (270)
  AVERAGE WIND SPEED    11.3


SKY COVER
  POSSIBLE SUNSHINE  MM
  AVERAGE SKY COVER 0.8


WEATHER CONDITIONS
 THE FOLLOWING WEATHER WAS RECORDED TODAY.
  FOG


RELATIVE HUMIDITY (PERCENT)
 HIGHEST    89           500 AM
 LOWEST     44           500 PM
 AVERAGE    67

..........................................................


THE EAU CLAIRE WI CLIMATE NORMALS FOR TOMORROW
                         NORMAL    RECORD    YEAR
 MAXIMUM TEMPERATURE (F)   80        99      1947
 MINIMUM TEMPERATURE (F)   58        38      2004


SUNRISE AND SUNSET
AUGUST 20 2015........SUNRISE   614 AM CDT   SUNSET   804 PM CDT
AUGUST 21 2015........SUNRISE   615 AM CDT   SUNSET   803 PM CDT


-  INDICATES NEGATIVE NUMBERS.
R  INDICATES RECORD WAS SET OR TIED.
MM INDICATES DATA IS MISSING.
T  INDICATES TRACE AMOUNT.




$$
