000
CDUS43 KMPX 080729
CLIEAU


CLIMATE REPORT
NATIONAL WEATHER SERVICE CHANHASSEN MN
129 AM CST SUN JAN 8 2017


...................................

...THE EAU CLAIRE WI CLIMATE SUMMARY FOR JANUARY 7 2017...

CLIMATE NORMAL PERIOD 1981 TO 2010
CLIMATE RECORD PERIOD 1893 TO 2017


WEATHER ITEM   OBSERVED TIME   RECORD YEAR NORMAL DEPARTURE LAST
                VALUE   (LST)  VALUE       VALUE  FROM      YEAR
                                                  NORMAL
..................................................................
TEMPERATURE (F)
 YESTERDAY
  MAXIMUM          7    345 PM  49    2003  23    -16       33
  MINIMUM        -12    411 AM -33    1912   6    -18       30
  AVERAGE         -2                        14    -16       32

PRECIPITATION (IN)
  YESTERDAY        0.00          0.32 1989   0.03  -0.03     0.08
  MONTH TO DATE    0.17                      0.19  -0.02     0.09
  SINCE DEC 1      2.21                      1.19   1.02     3.93
  SINCE JAN 1      0.17                      0.19  -0.02     0.09

SNOWFALL (IN)
  YESTERDAY        0.0           5.0  1977   0.4   -0.4      0.7
  MONTH TO DATE    2.1                       2.6   -0.5      1.1
  SINCE DEC 1     21.3                      12.1    9.2     10.5
  SINCE JUL 1     23.0                      18.4    4.6     11.9
  SNOW DEPTH       5

DEGREE DAYS
 HEATING
  YESTERDAY       67                        51     16       33
  MONTH TO DATE  400                       352     48      292
  SINCE DEC 1   1811                      1782     29     1346
  SINCE JUL 1   3020                      3528   -508     2708

 COOLING
  YESTERDAY        0                         0      0        0
  MONTH TO DATE    0                         0      0        0
  SINCE DEC 1      0                         0      0        0
  SINCE JAN 1      0                         0      0        0
..................................................................


WIND (MPH)
  HIGHEST WIND SPEED    18   HIGHEST WIND DIRECTION    NW (300)
  HIGHEST GUST SPEED    24   HIGHEST GUST DIRECTION    NW (300)
  AVERAGE WIND SPEED     6.8


SKY COVER
  POSSIBLE SUNSHINE  MM
  AVERAGE SKY COVER 0.1


WEATHER CONDITIONS
 THE FOLLOWING WEATHER WAS RECORDED YESTERDAY.
  FOG
  HAZE


RELATIVE HUMIDITY (PERCENT)
 HIGHEST    83           100 AM
 LOWEST     55           100 PM
 AVERAGE    69

..........................................................


THE EAU CLAIRE WI CLIMATE NORMALS FOR TODAY
                         NORMAL    RECORD    YEAR
 MAXIMUM TEMPERATURE (F)   23        53      2003
 MINIMUM TEMPERATURE (F)    6       -30      1894


SUNRISE AND SUNSET
JANUARY  8 2017.......SUNRISE   743 AM CST   SUNSET   443 PM CST
JANUARY  9 2017.......SUNRISE   743 AM CST   SUNSET   444 PM CST


-  INDICATES NEGATIVE NUMBERS.
R  INDICATES RECORD WAS SET OR TIED.
MM INDICATES DATA IS MISSING.
T  INDICATES TRACE AMOUNT.




$$
