000
CDUS43 KMPX 160039
CLIEAU


CLIMATE REPORT
NATIONAL WEATHER SERVICE CHANHASSEN MN
739 PM CDT FRI AUG 15 2014


...................................

...THE EAU CLAIRE WI CLIMATE SUMMARY FOR AUGUST 15 2014...
VALID TODAY AS OF 0700 PM LOCAL TIME.

CLIMATE NORMAL PERIOD 1981 TO 2010
CLIMATE RECORD PERIOD 1893 TO 2014


WEATHER ITEM   OBSERVED TIME   RECORD YEAR NORMAL DEPARTURE LAST
                VALUE   (LST)  VALUE       VALUE  FROM      YEAR
                                                  NORMAL
..................................................................
TEMPERATURE (F)
 TODAY
  MAXIMUM         84    214 PM 103    1936  81      3       81
  MINIMUM         52    530 AM  41    1979  59     -7       54
  AVERAGE         68                        70     -2       68

PRECIPITATION (IN)
  TODAY            0.00          1.03 1966   0.15  -0.15     0.00
  MONTH TO DATE    3.01                      2.25   0.76     0.39
  SINCE JUN 1     15.29                     10.26   5.03     6.89
  SINCE JAN 1     29.39                     19.90   9.49    26.94

SNOWFALL (IN)
  TODAY            0.0           0.0    MM   0.0    0.0      0.0
  MONTH TO DATE    0.0                       0.0    0.0      0.0
  SINCE JUN 1      0.0                       0.0    0.0      0.0
  SINCE JUL 1      0.0                       0.0    0.0      0.0
  SNOW DEPTH       0

DEGREE DAYS
 HEATING
  TODAY            0                         1     -1        0
  MONTH TO DATE    3                        10     -7       12
  SINCE JUN 1     46                        83    -37      101
  SINCE JUL 1     21                        21      0       38

 COOLING
  TODAY            3                         5     -2        3
  MONTH TO DATE   71                        89    -18       22
  SINCE JUN 1    343                       423    -80      354
  SINCE JAN 1    378                       455    -77      386
..................................................................


WIND (MPH)
  HIGHEST WIND SPEED    14   HIGHEST WIND DIRECTION    SW (210)
  HIGHEST GUST SPEED    19   HIGHEST GUST DIRECTION     S (190)
  AVERAGE WIND SPEED     4.4


SKY COVER
  POSSIBLE SUNSHINE  MM
  AVERAGE SKY COVER 0.3


WEATHER CONDITIONS
 THE FOLLOWING WEATHER WAS RECORDED TODAY.
  NO SIGNIFICANT WEATHER WAS OBSERVED.


RELATIVE HUMIDITY (PERCENT)
 HIGHEST    93           200 AM
 LOWEST     54          1100 AM
 AVERAGE    74

..........................................................


THE EAU CLAIRE WI CLIMATE NORMALS FOR TOMORROW
                         NORMAL    RECORD    YEAR
 MAXIMUM TEMPERATURE (F)   81       103      1988
 MINIMUM TEMPERATURE (F)   59        43      1976
                                             1979


SUNRISE AND SUNSET
AUGUST 15 2014........SUNRISE   608 AM CDT   SUNSET   812 PM CDT
AUGUST 16 2014........SUNRISE   609 AM CDT   SUNSET   810 PM CDT


-  INDICATES NEGATIVE NUMBERS.
R  INDICATES RECORD WAS SET OR TIED.
MM INDICATES DATA IS MISSING.
T  INDICATES TRACE AMOUNT.




$$
