000
CDUS43 KMPX 110655
CLIEAU


CLIMATE REPORT
NATIONAL WEATHER SERVICE CHANHASSEN MN
154 AM CDT THU SEP 11 2014


...................................

...THE EAU CLAIRE WI CLIMATE SUMMARY FOR SEPTEMBER 10 2014...

CLIMATE NORMAL PERIOD 1981 TO 2010
CLIMATE RECORD PERIOD 1893 TO 2014


WEATHER ITEM   OBSERVED TIME   RECORD YEAR NORMAL DEPARTURE LAST
                VALUE   (LST)  VALUE       VALUE  FROM      YEAR
                                                  NORMAL
..................................................................
TEMPERATURE (F)
 YESTERDAY
  MAXIMUM         66    249 AM 101    1931  74     -8       85
  MINIMUM         46   1159 PM  31    1917  52     -6       68
  AVERAGE         56                        63     -7       77

PRECIPITATION (IN)
  YESTERDAY        1.43          5.98 2000   0.13   1.30     0.01
  MONTH TO DATE    5.00                      1.26   3.74     0.01
  SINCE SEP 1      5.00                      1.26   3.74     0.01
  SINCE JAN 1     37.67                     23.38  14.29    27.65

SNOWFALL (IN)
  YESTERDAY        0.0           0.0    MM   0.0    0.0      0.0
  MONTH TO DATE    0.0                       0.0    0.0      0.0
  SINCE SEP 1      0.0                       0.0    0.0      0.0
  SINCE JUL 1      0.0                       0.0    0.0      0.0
  SNOW DEPTH       0

DEGREE DAYS
 HEATING
  YESTERDAY        9                         4      5        0
  MONTH TO DATE   18                        32    -14       11
  SINCE SEP 1     18                        32    -14       11
  SINCE JUL 1     41                        71    -30       49

 COOLING
  YESTERDAY        0                         2     -2       12
  MONTH TO DATE   17                        27    -10       62
  SINCE SEP 1     17                        27    -10       62
  SINCE JAN 1    495                       554    -59      628
..................................................................


WIND (MPH)
  HIGHEST WIND SPEED    24   HIGHEST WIND DIRECTION     N (360)
  HIGHEST GUST SPEED    36   HIGHEST GUST DIRECTION     N (10)
  AVERAGE WIND SPEED    12.3


SKY COVER
  POSSIBLE SUNSHINE  MM
  AVERAGE SKY COVER 0.9


WEATHER CONDITIONS
 THE FOLLOWING WEATHER WAS RECORDED YESTERDAY.
  HEAVY RAIN
  RAIN
  LIGHT RAIN
  FOG


RELATIVE HUMIDITY (PERCENT)
 HIGHEST   100           300 AM
 LOWEST     71          1100 PM
 AVERAGE    86

..........................................................


THE EAU CLAIRE WI CLIMATE NORMALS FOR TODAY
                         NORMAL    RECORD    YEAR
 MAXIMUM TEMPERATURE (F)   74        98      1931
 MINIMUM TEMPERATURE (F)   51        31      1917


SUNRISE AND SUNSET
SEPTEMBER 11 2014.....SUNRISE   640 AM CDT   SUNSET   724 PM CDT
SEPTEMBER 12 2014.....SUNRISE   641 AM CDT   SUNSET   722 PM CDT


-  INDICATES NEGATIVE NUMBERS.
R  INDICATES RECORD WAS SET OR TIED.
MM INDICATES DATA IS MISSING.
T  INDICATES TRACE AMOUNT.




$$
