000
CDUS43 KMPX 160730
CLIEAU


CLIMATE REPORT
NATIONAL WEATHER SERVICE CHANHASSEN MN
230 AM CDT SAT APR 16 2016


...................................

...THE EAU CLAIRE WI CLIMATE SUMMARY FOR APRIL 15 2016...

CLIMATE NORMAL PERIOD 1981 TO 2010
CLIMATE RECORD PERIOD 1893 TO 2016


WEATHER ITEM   OBSERVED TIME   RECORD YEAR NORMAL DEPARTURE LAST
                VALUE   (LST)  VALUE       VALUE  FROM      YEAR
                                                  NORMAL
..................................................................
TEMPERATURE (F)
 YESTERDAY
  MAXIMUM         75    435 PM  91    2002  58     17       69
  MINIMUM         45    259 AM  10    1928  34     11       34
  AVERAGE         60                        46     14       52

PRECIPITATION (IN)
  YESTERDAY        0.00          2.31 1973   0.09  -0.09     0.00
  MONTH TO DATE    0.57                      1.25  -0.68     1.88
  SINCE MAR 1      5.23                      2.98   2.25     2.59
  SINCE JAN 1      6.39                      4.68   1.71     3.18

SNOWFALL (IN)
  YESTERDAY        0.0           4.0  1904   0.0    0.0      0.0
  MONTH TO DATE    1.8                       1.3    0.5      1.4
  SINCE MAR 1     13.9                       9.9    4.0      7.3
  SINCE JUL 1     38.0                      46.2   -8.2     38.1
  SNOW DEPTH       0

DEGREE DAYS
 HEATING
  YESTERDAY        5                        19    -14       13
  MONTH TO DATE  396                       341     55      277
  SINCE MAR 1   1207                      1385   -178     1267
  SINCE JUL 1   6385                      7405  -1020     7620

 COOLING
  YESTERDAY        0                         0      0        0
  MONTH TO DATE    0                         0      0        0
  SINCE MAR 1      0                         0      0        0
  SINCE JAN 1      0                         0      0        0
..................................................................


WIND (MPH)
  HIGHEST WIND SPEED    22   HIGHEST WIND DIRECTION    SE (140)
  HIGHEST GUST SPEED    27   HIGHEST GUST DIRECTION    SE (140)
  AVERAGE WIND SPEED    10.5


SKY COVER
  POSSIBLE SUNSHINE  MM
  AVERAGE SKY COVER 0.0


WEATHER CONDITIONS
 THE FOLLOWING WEATHER WAS RECORDED YESTERDAY.
  NO SIGNIFICANT WEATHER WAS OBSERVED.


RELATIVE HUMIDITY (PERCENT)
 HIGHEST    58           300 AM
 LOWEST     25           100 PM
 AVERAGE    42

..........................................................


THE EAU CLAIRE WI CLIMATE NORMALS FOR TODAY
                         NORMAL    RECORD    YEAR
 MAXIMUM TEMPERATURE (F)   58        85      2002
                                             1964
 MINIMUM TEMPERATURE (F)   35        13      1904


SUNRISE AND SUNSET
APRIL 16 2016.........SUNRISE   619 AM CDT   SUNSET   753 PM CDT
APRIL 17 2016.........SUNRISE   617 AM CDT   SUNSET   754 PM CDT


-  INDICATES NEGATIVE NUMBERS.
R  INDICATES RECORD WAS SET OR TIED.
MM INDICATES DATA IS MISSING.
T  INDICATES TRACE AMOUNT.




$$
