000
CDUS43 KMPX 062128
CLIEAU


CLIMATE REPORT
NATIONAL WEATHER SERVICE CHANHASSEN MN
428 PM CDT SUN JUL 6 2014


...................................

...THE EAU CLAIRE WI CLIMATE SUMMARY FOR JULY 6 2014...
VALID AS OF 0400 PM LOCAL TIME.

CLIMATE NORMAL PERIOD 1981 TO 2010
CLIMATE RECORD PERIOD 1893 TO 2014


WEATHER ITEM   OBSERVED TIME   RECORD YEAR NORMAL DEPARTURE LAST
                VALUE   (LST)  VALUE       VALUE  FROM      YEAR
                                                  NORMAL
..................................................................
TEMPERATURE (F)
 TODAY
  MAXIMUM         81    253 PM 103    1936  83     -2       91
  MINIMUM         67    431 AM  46    1983  60      7       69
                                      2001
  AVERAGE         74                        72      2       80

PRECIPITATION (IN)
  TODAY            0.14          2.32 2008   0.13   0.01     0.00
  MONTH TO DATE    0.20                      0.76  -0.56     0.00
  SINCE JUN 1     10.04                      4.89   5.15     5.86
  SINCE JAN 1     24.14                     14.53   9.61    25.91

SNOWFALL (IN)
  TODAY            0.0           0.0    MM   0.0    0.0      0.0
  MONTH TO DATE    0.0                       0.0    0.0      0.0
  SINCE JUN 1      0.0                       0.0    0.0      0.0
  SINCE JUL 1      0.0                       0.0    0.0      0.0
  SNOW DEPTH       0

DEGREE DAYS
 HEATING
  TODAY            0                         0      0        0
  MONTH TO DATE    6                         2      4        0
  SINCE JUN 1     31                        64    -33       63
  SINCE JUL 1      6                         2      4        0

 COOLING
  TODAY            9                         7      2       15
  MONTH TO DATE   21                        41    -20       42
  SINCE JUN 1    155                       161     -6      132
  SINCE JAN 1    190                       193     -3      164
..................................................................


WIND (MPH)
  HIGHEST WIND SPEED    20   HIGHEST WIND DIRECTION     S (190)
  HIGHEST GUST SPEED    23   HIGHEST GUST DIRECTION     S (190)
  AVERAGE WIND SPEED     9.1


SKY COVER
  POSSIBLE SUNSHINE  MM
  AVERAGE SKY COVER 1.0


WEATHER CONDITIONS
 THE FOLLOWING WEATHER WAS RECORDED TODAY.
  THUNDERSTORM
  HEAVY RAIN
  LIGHT RAIN
  FOG


RELATIVE HUMIDITY (PERCENT)
 HIGHEST    97           800 AM
 LOWEST     79           300 PM
 AVERAGE    88

..........................................................


THE EAU CLAIRE WI CLIMATE NORMALS FOR TOMORROW
                         NORMAL    RECORD    YEAR
 MAXIMUM TEMPERATURE (F)   83       105      1936
 MINIMUM TEMPERATURE (F)   60        44      1997


SUNRISE AND SUNSET
JULY  6 2014..........SUNRISE   527 AM CDT   SUNSET   854 PM CDT
JULY  7 2014..........SUNRISE   527 AM CDT   SUNSET   854 PM CDT


-  INDICATES NEGATIVE NUMBERS.
R  INDICATES RECORD WAS SET OR TIED.
MM INDICATES DATA IS MISSING.
T  INDICATES TRACE AMOUNT.




$$
