000
CDUS43 KMPX 070633
CLIEAU


CLIMATE REPORT
NATIONAL WEATHER SERVICE CHANHASSEN MN
1232 AM CST WED FEB 7 2018


...................................

...THE EAU CLAIRE WI CLIMATE SUMMARY FOR FEBRUARY 6 2018...

CLIMATE NORMAL PERIOD 1981 TO 2010
CLIMATE RECORD PERIOD 1893 TO 2018


WEATHER ITEM   OBSERVED TIME   RECORD YEAR NORMAL DEPARTURE LAST
                VALUE   (LST)  VALUE       VALUE  FROM      YEAR
                                                  NORMAL
..................................................................
TEMPERATURE (F)
 YESTERDAY
  MAXIMUM          8    413 PM  48    1925  26    -18       34
  MINIMUM        -12    738 AM -29    1899   7    -19        7
  AVERAGE         -2                        17    -19       21

PRECIPITATION (IN)
  YESTERDAY        0.00          0.40 1938   0.02  -0.02     0.00
  MONTH TO DATE    0.18                      0.16   0.02      T
  SINCE DEC 1      2.35                      2.05   0.30     4.45
  SINCE JAN 1      1.44                      1.05   0.39     2.35

SNOWFALL (IN)
  YESTERDAY        0.0           4.3  2004   0.3   -0.3      0.0
  MONTH TO DATE    3.6                       1.9    1.7       T
  SINCE DEC 1     26.1                      24.6    1.5     36.5
  SINCE JUL 1     29.4                      30.9   -1.5     38.2
  SNOW DEPTH       7

DEGREE DAYS
 HEATING
  YESTERDAY       67                        48     19       44
  MONTH TO DATE  374                       294     80      301
  SINCE DEC 1   3463                      3292    171     3166
  SINCE JUL 1   5104                      5038     66     4375

 COOLING
  YESTERDAY        0                         0      0        0
  MONTH TO DATE    0                         0      0        0
  SINCE DEC 1      0                         0      0        0
  SINCE JAN 1      0                         0      0        0
..................................................................


WIND (MPH)
  HIGHEST WIND SPEED    12   HIGHEST WIND DIRECTION    SW (230)
  HIGHEST GUST SPEED    17   HIGHEST GUST DIRECTION    SW (220)
  AVERAGE WIND SPEED     4.0


SKY COVER
  POSSIBLE SUNSHINE  MM
  AVERAGE SKY COVER 0.2


WEATHER CONDITIONS
 THE FOLLOWING WEATHER WAS RECORDED YESTERDAY.
  NO SIGNIFICANT WEATHER WAS OBSERVED.


RELATIVE HUMIDITY (PERCENT)
 HIGHEST    92           800 AM
 LOWEST     50           400 PM
 AVERAGE    71

..........................................................


THE EAU CLAIRE WI CLIMATE NORMALS FOR TODAY
                         NORMAL    RECORD    YEAR
 MAXIMUM TEMPERATURE (F)   26        50      1987
 MINIMUM TEMPERATURE (F)    7       -35      1899


SUNRISE AND SUNSET
FEBRUARY  7 2018......SUNRISE   718 AM CST   SUNSET   523 PM CST
FEBRUARY  8 2018......SUNRISE   716 AM CST   SUNSET   524 PM CST


-  INDICATES NEGATIVE NUMBERS.
R  INDICATES RECORD WAS SET OR TIED.
MM INDICATES DATA IS MISSING.
T  INDICATES TRACE AMOUNT.




$$
