000
CDUS43 KMPX 090639
CLIEAU


CLIMATE REPORT
NATIONAL WEATHER SERVICE CHANHASSEN MN
139 AM CDT TUE MAY 9 2017


...................................

...THE EAU CLAIRE WI CLIMATE SUMMARY FOR MAY 8 2017...

CLIMATE NORMAL PERIOD 1981 TO 2010
CLIMATE RECORD PERIOD 1893 TO 2017


WEATHER ITEM   OBSERVED TIME   RECORD YEAR NORMAL DEPARTURE LAST
                VALUE   (LST)  VALUE       VALUE  FROM      YEAR
                                                  NORMAL
..................................................................
TEMPERATURE (F)
 YESTERDAY
  MAXIMUM         68    437 PM  88    1936  68      0       72
  MINIMUM         39    513 AM  28    1983  43     -4       40
                                      1966
                                      1954
  AVERAGE         54                        55     -1       56

PRECIPITATION (IN)
  YESTERDAY        0.06          1.49 1938   0.10  -0.04     0.00
  MONTH TO DATE    0.65                      0.86  -0.21     0.26
  SINCE MAR 1      6.71                      5.34   1.37     7.48
  SINCE JAN 1     10.79                      7.04   3.75     8.64

SNOWFALL (IN)
  YESTERDAY        0.0           0.5  1907   0.0    0.0      0.0
  MONTH TO DATE    T                         0.1   -0.1      0.0
  SINCE MAR 1      5.6                      10.6   -5.0     13.9
  SINCE JUL 1     54.5                      46.9    7.6     38.0
  SNOW DEPTH       0

DEGREE DAYS
 HEATING
  YESTERDAY       11                        10      1        9
  MONTH TO DATE  123                        90     33       79
  SINCE MAR 1   1694                      1710    -16     1467
  SINCE JUL 1   6804                      7730   -926     6645

 COOLING
  YESTERDAY        0                         1     -1        0
  MONTH TO DATE    0                         2     -2        3
  SINCE MAR 1      0                         6     -6        7
  SINCE JAN 1      0                         6     -6        7
..................................................................


WIND (MPH)
  HIGHEST WIND SPEED    16   HIGHEST WIND DIRECTION    SE (150)
  HIGHEST GUST SPEED    21   HIGHEST GUST DIRECTION    SE (140)
  AVERAGE WIND SPEED     8.8


SKY COVER
  POSSIBLE SUNSHINE  MM
  AVERAGE SKY COVER 0.3


WEATHER CONDITIONS
 THE FOLLOWING WEATHER WAS RECORDED YESTERDAY.
  LIGHT RAIN


RELATIVE HUMIDITY (PERCENT)
 HIGHEST    83          1100 PM
 LOWEST     20          1200 PM
 AVERAGE    52

..........................................................


THE EAU CLAIRE WI CLIMATE NORMALS FOR TODAY
                         NORMAL    RECORD    YEAR
 MAXIMUM TEMPERATURE (F)   68        91      1934
 MINIMUM TEMPERATURE (F)   43        20      1966


SUNRISE AND SUNSET
MAY  9 2017...........SUNRISE   544 AM CDT   SUNSET   821 PM CDT
MAY 10 2017...........SUNRISE   543 AM CDT   SUNSET   822 PM CDT


-  INDICATES NEGATIVE NUMBERS.
R  INDICATES RECORD WAS SET OR TIED.
MM INDICATES DATA IS MISSING.
T  INDICATES TRACE AMOUNT.




$$
