000
CDUS43 KMPX 240620
CLIEAU


CLIMATE REPORT
NATIONAL WEATHER SERVICE CHANHASSEN MN
120 AM CDT MON AUG 24 2015


...................................

...THE EAU CLAIRE WI CLIMATE SUMMARY FOR AUGUST 23 2015...

CLIMATE NORMAL PERIOD 1981 TO 2010
CLIMATE RECORD PERIOD 1893 TO 2015


WEATHER ITEM   OBSERVED TIME   RECORD YEAR NORMAL DEPARTURE LAST
                VALUE   (LST)  VALUE       VALUE  FROM      YEAR
                                                  NORMAL
..................................................................
TEMPERATURE (F)
 YESTERDAY
  MAXIMUM         67        MM 102    1948  79    -12       79
  MINIMUM         54        MM  41    1920  58     -4       68
  AVERAGE         61                        68     -7       74

PRECIPITATION (IN)
  YESTERDAY        0.11          4.10 1975   0.13  -0.02     0.00
  MONTH TO DATE    7.07                      3.42   3.65     3.88
  SINCE JUN 1     17.99                     11.43   6.56    16.16
  SINCE JAN 1     27.44                     21.07   6.37    30.26

SNOWFALL (IN)
  YESTERDAY        0.0           0.0    MM   0.0    0.0      0.0
  MONTH TO DATE    0.0                       0.0    0.0      0.0
  SINCE JUN 1      0.0                       0.0    0.0      0.0
  SINCE JUL 1      0.0                       0.0    0.0      0.0
  SNOW DEPTH       0

DEGREE DAYS
 HEATING
  YESTERDAY        4                         1      3        0
  MONTH TO DATE   13                        18     -5        3
  SINCE JUN 1     57                        91    -34       46
  SINCE JUL 1     29                        29      0       21

 COOLING
  YESTERDAY        0                         5     -5        9
  MONTH TO DATE  116                       129    -13      135
  SINCE JUN 1    378                       463    -85      407
  SINCE JAN 1    396                       495    -99      442
..................................................................


WIND (MPH)
  HIGHEST WIND SPEED    21   HIGHEST WIND DIRECTION     W (270)
  HIGHEST GUST SPEED    36   HIGHEST GUST DIRECTION     W (260)
  AVERAGE WIND SPEED    14.3


SKY COVER
  POSSIBLE SUNSHINE  MM
  AVERAGE SKY COVER 0.6


WEATHER CONDITIONS
 THE FOLLOWING WEATHER WAS RECORDED YESTERDAY.
  THUNDERSTORM
  HEAVY RAIN
  LIGHT RAIN
  FOG


RELATIVE HUMIDITY (PERCENT)
 HIGHEST    86           500 AM
 LOWEST     63           200 PM
 AVERAGE    75

..........................................................


THE EAU CLAIRE WI CLIMATE NORMALS FOR TODAY
                         NORMAL    RECORD    YEAR
 MAXIMUM TEMPERATURE (F)   79       103      1948
 MINIMUM TEMPERATURE (F)   57        39      1942


SUNRISE AND SUNSET
AUGUST 24 2015........SUNRISE   618 AM CDT   SUNSET   757 PM CDT
AUGUST 25 2015........SUNRISE   620 AM CDT   SUNSET   756 PM CDT


-  INDICATES NEGATIVE NUMBERS.
R  INDICATES RECORD WAS SET OR TIED.
MM INDICATES DATA IS MISSING.
T  INDICATES TRACE AMOUNT.




$$
