000
CDUS43 KMPX 092144
CLIEAU


CLIMATE REPORT
NATIONAL WEATHER SERVICE CHANHASSEN MN
443 PM CDT TUE SEP 9 2014


...................................

...THE EAU CLAIRE WI CLIMATE SUMMARY FOR SEPTEMBER 9 2014...
VALID AS OF 0400 PM LOCAL TIME.

CLIMATE NORMAL PERIOD 1981 TO 2010
CLIMATE RECORD PERIOD 1893 TO 2014


WEATHER ITEM   OBSERVED TIME   RECORD YEAR NORMAL DEPARTURE LAST
                VALUE   (LST)  VALUE       VALUE  FROM      YEAR
                                                  NORMAL
..................................................................
TEMPERATURE (F)
 TODAY
  MAXIMUM         79    245 PM  96    1931  74      5       90
  MINIMUM         59    247 AM  36    1969  52      7       67
  AVERAGE         69                        63      6       79

PRECIPITATION (IN)
  TODAY            0.00          2.60 1938   0.13  -0.13      T
  MONTH TO DATE    2.93                      1.13   1.80      T
  SINCE SEP 1      2.93                      1.13   1.80      T
  SINCE JAN 1     35.60                     23.25  12.35    27.64

SNOWFALL (IN)
  TODAY            0.0           0.0    MM   0.0    0.0      0.0
  MONTH TO DATE    0.0                       0.0    0.0      0.0
  SINCE SEP 1      0.0                       0.0    0.0      0.0
  SINCE JUL 1      0.0                       0.0    0.0      0.0
  SNOW DEPTH       0

DEGREE DAYS
 HEATING
  TODAY            0                         4     -4        0
  MONTH TO DATE    9                        28    -19       11
  SINCE SEP 1      9                        28    -19       11
  SINCE JUL 1     32                        67    -35       49

 COOLING
  TODAY            4                         2      2       14
  MONTH TO DATE   17                        25     -8       50
  SINCE SEP 1     17                        25     -8       50
  SINCE JAN 1    495                       552    -57      616
..................................................................


WIND (MPH)
  HIGHEST WIND SPEED    13   HIGHEST WIND DIRECTION     S (170)
  HIGHEST GUST SPEED    16   HIGHEST GUST DIRECTION     S (170)
  AVERAGE WIND SPEED     4.1


SKY COVER
  POSSIBLE SUNSHINE  MM
  AVERAGE SKY COVER 0.8


WEATHER CONDITIONS
 THE FOLLOWING WEATHER WAS RECORDED TODAY.
  NO SIGNIFICANT WEATHER WAS OBSERVED.


RELATIVE HUMIDITY (PERCENT)
 HIGHEST    93           200 AM
 LOWEST     60          1200 PM
 AVERAGE    77

..........................................................


THE EAU CLAIRE WI CLIMATE NORMALS FOR TOMORROW
                         NORMAL    RECORD    YEAR
 MAXIMUM TEMPERATURE (F)   74       101      1931
 MINIMUM TEMPERATURE (F)   52        31      1917


SUNRISE AND SUNSET
SEPTEMBER  9 2014.....SUNRISE   638 AM CDT   SUNSET   728 PM CDT
SEPTEMBER 10 2014.....SUNRISE   639 AM CDT   SUNSET   726 PM CDT


-  INDICATES NEGATIVE NUMBERS.
R  INDICATES RECORD WAS SET OR TIED.
MM INDICATES DATA IS MISSING.
T  INDICATES TRACE AMOUNT.




$$
