174
CDUS43 KMPX 190043
CLIEAU


CLIMATE REPORT
NATIONAL WEATHER SERVICE CHANHASSEN MN
743 PM CDT SUN SEP 18 2016


...................................

...THE EAU CLAIRE WI CLIMATE SUMMARY FOR SEPTEMBER 18 2016...
VALID TODAY AS OF 0700 PM LOCAL TIME.

CLIMATE NORMAL PERIOD 1981 TO 2010
CLIMATE RECORD PERIOD 1893 TO 2016


WEATHER ITEM   OBSERVED TIME   RECORD YEAR NORMAL DEPARTURE LAST
                VALUE   (LST)  VALUE       VALUE  FROM      YEAR
                                                  NORMAL
..................................................................
TEMPERATURE (F)
 TODAY
  MAXIMUM         80    359 PM  93    1948  71      9       64
  MINIMUM         45    618 AM  29    1929  48     -3       53
  AVERAGE         63                        59      4       59

PRECIPITATION (IN)
  TODAY            0.00          2.42 1926   0.12  -0.12     0.24
  MONTH TO DATE    2.17                      2.25  -0.08     4.47
  SINCE SEP 1      2.17                      2.25  -0.08     4.47
  SINCE JAN 1     29.00                     24.37   4.63    32.03

SNOWFALL (IN)
  TODAY            0.0           0.0    MM   0.0    0.0      0.0
  MONTH TO DATE    0.0                       0.0    0.0      0.0
  SINCE SEP 1      0.0                       0.0    0.0      0.0
  SINCE JUL 1      0.0                       0.0    0.0      0.0
  SNOW DEPTH       0

DEGREE DAYS
 HEATING
  TODAY            2                         7     -5        6
  MONTH TO DATE   32                        79    -47       46
  SINCE SEP 1     32                        79    -47       46
  SINCE JUL 1     42                       118    -76      101

 COOLING
  TODAY            0                         1     -1        0
  MONTH TO DATE   35                        39     -4      104
  SINCE SEP 1     35                        39     -4      104
  SINCE JAN 1    618                       566     52      506
..................................................................


WIND (MPH)
  HIGHEST WIND SPEED    20   HIGHEST WIND DIRECTION    SW (210)
  HIGHEST GUST SPEED    25   HIGHEST GUST DIRECTION    SW (220)
  AVERAGE WIND SPEED     6.8


SKY COVER
  POSSIBLE SUNSHINE  MM
  AVERAGE SKY COVER 0.2


WEATHER CONDITIONS
 THE FOLLOWING WEATHER WAS RECORDED TODAY.
  FOG
  FOG W/VISIBILITY <= 1/4 MILE


RELATIVE HUMIDITY (PERCENT)
 HIGHEST   100           100 AM
 LOWEST     48           200 PM
 AVERAGE    74

..........................................................


THE EAU CLAIRE WI CLIMATE NORMALS FOR TOMORROW
                         NORMAL    RECORD    YEAR
 MAXIMUM TEMPERATURE (F)   70        96      1940
 MINIMUM TEMPERATURE (F)   47        31      1929


SUNRISE AND SUNSET
SEPTEMBER 18 2016.....SUNRISE   649 AM CDT   SUNSET   710 PM CDT
SEPTEMBER 19 2016.....SUNRISE   650 AM CDT   SUNSET   708 PM CDT


-  INDICATES NEGATIVE NUMBERS.
R  INDICATES RECORD WAS SET OR TIED.
MM INDICATES DATA IS MISSING.
T  INDICATES TRACE AMOUNT.




$$
