323
CDUS43 KMPX 160857
CLIEAU


CLIMATE REPORT
NATIONAL WEATHER SERVICE CHANHASSEN MN
357 AM CDT MON MAY 16 2016


...................................

...THE EAU CLAIRE WI CLIMATE SUMMARY FOR MAY 15 2016...

CLIMATE NORMAL PERIOD 1981 TO 2010
CLIMATE RECORD PERIOD 1893 TO 2016


WEATHER ITEM   OBSERVED TIME   RECORD YEAR NORMAL DEPARTURE LAST
                VALUE   (LST)  VALUE       VALUE  FROM      YEAR
                                                  NORMAL
..................................................................
TEMPERATURE (F)
 YESTERDAY
  MAXIMUM         62    522 PM  93    1998  70     -8       60
  MINIMUM         27R   505 AM  29    1959  45    -18       51
                                      1983
  AVERAGE         45                        57    -12       56

PRECIPITATION (IN)
  YESTERDAY        0.00          2.06 1968   0.11  -0.11     0.02
  MONTH TO DATE    0.97                      1.61  -0.64     2.25
  SINCE MAR 1      8.19                      6.09   2.10     5.72
  SINCE JAN 1      9.35                      7.79   1.56     6.31

SNOWFALL (IN)
  YESTERDAY        0.0           T    1921   0.0    0.0      0.0
                                      1927
  MONTH TO DATE    0.0                       0.2   -0.2      0.0
  SINCE MAR 1     13.9                      10.7    3.2      7.3
  SINCE JUL 1     38.0                      47.0   -9.0     38.1
  SNOW DEPTH       0

DEGREE DAYS
 HEATING
  YESTERDAY       20                         8     12        9
  MONTH TO DATE  184                       154     30      122
  SINCE MAR 1   1572                      1774   -202     1633
  SINCE JUL 1   6750                      7794  -1044     7986

 COOLING
  YESTERDAY        0                         1     -1        0
  MONTH TO DATE    3                         9     -6        9
  SINCE MAR 1      7                        13     -6        9
  SINCE JAN 1      7                        13     -6        9
..................................................................


WIND (MPH)
  HIGHEST WIND SPEED    21   HIGHEST WIND DIRECTION    NW (320)
  HIGHEST GUST SPEED    27   HIGHEST GUST DIRECTION    NW (310)
  AVERAGE WIND SPEED    10.6


SKY COVER
  POSSIBLE SUNSHINE  MM
  AVERAGE SKY COVER 0.2


WEATHER CONDITIONS
 THE FOLLOWING WEATHER WAS RECORDED YESTERDAY.
  NO SIGNIFICANT WEATHER WAS OBSERVED.


RELATIVE HUMIDITY (PERCENT)
 HIGHEST    84           500 AM
 LOWEST     25           400 PM
 AVERAGE    55

..........................................................


THE EAU CLAIRE WI CLIMATE NORMALS FOR TODAY
                         NORMAL    RECORD    YEAR
 MAXIMUM TEMPERATURE (F)   70        92      1936
 MINIMUM TEMPERATURE (F)   45        28      1956


SUNRISE AND SUNSET
MAY 16 2016...........SUNRISE   536 AM CDT   SUNSET   830 PM CDT
MAY 17 2016...........SUNRISE   535 AM CDT   SUNSET   831 PM CDT


-  INDICATES NEGATIVE NUMBERS.
R  INDICATES RECORD WAS SET OR TIED.
MM INDICATES DATA IS MISSING.
T  INDICATES TRACE AMOUNT.




$$
