000
CDUS43 KMPX 120100
CLIEAU


CLIMATE REPORT
NATIONAL WEATHER SERVICE CHANHASSEN MN
700 PM CST SAT FEB 11 2017


...................................

...THE EAU CLAIRE WI CLIMATE SUMMARY FOR FEBRUARY 11 2017...
VALID TODAY AS OF 0700 PM LOCAL TIME.

CLIMATE NORMAL PERIOD 1981 TO 2010
CLIMATE RECORD PERIOD 1893 TO 2017


WEATHER ITEM   OBSERVED TIME   RECORD YEAR NORMAL DEPARTURE LAST
                VALUE   (LST)  VALUE       VALUE  FROM      YEAR
                                                  NORMAL
..................................................................
TEMPERATURE (F)
 TODAY
  MAXIMUM         43    129 PM  49    1961  28     15       15
  MINIMUM         29    829 AM -36    1899   8     21      -10
  AVERAGE         36                        18     18        3

PRECIPITATION (IN)
  TODAY            0.00          0.68 1999   0.02  -0.02     0.00
  MONTH TO DATE    0.01                      0.29  -0.28     0.45
  SINCE DEC 1      4.46                      2.18   2.28     4.71
  SINCE JAN 1      2.36                      1.18   1.18     0.87

SNOWFALL (IN)
  TODAY            0.0           7.0  1965   0.2   -0.2      0.0
  MONTH TO DATE    T                         3.2   -3.2      7.2
  SINCE DEC 1     36.5                      25.9   10.6     21.8
  SINCE JUL 1     38.2                      32.2    6.0     23.2
  SNOW DEPTH       4

DEGREE DAYS
 HEATING
  TODAY           29                        47    -18       62
  MONTH TO DATE  521                       532    -11      537
  SINCE DEC 1   3386                      3530   -144     3106
  SINCE JUL 1   4595                      5276   -681     4468

 COOLING
  TODAY            0                         0      0        0
  MONTH TO DATE    0                         0      0        0
  SINCE DEC 1      0                         0      0        0
  SINCE JAN 1      0                         0      0        0
..................................................................


WIND (MPH)
  HIGHEST WIND SPEED     7   HIGHEST WIND DIRECTION     N (10)
  HIGHEST GUST SPEED    10   HIGHEST GUST DIRECTION     W (280)
  AVERAGE WIND SPEED     1.7


SKY COVER
  POSSIBLE SUNSHINE  MM
  AVERAGE SKY COVER 0.1


WEATHER CONDITIONS
 THE FOLLOWING WEATHER WAS RECORDED TODAY.
  NO SIGNIFICANT WEATHER WAS OBSERVED.


RELATIVE HUMIDITY (PERCENT)
 HIGHEST    89           800 AM
 LOWEST     65           200 PM
 AVERAGE    77

..........................................................


THE EAU CLAIRE WI CLIMATE NORMALS FOR TOMORROW
                         NORMAL    RECORD    YEAR
 MAXIMUM TEMPERATURE (F)   28        50      2005
 MINIMUM TEMPERATURE (F)    9       -28      1967
                                             1917
                                             1899


SUNRISE AND SUNSET
FEBRUARY 11 2017......SUNRISE   712 AM CST   SUNSET   529 PM CST
FEBRUARY 12 2017......SUNRISE   711 AM CST   SUNSET   530 PM CST


-  INDICATES NEGATIVE NUMBERS.
R  INDICATES RECORD WAS SET OR TIED.
MM INDICATES DATA IS MISSING.
T  INDICATES TRACE AMOUNT.




$$
