000
CDUS43 KMPX 180207
CLIEAU


CLIMATE REPORT
NATIONAL WEATHER SERVICE CHANHASSEN MN
807 PM CST THU NOV 17 2016


...................................

...THE EAU CLAIRE WI CLIMATE SUMMARY FOR NOVEMBER 17 2016...
VALID TODAY AS OF 0800 PM LOCAL TIME.

CLIMATE NORMAL PERIOD 1981 TO 2010
CLIMATE RECORD PERIOD 1893 TO 2016


WEATHER ITEM   OBSERVED TIME   RECORD YEAR NORMAL DEPARTURE LAST
                VALUE   (LST)  VALUE       VALUE  FROM      YEAR
                                                  NORMAL
..................................................................
TEMPERATURE (F)
 TODAY
  MAXIMUM         59        MM  69    1953  40     19       55
                                      1931
  MINIMUM         43        MM  -3    1959  24     19       48
  AVERAGE         51                        32     19       52

PRECIPITATION (IN)
  TODAY            0.00          1.52 1987   0.06  -0.06     0.14
  MONTH TO DATE    0.00                      1.09  -1.09     2.09
  SINCE SEP 1     10.92                      7.11   3.81    10.31
  SINCE JAN 1     37.75                     29.23   8.52    37.87

SNOWFALL (IN)
  TODAY            0.0           8.7  1978   0.2   -0.2      0.0
  MONTH TO DATE    0.0                       2.4   -2.4      0.0
  SINCE SEP 1      0.0                       2.8   -2.8      0.9
  SINCE JUL 1      0.0                       2.8   -2.8      0.9
  SNOW DEPTH       0

DEGREE DAYS
 HEATING
  TODAY           14                        33    -19       13
  MONTH TO DATE  296                       483   -187      300
  SINCE SEP 1    803                      1228   -425      867
  SINCE JUL 1    813                      1267   -454      922

 COOLING
  TODAY            0                         0      0        0
  MONTH TO DATE    0                         0      0        0
  SINCE SEP 1     41                        52    -11      118
  SINCE JAN 1    624                       579     45      520
..................................................................


WIND (MPH)
  HIGHEST WIND SPEED    10   HIGHEST WIND DIRECTION     E (80)
  HIGHEST GUST SPEED    MM   HIGHEST GUST DIRECTION    MM
  AVERAGE WIND SPEED     6.5


SKY COVER
  POSSIBLE SUNSHINE  MM
  AVERAGE SKY COVER 0.0


WEATHER CONDITIONS
 THE FOLLOWING WEATHER WAS RECORDED TODAY.
  FOG


RELATIVE HUMIDITY (PERCENT)
 HIGHEST    89           700 AM
 LOWEST     62          1200 PM
 AVERAGE    76

..........................................................


THE EAU CLAIRE WI CLIMATE NORMALS FOR TOMORROW
                         NORMAL    RECORD    YEAR
 MAXIMUM TEMPERATURE (F)   40        69      1941
 MINIMUM TEMPERATURE (F)   23         0      1989


SUNRISE AND SUNSET
NOVEMBER 17 2016......SUNRISE   707 AM CST   SUNSET   435 PM CST
NOVEMBER 18 2016......SUNRISE   708 AM CST   SUNSET   434 PM CST


-  INDICATES NEGATIVE NUMBERS.
R  INDICATES RECORD WAS SET OR TIED.
MM INDICATES DATA IS MISSING.
T  INDICATES TRACE AMOUNT.




$$
