000
CDUS43 KMPX 220642
CLIEAU


CLIMATE REPORT
NATIONAL WEATHER SERVICE CHANHASSEN MN
1241 AM CST THU JAN 22 2015


...................................

...THE EAU CLAIRE WI CLIMATE SUMMARY FOR JANUARY 21 2015...

CLIMATE NORMAL PERIOD 1981 TO 2010
CLIMATE RECORD PERIOD 1893 TO 2015


WEATHER ITEM   OBSERVED TIME   RECORD YEAR NORMAL DEPARTURE LAST
                VALUE   (LST)  VALUE       VALUE  FROM      YEAR
                                                  NORMAL
..................................................................
TEMPERATURE (F)
 YESTERDAY
  MAXIMUM         29   1245 PM  47    1908  23      6        1
  MINIMUM         26   1159 PM -29    1984   5     21      -18
  AVERAGE         28                        14     14       -8

PRECIPITATION (IN)
  YESTERDAY        0.02          0.90 1917   0.03  -0.01      T
  MONTH TO DATE    0.26                      0.60  -0.34     1.04
  SINCE DEC 1      0.94                      1.60  -0.66     2.57
  SINCE JAN 1      0.26                      0.60  -0.34     1.04

SNOWFALL (IN)
  YESTERDAY        0.2           9.0  1917   0.5   -0.3      0.1
  MONTH TO DATE    4.9                       8.9   -4.0     12.4
  SINCE DEC 1     11.2                      18.4   -7.2     31.4
  SINCE JUL 1     25.4                      24.7    0.7     33.6
  SNOW DEPTH       3

DEGREE DAYS
 HEATING
  YESTERDAY       37                        51    -14       73
  MONTH TO DATE 1113                      1066     47     1201
  SINCE DEC 1   2393                      2496   -103     2866
  SINCE JUL 1   4365                      4242    123     4611

 COOLING
  YESTERDAY        0                         0      0        0
  MONTH TO DATE    0                         0      0        0
  SINCE DEC 1      0                         0      0        0
  SINCE JAN 1      0                         0      0        0
..................................................................


WIND (MPH)
  HIGHEST WIND SPEED    10   HIGHEST WIND DIRECTION    NE (50)
  HIGHEST GUST SPEED    13   HIGHEST GUST DIRECTION    NE (50)
  AVERAGE WIND SPEED     5.3


SKY COVER
  POSSIBLE SUNSHINE  MM
  AVERAGE SKY COVER 1.0


WEATHER CONDITIONS
 THE FOLLOWING WEATHER WAS RECORDED YESTERDAY.
  LIGHT SNOW
  FOG


RELATIVE HUMIDITY (PERCENT)
 HIGHEST    92          1200 AM
 LOWEST     75          1100 AM
 AVERAGE    84

..........................................................


THE EAU CLAIRE WI CLIMATE NORMALS FOR TODAY
                         NORMAL    RECORD    YEAR
 MAXIMUM TEMPERATURE (F)   23        48      1942
 MINIMUM TEMPERATURE (F)    5       -29      1936


SUNRISE AND SUNSET
JANUARY 22 2015.......SUNRISE   735 AM CST   SUNSET   500 PM CST
JANUARY 23 2015.......SUNRISE   735 AM CST   SUNSET   501 PM CST


-  INDICATES NEGATIVE NUMBERS.
R  INDICATES RECORD WAS SET OR TIED.
MM INDICATES DATA IS MISSING.
T  INDICATES TRACE AMOUNT.




$$
