000
CDUS43 KMPX 072132
CLIEAU


CLIMATE REPORT
NATIONAL WEATHER SERVICE CHANHASSEN MN
431 PM CDT FRI JUL 7 2017


...................................

...THE EAU CLAIRE WI CLIMATE SUMMARY FOR JULY 7 2017...
VALID TODAY AS OF 0400 PM LOCAL TIME.

CLIMATE NORMAL PERIOD 1981 TO 2010
CLIMATE RECORD PERIOD 1893 TO 2017


WEATHER ITEM   OBSERVED TIME   RECORD YEAR NORMAL DEPARTURE LAST
                VALUE   (LST)  VALUE       VALUE  FROM      YEAR
                                                  NORMAL
..................................................................
TEMPERATURE (F)
 TODAY
  MAXIMUM         82    151 PM 105    1936  83     -1       81
  MINIMUM         60    431 AM  44    1997  60      0       61
  AVERAGE         71                        72     -1       71

PRECIPITATION (IN)
  TODAY            0.01          2.37 1955   0.12  -0.11     0.47
  MONTH TO DATE    0.14                      0.88  -0.74     1.91
  SINCE JUN 1      5.45                      5.01   0.44     8.20
  SINCE JAN 1     19.95                     14.65   5.30    20.39

SNOWFALL (IN)
  TODAY            0.0           0.0    MM   0.0    0.0      0.0
  MONTH TO DATE    0.0                       0.0    0.0      0.0
  SINCE JUN 1      0.0                       0.0    0.0      0.0
  SINCE JUL 1      0.0                       0.0    0.0      0.0
  SNOW DEPTH       0

DEGREE DAYS
 HEATING
  TODAY            0                         0      0        0
  MONTH TO DATE    0                         0      0        4
  SINCE JUN 1     37                        62    -25       36
  SINCE JUL 1      0                         0      0        4

 COOLING
  TODAY            6                         7     -1        6
  MONTH TO DATE   46                        48     -2       28
  SINCE JUN 1    153                       168    -15      154
  SINCE JAN 1    161                       200    -39      194
..................................................................


WIND (MPH)
  HIGHEST WIND SPEED    22   HIGHEST WIND DIRECTION    NW (320)
  HIGHEST GUST SPEED    33   HIGHEST GUST DIRECTION     W (290)
  AVERAGE WIND SPEED     7.0


SKY COVER
  POSSIBLE SUNSHINE  MM
  AVERAGE SKY COVER 0.1


WEATHER CONDITIONS
 THE FOLLOWING WEATHER WAS RECORDED TODAY.
  LIGHT RAIN


RELATIVE HUMIDITY (PERCENT)
 HIGHEST   100          1200 AM
 LOWEST     42           100 PM
 AVERAGE    71

..........................................................


THE EAU CLAIRE WI CLIMATE NORMALS FOR TOMORROW
                         NORMAL    RECORD    YEAR
 MAXIMUM TEMPERATURE (F)   83       103      1936
 MINIMUM TEMPERATURE (F)   60        46      1961
                                             1958
                                             1895


SUNRISE AND SUNSET
JULY  7 2017..........SUNRISE   528 AM CDT   SUNSET   854 PM CDT
JULY  8 2017..........SUNRISE   528 AM CDT   SUNSET   853 PM CDT


-  INDICATES NEGATIVE NUMBERS.
R  INDICATES RECORD WAS SET OR TIED.
MM INDICATES DATA IS MISSING.
T  INDICATES TRACE AMOUNT.




$$
