000
CDUS43 KMPX 120633
CLIEAU


CLIMATE REPORT
NATIONAL WEATHER SERVICE CHANHASSEN MN
133 AM CDT FRI SEP 12 2014


...................................

...THE EAU CLAIRE WI CLIMATE SUMMARY FOR SEPTEMBER 11 2014...

CLIMATE NORMAL PERIOD 1981 TO 2010
CLIMATE RECORD PERIOD 1893 TO 2014


WEATHER ITEM   OBSERVED TIME   RECORD YEAR NORMAL DEPARTURE LAST
                VALUE   (LST)  VALUE       VALUE  FROM      YEAR
                                                  NORMAL
..................................................................
TEMPERATURE (F)
 YESTERDAY
  MAXIMUM         57    438 PM  98    1931  74    -17       88
  MINIMUM         38   1112 PM  31    1917  51    -13       61
  AVERAGE         48                        62    -14       75

PRECIPITATION (IN)
  YESTERDAY        0.00          4.00 1939   0.13  -0.13     0.00
  MONTH TO DATE    5.00                      1.39   3.61     0.01
  SINCE SEP 1      5.00                      1.39   3.61     0.01
  SINCE JAN 1     37.67                     23.51  14.16    27.65

SNOWFALL (IN)
  YESTERDAY        0.0           0.0    MM   0.0    0.0      0.0
  MONTH TO DATE    0.0                       0.0    0.0      0.0
  SINCE SEP 1      0.0                       0.0    0.0      0.0
  SINCE JUL 1      0.0                       0.0    0.0      0.0
  SNOW DEPTH       0

DEGREE DAYS
 HEATING
  YESTERDAY       17                         5     12        0
  MONTH TO DATE   35                        37     -2       11
  SINCE SEP 1     35                        37     -2       11
  SINCE JUL 1     58                        76    -18       49

 COOLING
  YESTERDAY        0                         2     -2       10
  MONTH TO DATE   17                        29    -12       72
  SINCE SEP 1     17                        29    -12       72
  SINCE JAN 1    495                       556    -61      638
..................................................................


WIND (MPH)
  HIGHEST WIND SPEED    16   HIGHEST WIND DIRECTION     N (10)
  HIGHEST GUST SPEED    22   HIGHEST GUST DIRECTION     N (10)
  AVERAGE WIND SPEED     6.4


SKY COVER
  POSSIBLE SUNSHINE  MM
  AVERAGE SKY COVER 0.6


WEATHER CONDITIONS
 THE FOLLOWING WEATHER WAS RECORDED YESTERDAY.
  NO SIGNIFICANT WEATHER WAS OBSERVED.


RELATIVE HUMIDITY (PERCENT)
 HIGHEST    92          1100 PM
 LOWEST     46          1200 PM
 AVERAGE    69

..........................................................


THE EAU CLAIRE WI CLIMATE NORMALS FOR TODAY
                         NORMAL    RECORD    YEAR
 MAXIMUM TEMPERATURE (F)   73        99      1895
 MINIMUM TEMPERATURE (F)   51        28      1955


SUNRISE AND SUNSET
SEPTEMBER 12 2014.....SUNRISE   641 AM CDT   SUNSET   722 PM CDT
SEPTEMBER 13 2014.....SUNRISE   642 AM CDT   SUNSET   720 PM CDT


-  INDICATES NEGATIVE NUMBERS.
R  INDICATES RECORD WAS SET OR TIED.
MM INDICATES DATA IS MISSING.
T  INDICATES TRACE AMOUNT.




$$
