515
CDUS43 KMPX 150637
CLIEAU


CLIMATE REPORT
NATIONAL WEATHER SERVICE CHANHASSEN MN
1236 AM CST MON JAN 15 2018


...................................

...THE EAU CLAIRE WI CLIMATE SUMMARY FOR JANUARY 14 2018...

CLIMATE NORMAL PERIOD 1981 TO 2010
CLIMATE RECORD PERIOD 1893 TO 2018


WEATHER ITEM   OBSERVED TIME   RECORD YEAR NORMAL DEPARTURE LAST
                VALUE   (LST)  VALUE       VALUE  FROM      YEAR
                                                  NORMAL
..................................................................
TEMPERATURE (F)
 YESTERDAY
  MAXIMUM         14   1159 PM  42    1914  23     -9       18
  MINIMUM        -24    807 AM -29    1893   5    -29       -7
  AVERAGE         -5                        14    -19        6

PRECIPITATION (IN)
  YESTERDAY        0.12          0.85 2014   0.03   0.09     0.00
  MONTH TO DATE    0.55                      0.39   0.16     0.81
  SINCE DEC 1      1.46                      1.39   0.07     2.91
  SINCE JAN 1      0.55                      0.39   0.16     0.81

SNOWFALL (IN)
  YESTERDAY        1.5           9.0  2014   0.4    1.1      0.0
  MONTH TO DATE    4.6                       5.5   -0.9     11.0
  SINCE DEC 1     11.9                      15.0   -3.1     30.2
  SINCE JUL 1     15.2                      21.3   -6.1     31.9
  SNOW DEPTH       3

DEGREE DAYS
 HEATING
  YESTERDAY       70                        51     19       59
  MONTH TO DATE  825                       709    116      807
  SINCE DEC 1   2333                      2139    194     2218
  SINCE JUL 1   3974                      3885     89     3427

 COOLING
  YESTERDAY        0                         0      0        0
  MONTH TO DATE    0                         0      0        0
  SINCE DEC 1      0                         0      0        0
  SINCE JAN 1      0                         0      0        0
..................................................................


WIND (MPH)
  HIGHEST WIND SPEED    16   HIGHEST WIND DIRECTION     S (160)
  HIGHEST GUST SPEED    23   HIGHEST GUST DIRECTION     S (160)
  AVERAGE WIND SPEED     6.0


SKY COVER
  POSSIBLE SUNSHINE  MM
  AVERAGE SKY COVER 0.6


WEATHER CONDITIONS
 THE FOLLOWING WEATHER WAS RECORDED YESTERDAY.
  LIGHT SNOW
  FOG
  HAZE


RELATIVE HUMIDITY (PERCENT)
 HIGHEST    92           600 PM
 LOWEST     68          1200 PM
 AVERAGE    80

..........................................................


THE EAU CLAIRE WI CLIMATE NORMALS FOR TODAY
                         NORMAL    RECORD    YEAR
 MAXIMUM TEMPERATURE (F)   23        44      1933
 MINIMUM TEMPERATURE (F)    5       -32      1972


SUNRISE AND SUNSET
JANUARY 15 2018.......SUNRISE   740 AM CST   SUNSET   451 PM CST
JANUARY 16 2018.......SUNRISE   739 AM CST   SUNSET   452 PM CST


-  INDICATES NEGATIVE NUMBERS.
R  INDICATES RECORD WAS SET OR TIED.
MM INDICATES DATA IS MISSING.
T  INDICATES TRACE AMOUNT.




$$
