000
CDUS43 KMPX 120633
CLIEAU


CLIMATE REPORT
NATIONAL WEATHER SERVICE CHANHASSEN MN
1231 AM CST WED NOV 12 2014


...................................

...THE EAU CLAIRE WI CLIMATE SUMMARY FOR NOVEMBER 11 2014...

CLIMATE NORMAL PERIOD 1981 TO 2010
CLIMATE RECORD PERIOD 1893 TO 2014


WEATHER ITEM   OBSERVED TIME   RECORD YEAR NORMAL DEPARTURE LAST
                VALUE   (LST)  VALUE       VALUE  FROM      YEAR
                                                  NORMAL
..................................................................
TEMPERATURE (F)
 YESTERDAY
  MAXIMUM         31    208 AM  67    2012  44    -13       39
  MINIMUM         14   1049 PM   0    1986  27    -13       17
  AVERAGE         23                        36    -13       28

PRECIPITATION (IN)
  YESTERDAY        0.27          1.12 1940   0.06   0.21     0.02
  MONTH TO DATE    1.02                      0.70   0.32     0.70
  SINCE SEP 1      8.91                      6.72   2.19     6.11
  SINCE JAN 1     41.58                     28.84  12.74    33.75

SNOWFALL (IN)
  YESTERDAY        4.0 R         2.0  1940   0.2    3.8      0.1
  MONTH TO DATE    5.4                       1.3    4.1      0.1
  SINCE SEP 1      6.0                       1.7    4.3      0.1
  SINCE JUL 1      6.0                       1.7    4.3      0.1
  SNOW DEPTH       4

DEGREE DAYS
 HEATING
  YESTERDAY       42                        29     13       37
  MONTH TO DATE  324                       294     30      316
  SINCE SEP 1   1077                      1039     38      996
  SINCE JUL 1   1100                      1078     22     1034

 COOLING
  YESTERDAY        0                         0      0        0
  MONTH TO DATE    0                         0      0        0
  SINCE SEP 1     22                        52    -30       87
  SINCE JAN 1    500                       579    -79      653
..................................................................


WIND (MPH)
  HIGHEST WIND SPEED    21   HIGHEST WIND DIRECTION    NW (330)
  HIGHEST GUST SPEED    27   HIGHEST GUST DIRECTION    NW (330)
  AVERAGE WIND SPEED    11.3


SKY COVER
  POSSIBLE SUNSHINE  MM
  AVERAGE SKY COVER 0.8


WEATHER CONDITIONS
 THE FOLLOWING WEATHER WAS RECORDED YESTERDAY.
  LT FREEZING RAIN
  LIGHT SNOW
  FOG
  HAZE


RELATIVE HUMIDITY (PERCENT)
 HIGHEST    92           200 AM
 LOWEST     68           300 PM
 AVERAGE    80

..........................................................


THE EAU CLAIRE WI CLIMATE NORMALS FOR TODAY
                         NORMAL    RECORD    YEAR
 MAXIMUM TEMPERATURE (F)   44        63      2005
 MINIMUM TEMPERATURE (F)   27         1      1986


SUNRISE AND SUNSET
NOVEMBER 12 2014......SUNRISE   659 AM CST   SUNSET   440 PM CST
NOVEMBER 13 2014......SUNRISE   701 AM CST   SUNSET   439 PM CST


-  INDICATES NEGATIVE NUMBERS.
R  INDICATES RECORD WAS SET OR TIED.
MM INDICATES DATA IS MISSING.
T  INDICATES TRACE AMOUNT.




$$
