000
CDUS43 KMPX 180722
CLIEAU


CLIMATE REPORT
NATIONAL WEATHER SERVICE CHANHASSEN MN
221 AM CDT MON SEP 18 2017


...................................

...THE EAU CLAIRE WI CLIMATE SUMMARY FOR SEPTEMBER 17 2017...

CLIMATE NORMAL PERIOD 1981 TO 2010
CLIMATE RECORD PERIOD 1893 TO 2017


WEATHER ITEM   OBSERVED TIME   RECORD YEAR NORMAL DEPARTURE LAST
                VALUE   (LST)  VALUE       VALUE  FROM      YEAR
                                                  NORMAL
..................................................................
TEMPERATURE (F)
 YESTERDAY
  MAXIMUM         67    205 PM  93    1948  71     -4       69
  MINIMUM         46   1042 PM  31    1959  48     -2       55
  AVERAGE         57                        60     -3       62

PRECIPITATION (IN)
  YESTERDAY        T             1.89 1942   0.12  -0.12     0.00
  MONTH TO DATE    0.50                      2.13  -1.63     2.17
  SINCE SEP 1      0.50                      2.13  -1.63     2.17
  SINCE JAN 1     28.62                     24.25   4.37    29.00

SNOWFALL (IN)
  YESTERDAY        0.0           0.0    MM   0.0    0.0      0.0
  MONTH TO DATE    0.0                       0.0    0.0      0.0
  SINCE SEP 1      0.0                       0.0    0.0      0.0
  SINCE JUL 1      0.0                       0.0    0.0      0.0
  SNOW DEPTH       0

DEGREE DAYS
 HEATING
  YESTERDAY        8                         7      1        3
  MONTH TO DATE   65                        72     -7       32
  SINCE SEP 1     65                        72     -7       32
  SINCE JUL 1    108                       111     -3       42

 COOLING
  YESTERDAY        0                         1     -1        0
  MONTH TO DATE   37                        38     -1       35
  SINCE SEP 1     37                        38     -1       35
  SINCE JAN 1    409                       565   -156      618
..................................................................


WIND (MPH)
  HIGHEST WIND SPEED    15   HIGHEST WIND DIRECTION     W (280)
  HIGHEST GUST SPEED    22   HIGHEST GUST DIRECTION     W (280)
  AVERAGE WIND SPEED     6.4


SKY COVER
  POSSIBLE SUNSHINE  MM
  AVERAGE SKY COVER 0.3


WEATHER CONDITIONS
 THE FOLLOWING WEATHER WAS RECORDED YESTERDAY.
  LIGHT RAIN


RELATIVE HUMIDITY (PERCENT)
 HIGHEST    93          1200 AM
 LOWEST     48           200 PM
 AVERAGE    71

..........................................................


THE EAU CLAIRE WI CLIMATE NORMALS FOR TODAY
                         NORMAL    RECORD    YEAR
 MAXIMUM TEMPERATURE (F)   71        93      1948
 MINIMUM TEMPERATURE (F)   48        29      1929


SUNRISE AND SUNSET
SEPTEMBER 18 2017.....SUNRISE   649 AM CDT   SUNSET   710 PM CDT
SEPTEMBER 19 2017.....SUNRISE   650 AM CDT   SUNSET   709 PM CDT


-  INDICATES NEGATIVE NUMBERS.
R  INDICATES RECORD WAS SET OR TIED.
MM INDICATES DATA IS MISSING.
T  INDICATES TRACE AMOUNT.




$$
