341
CDUS43 KMPX 150142
CLIEAU


CLIMATE REPORT
NATIONAL WEATHER SERVICE CHANHASSEN MN
742 PM CST TUE NOV 14 2017


...................................

...THE EAU CLAIRE WI CLIMATE SUMMARY FOR NOVEMBER 14 2017...
VALID TODAY AS OF 0700 PM LOCAL TIME.

CLIMATE NORMAL PERIOD 1981 TO 2010
CLIMATE RECORD PERIOD 1893 TO 2017


WEATHER ITEM   OBSERVED TIME   RECORD YEAR NORMAL DEPARTURE LAST
                VALUE   (LST)  VALUE       VALUE  FROM      YEAR
                                                  NORMAL
..................................................................
TEMPERATURE (F)
 TODAY
  MAXIMUM         41    554 PM  70    1990  42     -1       53
  MINIMUM         35    307 AM   0    1959  26      9       35
  AVERAGE         38                        34      4       44

PRECIPITATION (IN)
  TODAY            0.00          1.12 1902   0.07  -0.07     0.00
  MONTH TO DATE    0.34                      0.90  -0.56     0.00
  SINCE SEP 1      6.15                      6.92  -0.77    10.92
  SINCE JAN 1     34.27                     29.04   5.23    37.75

SNOWFALL (IN)
  TODAY            0.0           2.5  1910   0.2   -0.2      0.0
  MONTH TO DATE    1.4                       1.8   -0.4      0.0
  SINCE SEP 1      3.3                       2.2    1.1      0.0
  SINCE JUL 1      3.3                       2.2    1.1      0.0
  SNOW DEPTH       0

DEGREE DAYS
 HEATING
  TODAY           27                        31     -4       21
  MONTH TO DATE  495                       386    109      235
  SINCE SEP 1   1085                      1131    -46      742
  SINCE JUL 1   1128                      1170    -42      752

 COOLING
  TODAY            0                         0      0        0
  MONTH TO DATE    0                         0      0        0
  SINCE SEP 1     94                        52     42       41
  SINCE JAN 1    466                       579   -113      624
..................................................................


WIND (MPH)
  HIGHEST WIND SPEED    14   HIGHEST WIND DIRECTION     S (160)
  HIGHEST GUST SPEED    19   HIGHEST GUST DIRECTION     S (190)
  AVERAGE WIND SPEED     8.5


SKY COVER
  POSSIBLE SUNSHINE  MM
  AVERAGE SKY COVER 1.0


WEATHER CONDITIONS
 THE FOLLOWING WEATHER WAS RECORDED TODAY.
  FOG
  HAZE


RELATIVE HUMIDITY (PERCENT)
 HIGHEST   100           300 AM
 LOWEST     82          1200 AM
 AVERAGE    91

..........................................................


THE EAU CLAIRE WI CLIMATE NORMALS FOR TOMORROW
                         NORMAL    RECORD    YEAR
 MAXIMUM TEMPERATURE (F)   42        66      1953
 MINIMUM TEMPERATURE (F)   25         0      1940


SUNRISE AND SUNSET
NOVEMBER 14 2017......SUNRISE   702 AM CST   SUNSET   438 PM CST
NOVEMBER 15 2017......SUNRISE   704 AM CST   SUNSET   437 PM CST


-  INDICATES NEGATIVE NUMBERS.
R  INDICATES RECORD WAS SET OR TIED.
MM INDICATES DATA IS MISSING.
T  INDICATES TRACE AMOUNT.




$$
