000
CDUS43 KMPX 030708
CLIEAU


CLIMATE REPORT
NATIONAL WEATHER SERVICE CHANHASSEN MN
207 AM CDT THU JUL 3 2014


...................................

...THE EAU CLAIRE WI CLIMATE SUMMARY FOR JULY 2 2014...

CLIMATE NORMAL PERIOD 1981 TO 2010
CLIMATE RECORD PERIOD 1893 TO 2014


WEATHER ITEM   OBSERVED TIME   RECORD YEAR NORMAL DEPARTURE LAST
                VALUE   (LST)  VALUE       VALUE  FROM      YEAR
                                                  NORMAL
..................................................................
TEMPERATURE (F)
 YESTERDAY
  MAXIMUM         73    541 PM  99    2012  83    -10       81
  MINIMUM         51   1154 PM  45    2001  60     -9       52
                                      1924
  AVERAGE         62                        71     -9       67

PRECIPITATION (IN)
  YESTERDAY        0.00          1.43 1954   0.12  -0.12     0.00
  MONTH TO DATE    0.06                      0.25  -0.19     0.00
  SINCE JUN 1      9.90                      4.38   5.52     5.86
  SINCE JAN 1     24.00                     14.02   9.98    25.91

SNOWFALL (IN)
  YESTERDAY        0.0           0.0    MM   0.0    0.0      0.0
  MONTH TO DATE    0.0                       0.0    0.0      0.0
  SINCE JUN 1      0.0                       0.0    0.0      0.0
  SINCE JUL 1      0.0                       0.0    0.0      0.0
  SNOW DEPTH       0

DEGREE DAYS
 HEATING
  YESTERDAY        3                         1      2        0
  MONTH TO DATE    3                         2      1        0
  SINCE JUN 1     28                        64    -36       63
  SINCE JUL 1      3                         2      1        0

 COOLING
  YESTERDAY        0                         7     -7        2
  MONTH TO DATE    3                        13    -10        6
  SINCE JUN 1    137                       133      4       96
  SINCE JAN 1    172                       165      7      128
..................................................................


WIND (MPH)
  HIGHEST WIND SPEED    16   HIGHEST WIND DIRECTION    NW (320)
  HIGHEST GUST SPEED    22   HIGHEST GUST DIRECTION     N (10)
  AVERAGE WIND SPEED     7.4


SKY COVER
  POSSIBLE SUNSHINE  MM
  AVERAGE SKY COVER 0.5


WEATHER CONDITIONS
 THE FOLLOWING WEATHER WAS RECORDED YESTERDAY.
  NO SIGNIFICANT WEATHER WAS OBSERVED.


RELATIVE HUMIDITY (PERCENT)
 HIGHEST    86           200 AM
 LOWEST     38           300 PM
 AVERAGE    62

..........................................................


THE EAU CLAIRE WI CLIMATE NORMALS FOR TODAY
                         NORMAL    RECORD    YEAR
 MAXIMUM TEMPERATURE (F)   83       100      1949
                                             1990
 MINIMUM TEMPERATURE (F)   60        46      1968
                                             1972


SUNRISE AND SUNSET
JULY  3 2014..........SUNRISE   525 AM CDT   SUNSET   855 PM CDT
JULY  4 2014..........SUNRISE   525 AM CDT   SUNSET   855 PM CDT


-  INDICATES NEGATIVE NUMBERS.
R  INDICATES RECORD WAS SET OR TIED.
MM INDICATES DATA IS MISSING.
T  INDICATES TRACE AMOUNT.




$$
