000
CDUS43 KMPX 112201
CLIEAU


CLIMATE REPORT
NATIONAL WEATHER SERVICE CHANHASSEN MN
501 PM CDT THU AUG 11 2016


...................................

...THE EAU CLAIRE WI CLIMATE SUMMARY FOR AUGUST 11 2016...
VALID AS OF 0500 PM LOCAL TIME.

CLIMATE NORMAL PERIOD 1981 TO 2010
CLIMATE RECORD PERIOD 1893 TO 2016


WEATHER ITEM   OBSERVED TIME   RECORD YEAR NORMAL DEPARTURE LAST
                VALUE   (LST)  VALUE       VALUE  FROM      YEAR
                                                  NORMAL
..................................................................
TEMPERATURE (F)
 TODAY
  MAXIMUM         86    248 PM  98    1947  81      5       82
  MINIMUM         69    451 AM  41    1982  59     10       56
  AVERAGE         78                        70      8       69

PRECIPITATION (IN)
  TODAY            2.56R         1.40 2014   0.14   2.42     0.00
  MONTH TO DATE    3.06                      1.64   1.42     4.12
  SINCE JUN 1     12.86                      9.65   3.21    15.04
  SINCE JAN 1     25.05                     19.29   5.76    24.49

SNOWFALL (IN)
  TODAY            0.0           0.0    MM   0.0    0.0      0.0
  MONTH TO DATE    0.0                       0.0    0.0      0.0
  SINCE JUN 1      0.0                       0.0    0.0      0.0
  SINCE JUL 1      0.0                       0.0    0.0      0.0
  SNOW DEPTH       0

DEGREE DAYS
 HEATING
  TODAY            0                         1     -1        0
  MONTH TO DATE    0                         6     -6        0
  SINCE JUN 1     36                        79    -43       44
  SINCE JUL 1      4                        17    -13       16

 COOLING
  TODAY           13                         6      7        4
  MONTH TO DATE  102                        66     36       49
  SINCE JUN 1    449                       400     49      311
  SINCE JAN 1    489                       432     57      329
..................................................................


WIND (MPH)
  HIGHEST WIND SPEED    16   HIGHEST WIND DIRECTION    NE (40)
  HIGHEST GUST SPEED    19   HIGHEST GUST DIRECTION     E (80)
  AVERAGE WIND SPEED     7.7


SKY COVER
  POSSIBLE SUNSHINE  MM
  AVERAGE SKY COVER 0.8


WEATHER CONDITIONS
 THE FOLLOWING WEATHER WAS RECORDED TODAY.
  THUNDERSTORM
  HEAVY RAIN
  RAIN
  LIGHT RAIN
  FOG


RELATIVE HUMIDITY (PERCENT)
 HIGHEST   100          1200 AM
 LOWEST     61           300 PM
 AVERAGE    81

..........................................................


THE EAU CLAIRE WI CLIMATE NORMALS FOR TOMORROW
                         NORMAL    RECORD    YEAR
 MAXIMUM TEMPERATURE (F)   81        99      1947
 MINIMUM TEMPERATURE (F)   59        43      1982


SUNRISE AND SUNSET
AUGUST 11 2016........SUNRISE   604 AM CDT   SUNSET   817 PM CDT
AUGUST 12 2016........SUNRISE   605 AM CDT   SUNSET   816 PM CDT


-  INDICATES NEGATIVE NUMBERS.
R  INDICATES RECORD WAS SET OR TIED.
MM INDICATES DATA IS MISSING.
T  INDICATES TRACE AMOUNT.




$$
