000
CDUS43 KMPX 010714
CLIEAU


CLIMATE REPORT
NATIONAL WEATHER SERVICE CHANHASSEN MN
113 AM CST MON JAN 1 2018


...................................

...THE EAU CLAIRE WI CLIMATE SUMMARY FOR DECEMBER 31 2017...

CLIMATE NORMAL PERIOD 1981 TO 2010
CLIMATE RECORD PERIOD 1893 TO 2017


WEATHER ITEM   OBSERVED TIME   RECORD YEAR NORMAL DEPARTURE LAST
                VALUE   (LST)  VALUE       VALUE  FROM      YEAR
                                                  NORMAL
..................................................................
TEMPERATURE (F)
 YESTERDAY
  MAXIMUM         -8    334 PM  50    1965  24    -32       28
  MINIMUM        -18    805 AM -26    1967   7    -25       19
  AVERAGE        -13                        15    -28       24

PRECIPITATION (IN)
  YESTERDAY        0.00          0.65 2006   0.03  -0.03      T
  MONTH TO DATE    0.91                      1.00  -0.09     2.10
  SINCE DEC 1      0.91                      1.00  -0.09     2.10
  SINCE JAN 1     35.33                     30.98   4.35    41.02

SNOWFALL (IN)
  YESTERDAY        0.0           6.1  1977   0.3   -0.3       T
  MONTH TO DATE    7.3                       9.5   -2.2     19.2
  SINCE DEC 1      7.3                       9.5   -2.2     19.2
  SINCE JUL 1     10.6                      15.8   -5.2     20.9
  SNOW DEPTH       4

DEGREE DAYS
 HEATING
  YESTERDAY       78                        50     28       41
  MONTH TO DATE 1508                      1431     77     1411
  SINCE DEC 1   1508                      1430     78     1411
  SINCE JUL 1   3149                      3176    -27     2620

 COOLING
  YESTERDAY        0                         0      0        0
  MONTH TO DATE    0                         0      0        0
  SINCE DEC 1      0                         0      0        0
  SINCE JAN 1    466                       579   -113      624
..................................................................


WIND (MPH)
  HIGHEST WIND SPEED    13   HIGHEST WIND DIRECTION     W (270)
  HIGHEST GUST SPEED    18   HIGHEST GUST DIRECTION     W (250)
  AVERAGE WIND SPEED     5.8


SKY COVER
  POSSIBLE SUNSHINE  MM
  AVERAGE SKY COVER 0.0


WEATHER CONDITIONS
 THE FOLLOWING WEATHER WAS RECORDED YESTERDAY.
  NO SIGNIFICANT WEATHER WAS OBSERVED.


RELATIVE HUMIDITY (PERCENT)
 HIGHEST    81           800 AM
 LOWEST     57           200 PM
 AVERAGE    69

..........................................................


THE EAU CLAIRE WI CLIMATE NORMALS FOR TODAY
                         NORMAL    RECORD    YEAR
 MAXIMUM TEMPERATURE (F)   24        47      1897
 MINIMUM TEMPERATURE (F)    7       -25      1974


SUNRISE AND SUNSET
JANUARY  1 2018.......SUNRISE   744 AM CST   SUNSET   436 PM CST
JANUARY  2 2018.......SUNRISE   744 AM CST   SUNSET   437 PM CST


-  INDICATES NEGATIVE NUMBERS.
R  INDICATES RECORD WAS SET OR TIED.
MM INDICATES DATA IS MISSING.
T  INDICATES TRACE AMOUNT.




$$
