000
CDUS43 KMPX 060032
CLIEAU


CLIMATE REPORT
NATIONAL WEATHER SERVICE CHANHASSEN MN
732 PM CDT WED JUL 5 2017


...................................

...THE EAU CLAIRE WI CLIMATE SUMMARY FOR JULY 5 2017...
VALID TODAY AS OF 0700 PM LOCAL TIME.

CLIMATE NORMAL PERIOD 1981 TO 2010
CLIMATE RECORD PERIOD 1893 TO 2017


WEATHER ITEM   OBSERVED TIME   RECORD YEAR NORMAL DEPARTURE LAST
                VALUE   (LST)  VALUE       VALUE  FROM      YEAR
                                                  NORMAL
..................................................................
TEMPERATURE (F)
 TODAY
  MAXIMUM         90    408 PM  99    1948  83      7       89
  MINIMUM         62    257 AM  46    1972  60      2       64
                                      1951
  AVERAGE         76                        71      5       77

PRECIPITATION (IN)
  TODAY            0.00          1.95 1935   0.13  -0.13     1.44
  MONTH TO DATE    0.03                      0.63  -0.60     1.44
  SINCE JUN 1      5.34                      4.76   0.58     7.73
  SINCE JAN 1     19.84                     14.40   5.44    19.92

SNOWFALL (IN)
  TODAY            0.0           0.0    MM   0.0    0.0      0.0
  MONTH TO DATE    0.0                       0.0    0.0      0.0
  SINCE JUN 1      0.0                       0.0    0.0      0.0
  SINCE JUL 1      0.0                       0.0    0.0      0.0
  SNOW DEPTH       0

DEGREE DAYS
 HEATING
  TODAY            0                         0      0        0
  MONTH TO DATE    0                         0      0        4
  SINCE JUN 1     37                        62    -25       36
  SINCE JUL 1      0                         0      0        4

 COOLING
  TODAY           11                         7      4       12
  MONTH TO DATE   26                        34     -8       14
  SINCE JUN 1    133                       154    -21      140
  SINCE JAN 1    141                       186    -45      180
..................................................................


WIND (MPH)
  HIGHEST WIND SPEED    15   HIGHEST WIND DIRECTION    SW (210)
  HIGHEST GUST SPEED    19   HIGHEST GUST DIRECTION     S (200)
  AVERAGE WIND SPEED     5.8


SKY COVER
  POSSIBLE SUNSHINE  MM
  AVERAGE SKY COVER 0.2


WEATHER CONDITIONS
 THE FOLLOWING WEATHER WAS RECORDED TODAY.
  THUNDERSTORM


RELATIVE HUMIDITY (PERCENT)
 HIGHEST    90           300 AM
 LOWEST     46           400 PM
 AVERAGE    68

..........................................................


THE EAU CLAIRE WI CLIMATE NORMALS FOR TOMORROW
                         NORMAL    RECORD    YEAR
 MAXIMUM TEMPERATURE (F)   83       103      1936
 MINIMUM TEMPERATURE (F)   60        46      2001
                                             1983


SUNRISE AND SUNSET
JULY  5 2017..........SUNRISE   526 AM CDT   SUNSET   855 PM CDT
JULY  6 2017..........SUNRISE   527 AM CDT   SUNSET   854 PM CDT


-  INDICATES NEGATIVE NUMBERS.
R  INDICATES RECORD WAS SET OR TIED.
MM INDICATES DATA IS MISSING.
T  INDICATES TRACE AMOUNT.




$$
