000
CDUS43 KMPX 290625
CLIEAU


CLIMATE REPORT
NATIONAL WEATHER SERVICE CHANHASSEN MN
124 AM CDT SAT AUG 29 2015


...................................

...THE EAU CLAIRE WI CLIMATE SUMMARY FOR AUGUST 28 2015...

CLIMATE NORMAL PERIOD 1981 TO 2010
CLIMATE RECORD PERIOD 1893 TO 2015


WEATHER ITEM   OBSERVED TIME   RECORD YEAR NORMAL DEPARTURE LAST
                VALUE   (LST)  VALUE       VALUE  FROM      YEAR
                                                  NORMAL
..................................................................
TEMPERATURE (F)
 YESTERDAY
  MAXIMUM         71    328 PM  95    1937  78     -7       73
  MINIMUM         54   1135 PM  39    1986  56     -2       52
  AVERAGE         63                        67     -4       63

PRECIPITATION (IN)
  YESTERDAY        0.12          2.00 1912   0.13  -0.01     0.11
  MONTH TO DATE    7.19                      4.08   3.11     4.29
  SINCE JUN 1     18.11                     12.09   6.02    16.57
  SINCE JAN 1     27.56                     21.73   5.83    30.67

SNOWFALL (IN)
  YESTERDAY        0.0           0.0    MM   0.0    0.0      0.0
  MONTH TO DATE    0.0                       0.0    0.0      0.0
  SINCE JUN 1      0.0                       0.0    0.0      0.0
  SINCE JUL 1      0.0                       0.0    0.0      0.0
  SNOW DEPTH       0

DEGREE DAYS
 HEATING
  YESTERDAY        2                         2      0        2
  MONTH TO DATE   36                        24     12        5
  SINCE JUN 1     80                        97    -17       48
  SINCE JUL 1     52                        35     17       23

 COOLING
  YESTERDAY        0                         4     -4        0
  MONTH TO DATE  116                       149    -33      159
  SINCE JUN 1    378                       483   -105      431
  SINCE JAN 1    396                       515   -119      466
..................................................................


WIND (MPH)
  HIGHEST WIND SPEED    20   HIGHEST WIND DIRECTION     S (190)
  HIGHEST GUST SPEED    23   HIGHEST GUST DIRECTION     S (180)
  AVERAGE WIND SPEED     7.0


SKY COVER
  POSSIBLE SUNSHINE  MM
  AVERAGE SKY COVER 0.3


WEATHER CONDITIONS
 THE FOLLOWING WEATHER WAS RECORDED YESTERDAY.
  LIGHT RAIN
  FOG


RELATIVE HUMIDITY (PERCENT)
 HIGHEST    93           900 PM
 LOWEST     73           400 PM
 AVERAGE    83

..........................................................


THE EAU CLAIRE WI CLIMATE NORMALS FOR TODAY
                         NORMAL    RECORD    YEAR
 MAXIMUM TEMPERATURE (F)   78        95      1949
 MINIMUM TEMPERATURE (F)   56        37      1893


SUNRISE AND SUNSET
AUGUST 29 2015........SUNRISE   624 AM CDT   SUNSET   749 PM CDT
AUGUST 30 2015........SUNRISE   625 AM CDT   SUNSET   747 PM CDT


-  INDICATES NEGATIVE NUMBERS.
R  INDICATES RECORD WAS SET OR TIED.
MM INDICATES DATA IS MISSING.
T  INDICATES TRACE AMOUNT.




$$
