000
CDUS43 KMPX 050037
CLIEAU


CLIMATE REPORT
NATIONAL WEATHER SERVICE CHANHASSEN MN
736 PM CDT MON SEP 4 2017


...................................

...THE EAU CLAIRE WI CLIMATE SUMMARY FOR SEPTEMBER 4 2017...
VALID TODAY AS OF 0700 PM LOCAL TIME.

CLIMATE NORMAL PERIOD 1981 TO 2010
CLIMATE RECORD PERIOD 1893 TO 2017


WEATHER ITEM   OBSERVED TIME   RECORD YEAR NORMAL DEPARTURE LAST
                VALUE   (LST)  VALUE       VALUE  FROM      YEAR
                                                  NORMAL
..................................................................
TEMPERATURE (F)
 TODAY
  MAXIMUM         74    229 PM  96    1925  76     -2       80
                                      1922
  MINIMUM         56    559 PM  33    1974  54      2       58
  AVERAGE         65                        65      0       69

PRECIPITATION (IN)
  TODAY            0.02          0.97 1989   0.12  -0.10     0.01
  MONTH TO DATE    0.16                      0.49  -0.33     0.01
  SINCE SEP 1      0.16                      0.49  -0.33     0.01
  SINCE JAN 1     28.28                     22.61   5.67    26.84

SNOWFALL (IN)
  TODAY            0.0           0.0    MM   0.0    0.0      0.0
  MONTH TO DATE    0.0                       0.0    0.0      0.0
  SINCE SEP 1      0.0                       0.0    0.0      0.0
  SINCE JUL 1      0.0                       0.0    0.0      0.0
  SNOW DEPTH       0

DEGREE DAYS
 HEATING
  TODAY            0                         3     -3        0
  MONTH TO DATE    8                        10     -2        6
  SINCE SEP 1      8                        10     -2        6
  SINCE JUL 1     51                        49      2       16

 COOLING
  TODAY            0                         3     -3        4
  MONTH TO DATE    1                        12    -11        4
  SINCE SEP 1      1                        12    -11        4
  SINCE JAN 1    373                       539   -166      587
..................................................................


WIND (MPH)
  HIGHEST WIND SPEED    26   HIGHEST WIND DIRECTION    NW (330)
  HIGHEST GUST SPEED    35   HIGHEST GUST DIRECTION    NW (320)
  AVERAGE WIND SPEED    10.9


SKY COVER
  POSSIBLE SUNSHINE  MM
  AVERAGE SKY COVER 0.4


WEATHER CONDITIONS
 THE FOLLOWING WEATHER WAS RECORDED TODAY.
  LIGHT RAIN


RELATIVE HUMIDITY (PERCENT)
 HIGHEST    83           600 PM
 LOWEST     41           100 PM
 AVERAGE    62

..........................................................


THE EAU CLAIRE WI CLIMATE NORMALS FOR TOMORROW
                         NORMAL    RECORD    YEAR
 MAXIMUM TEMPERATURE (F)   76        97      1945
                                             1922
 MINIMUM TEMPERATURE (F)   54        36      1962


SUNRISE AND SUNSET
SEPTEMBER  4 2017.....SUNRISE   632 AM CDT   SUNSET   737 PM CDT
SEPTEMBER  5 2017.....SUNRISE   633 AM CDT   SUNSET   735 PM CDT


-  INDICATES NEGATIVE NUMBERS.
R  INDICATES RECORD WAS SET OR TIED.
MM INDICATES DATA IS MISSING.
T  INDICATES TRACE AMOUNT.




$$
