738
CDUS43 KMPX 250641
CLIEAU


CLIMATE REPORT
NATIONAL WEATHER SERVICE CHANHASSEN MN
140 AM CDT MON APR 25 2016


...................................

...THE EAU CLAIRE WI CLIMATE SUMMARY FOR APRIL 24 2016...

CLIMATE NORMAL PERIOD 1981 TO 2010
CLIMATE RECORD PERIOD 1893 TO 2016


WEATHER ITEM   OBSERVED TIME   RECORD YEAR NORMAL DEPARTURE LAST
                VALUE   (LST)  VALUE       VALUE  FROM      YEAR
                                                  NORMAL
..................................................................
TEMPERATURE (F)
 YESTERDAY
  MAXIMUM         57   1250 AM  88    2009  62     -5       58
  MINIMUM         48   1118 AM  15    1956  38     10       25
  AVERAGE         53                        50      3       42

PRECIPITATION (IN)
  YESTERDAY        0.38          1.10 1994   0.10   0.28     0.00
  MONTH TO DATE    1.21                      2.10  -0.89     2.76
  SINCE MAR 1      5.87                      3.83   2.04     3.47
  SINCE JAN 1      7.03                      5.53   1.50     4.06

SNOWFALL (IN)
  YESTERDAY        0.0           9.5  1893   0.0    0.0      0.0
  MONTH TO DATE    1.8                       1.7    0.1      1.4
  SINCE MAR 1     13.9                      10.3    3.6      7.3
  SINCE JUL 1     38.0                      46.6   -8.6     38.1
  SNOW DEPTH       0

DEGREE DAYS
 HEATING
  YESTERDAY       12                        15     -3       23
  MONTH TO DATE  468                       493    -25      437
  SINCE MAR 1   1279                      1537   -258     1427
  SINCE JUL 1   6457                      7557  -1100     7780

 COOLING
  YESTERDAY        0                         0      0        0
  MONTH TO DATE    4                         0      4        0
  SINCE MAR 1      4                         0      4        0
  SINCE JAN 1      4                         0      4        0
..................................................................


WIND (MPH)
  HIGHEST WIND SPEED    20   HIGHEST WIND DIRECTION     E (90)
  HIGHEST GUST SPEED    29   HIGHEST GUST DIRECTION     E (110)
  AVERAGE WIND SPEED    10.3


SKY COVER
  POSSIBLE SUNSHINE  MM
  AVERAGE SKY COVER 1.0


WEATHER CONDITIONS
 THE FOLLOWING WEATHER WAS RECORDED YESTERDAY.
  THUNDERSTORM
  RAIN
  LIGHT RAIN
  FOG


RELATIVE HUMIDITY (PERCENT)
 HIGHEST    93           900 AM
 LOWEST     62          1200 AM
 AVERAGE    78

..........................................................


THE EAU CLAIRE WI CLIMATE NORMALS FOR TODAY
                         NORMAL    RECORD    YEAR
 MAXIMUM TEMPERATURE (F)   63        87      1962
 MINIMUM TEMPERATURE (F)   38        22      1919


SUNRISE AND SUNSET
APRIL 25 2016.........SUNRISE   604 AM CDT   SUNSET   804 PM CDT
APRIL 26 2016.........SUNRISE   602 AM CDT   SUNSET   806 PM CDT


-  INDICATES NEGATIVE NUMBERS.
R  INDICATES RECORD WAS SET OR TIED.
MM INDICATES DATA IS MISSING.
T  INDICATES TRACE AMOUNT.




$$
