000
CDUS43 KMPX 270815
CLIEAU


CLIMATE REPORT
NATIONAL WEATHER SERVICE CHANHASSEN MN
214 AM CST THU NOV 27 2014


...................................

...THE EAU CLAIRE WI CLIMATE SUMMARY FOR NOVEMBER 26 2014...

CLIMATE NORMAL PERIOD 1981 TO 2010
CLIMATE RECORD PERIOD 1893 TO 2014


WEATHER ITEM   OBSERVED TIME   RECORD YEAR NORMAL DEPARTURE LAST
                VALUE   (LST)  VALUE       VALUE  FROM      YEAR
                                                  NORMAL
..................................................................
TEMPERATURE (F)
 YESTERDAY
  MAXIMUM         26   1215 PM  61    1914  35     -9       32
  MINIMUM         17   1159 PM -11    1977  19     -2       12
  AVERAGE         22                        27     -5       22

PRECIPITATION (IN)
  YESTERDAY        0.02          1.80 1896   0.05  -0.03      T
  MONTH TO DATE    1.68                      1.62   0.06     1.32
  SINCE SEP 1      9.57                      7.64   1.93     6.73
  SINCE JAN 1     42.24                     29.76  12.48    34.37

SNOWFALL (IN)
  YESTERDAY        0.6           8.2  1970   0.3    0.3      0.1
  MONTH TO DATE   12.6                       4.8    7.8      2.2
  SINCE SEP 1     13.2                       5.2    8.0      2.2
  SINCE JUL 1     13.2                       5.2    8.0      2.2
  SNOW DEPTH       3

DEGREE DAYS
 HEATING
  YESTERDAY       43                        38      5       43
  MONTH TO DATE 1005                       804    201      850
  SINCE SEP 1   1758                      1549    209     1530
  SINCE JUL 1   1781                      1588    193     1568

 COOLING
  YESTERDAY        0                         0      0        0
  MONTH TO DATE    0                         0      0        0
  SINCE SEP 1     22                        52    -30       87
  SINCE JAN 1    500                       579    -79      653
..................................................................


WIND (MPH)
  HIGHEST WIND SPEED    13   HIGHEST WIND DIRECTION     N (350)
  HIGHEST GUST SPEED    17   HIGHEST GUST DIRECTION     N (340)
  AVERAGE WIND SPEED     5.8


SKY COVER
  POSSIBLE SUNSHINE  MM
  AVERAGE SKY COVER 1.0


WEATHER CONDITIONS
 THE FOLLOWING WEATHER WAS RECORDED YESTERDAY.
  LIGHT SNOW
  FOG


RELATIVE HUMIDITY (PERCENT)
 HIGHEST    84           500 AM
 LOWEST     71           900 PM
 AVERAGE    78

..........................................................


THE EAU CLAIRE WI CLIMATE NORMALS FOR TODAY
                         NORMAL    RECORD    YEAR
 MAXIMUM TEMPERATURE (F)   35        67      1998
 MINIMUM TEMPERATURE (F)   18        -9      1897


SUNRISE AND SUNSET
NOVEMBER 27 2014......SUNRISE   719 AM CST   SUNSET   428 PM CST
NOVEMBER 28 2014......SUNRISE   720 AM CST   SUNSET   428 PM CST


-  INDICATES NEGATIVE NUMBERS.
R  INDICATES RECORD WAS SET OR TIED.
MM INDICATES DATA IS MISSING.
T  INDICATES TRACE AMOUNT.




$$
