000
CDUS43 KMPX 010751
CLIEAU


CLIMATE REPORT
NATIONAL WEATHER SERVICE CHANHASSEN MN
251 AM CDT MON SEP 1 2014


...................................

...THE EAU CLAIRE WI CLIMATE SUMMARY FOR AUGUST 31 2014...

CLIMATE NORMAL PERIOD 1981 TO 2010
CLIMATE RECORD PERIOD 1893 TO 2014


WEATHER ITEM   OBSERVED TIME   RECORD YEAR NORMAL DEPARTURE LAST
                VALUE   (LST)  VALUE       VALUE  FROM      YEAR
                                                  NORMAL
..................................................................
TEMPERATURE (F)
 YESTERDAY
  MAXIMUM         84    259 PM  97    1898  77      7       87
  MINIMUM         55    605 AM  38    1967  56     -1       59
  AVERAGE         70                        66      4       73

PRECIPITATION (IN)
  YESTERDAY        0.55          2.90 1977   0.13   0.42     0.00
  MONTH TO DATE    6.29                      4.47   1.82     1.09
  SINCE JUN 1     18.57                     12.48   6.09     7.59
  SINCE JAN 1     32.67                     22.12  10.55    27.64

SNOWFALL (IN)
  YESTERDAY        0.0           0.0    MM   0.0    0.0      0.0
  MONTH TO DATE    0.0                       0.0    0.0      0.0
  SINCE JUN 1      0.0                       0.0    0.0      0.0
  SINCE JUL 1      0.0                       0.0    0.0      0.0
  SNOW DEPTH       0

DEGREE DAYS
 HEATING
  YESTERDAY        0                         2     -2        0
  MONTH TO DATE    5                        30    -25       12
  SINCE JUN 1     48                       101    -53      101
  SINCE JUL 1     23                        39    -16       38

 COOLING
  YESTERDAY        5                         3      2        8
  MONTH TO DATE  171                       161     10      202
  SINCE JUN 1    443                       495    -52      534
  SINCE JAN 1    478                       527    -49      566
..................................................................


WIND (MPH)
  HIGHEST WIND SPEED    21   HIGHEST WIND DIRECTION     S (170)
  HIGHEST GUST SPEED    31   HIGHEST GUST DIRECTION     S (180)
  AVERAGE WIND SPEED     9.1


SKY COVER
  POSSIBLE SUNSHINE  MM
  AVERAGE SKY COVER 0.5


WEATHER CONDITIONS
 THE FOLLOWING WEATHER WAS RECORDED YESTERDAY.
  THUNDERSTORM
  HEAVY RAIN
  RAIN
  LIGHT RAIN
  FOG
  FOG W/VISIBILITY <= 1/4 MILE


RELATIVE HUMIDITY (PERCENT)
 HIGHEST   100          1200 AM
 LOWEST     61           300 PM
 AVERAGE    81

..........................................................


THE EAU CLAIRE WI CLIMATE NORMALS FOR TODAY
                         NORMAL    RECORD    YEAR
 MAXIMUM TEMPERATURE (F)   77        99      1937
 MINIMUM TEMPERATURE (F)   55        35      1974
                                             1895


SUNRISE AND SUNSET
SEPTEMBER  1 2014.....SUNRISE   628 AM CDT   SUNSET   743 PM CDT
SEPTEMBER  2 2014.....SUNRISE   629 AM CDT   SUNSET   741 PM CDT


-  INDICATES NEGATIVE NUMBERS.
R  INDICATES RECORD WAS SET OR TIED.
MM INDICATES DATA IS MISSING.
T  INDICATES TRACE AMOUNT.




$$
