000
CDUS43 KMPX 220632
CLIEAU


CLIMATE REPORT
NATIONAL WEATHER SERVICE CHANHASSEN MN
128 AM CDT FRI SEP 22 2017


...................................

...THE EAU CLAIRE WI CLIMATE SUMMARY FOR SEPTEMBER 21 2017...

CLIMATE NORMAL PERIOD 1981 TO 2010
CLIMATE RECORD PERIOD 1893 TO 2017


WEATHER ITEM   OBSERVED TIME   RECORD YEAR NORMAL DEPARTURE LAST
                VALUE   (LST)  VALUE       VALUE  FROM      YEAR
                                                  NORMAL
..................................................................
TEMPERATURE (F)
 YESTERDAY
  MAXIMUM         82    430 PM  89    1941  69     13       69
                                      1908
  MINIMUM         47    555 AM  29    1999  46      1       60
  AVERAGE         65                        58      7       65

PRECIPITATION (IN)
  YESTERDAY        0.00          4.94 2016   0.12  -0.12     4.94
  MONTH TO DATE    0.90                      2.62  -1.72     7.46
  SINCE SEP 1      0.90                      2.62  -1.72     7.46
  SINCE JAN 1     29.02                     24.74   4.28    34.29

SNOWFALL (IN)
  YESTERDAY        0.0           0.0    MM   0.0    0.0      0.0
  MONTH TO DATE    0.0                       0.0    0.0      0.0
  SINCE SEP 1      0.0                       0.0    0.0      0.0
  SINCE JUL 1      0.0                       0.0    0.0      0.0
  SNOW DEPTH       0

DEGREE DAYS
 HEATING
  YESTERDAY        0                         8     -8        0
  MONTH TO DATE   76                       102    -26       36
  SINCE SEP 1     76                       102    -26       36
  SINCE JUL 1    119                       141    -22       46

 COOLING
  YESTERDAY        0                         1     -1        0
  MONTH TO DATE   42                        42      0       35
  SINCE SEP 1     42                        42      0       35
  SINCE JAN 1    414                       569   -155      618
..................................................................


WIND (MPH)
  HIGHEST WIND SPEED    18   HIGHEST WIND DIRECTION    SE (130)
  HIGHEST GUST SPEED    22   HIGHEST GUST DIRECTION    SE (130)
  AVERAGE WIND SPEED     7.5


SKY COVER
  POSSIBLE SUNSHINE  MM
  AVERAGE SKY COVER 0.2


WEATHER CONDITIONS
 THE FOLLOWING WEATHER WAS RECORDED YESTERDAY.
  FOG


RELATIVE HUMIDITY (PERCENT)
 HIGHEST   100           200 AM
 LOWEST     64          1100 AM
 AVERAGE    82

..........................................................


THE EAU CLAIRE WI CLIMATE NORMALS FOR TODAY
                         NORMAL    RECORD    YEAR
 MAXIMUM TEMPERATURE (F)   69        93      1937
                                             1936
 MINIMUM TEMPERATURE (F)   46        25      1974


SUNRISE AND SUNSET
SEPTEMBER 22 2017.....SUNRISE   653 AM CDT   SUNSET   703 PM CDT
SEPTEMBER 23 2017.....SUNRISE   655 AM CDT   SUNSET   701 PM CDT


-  INDICATES NEGATIVE NUMBERS.
R  INDICATES RECORD WAS SET OR TIED.
MM INDICATES DATA IS MISSING.
T  INDICATES TRACE AMOUNT.




$$
