000
CDUS43 KMPX 130629
CLIEAU


CLIMATE REPORT
NATIONAL WEATHER SERVICE CHANHASSEN MN
128 AM CDT TUE SEP 13 2016


...................................

...THE EAU CLAIRE WI CLIMATE SUMMARY FOR SEPTEMBER 12 2016...

CLIMATE NORMAL PERIOD 1981 TO 2010
CLIMATE RECORD PERIOD 1893 TO 2016


WEATHER ITEM   OBSERVED TIME   RECORD YEAR NORMAL DEPARTURE LAST
                VALUE   (LST)  VALUE       VALUE  FROM      YEAR
                                                  NORMAL
..................................................................
TEMPERATURE (F)
 YESTERDAY
  MAXIMUM         81        MM  99    1895  73      8       68
  MINIMUM         53        MM  28    1955  51      2       40
  AVERAGE         67                        62      5       54

PRECIPITATION (IN)
  YESTERDAY        0.00          3.74 1903   0.13  -0.13     0.00
  MONTH TO DATE    1.75                      1.52   0.23     3.13
  SINCE SEP 1      1.75                      1.52   0.23     3.13
  SINCE JAN 1     28.58                     23.64   4.94    30.69

SNOWFALL (IN)
  YESTERDAY        0.0           0.0    MM   0.0    0.0      0.0
  MONTH TO DATE    0.0                       0.0    0.0      0.0
  SINCE SEP 1      0.0                       0.0    0.0      0.0
  SINCE JUL 1      0.0                       0.0    0.0      0.0
  SNOW DEPTH       0

DEGREE DAYS
 HEATING
  YESTERDAY        0                         5     -5       11
  MONTH TO DATE   14                        42    -28       32
  SINCE SEP 1     14                        42    -28       32
  SINCE JUL 1     24                        81    -57       87

 COOLING
  YESTERDAY        2                         2      0        0
  MONTH TO DATE   31                        31      0       75
  SINCE SEP 1     31                        31      0       75
  SINCE JAN 1    614                       558     56      477
..................................................................


WIND (MPH)
  HIGHEST WIND SPEED    18   HIGHEST WIND DIRECTION     S (160)
  HIGHEST GUST SPEED    25   HIGHEST GUST DIRECTION     S (170)
  AVERAGE WIND SPEED     9.5


SKY COVER
  POSSIBLE SUNSHINE  MM
  AVERAGE SKY COVER 0.3


WEATHER CONDITIONS
 THE FOLLOWING WEATHER WAS RECORDED YESTERDAY.
  NO SIGNIFICANT WEATHER WAS OBSERVED.


RELATIVE HUMIDITY (PERCENT)
 HIGHEST    93           300 AM
 LOWEST     48           100 PM
 AVERAGE    71

..........................................................


THE EAU CLAIRE WI CLIMATE NORMALS FOR TODAY
                         NORMAL    RECORD    YEAR
 MAXIMUM TEMPERATURE (F)   73        95      1939
 MINIMUM TEMPERATURE (F)   50        29      1963


SUNRISE AND SUNSET
SEPTEMBER 13 2016.....SUNRISE   643 AM CDT   SUNSET   719 PM CDT
SEPTEMBER 14 2016.....SUNRISE   644 AM CDT   SUNSET   718 PM CDT


-  INDICATES NEGATIVE NUMBERS.
R  INDICATES RECORD WAS SET OR TIED.
MM INDICATES DATA IS MISSING.
T  INDICATES TRACE AMOUNT.




$$
