000
CDUS43 KMPX 100738
CLIEAU


CLIMATE REPORT
NATIONAL WEATHER SERVICE CHANHASSEN MN
237 AM CDT SAT JUN 10 2017


...................................

...THE EAU CLAIRE WI CLIMATE SUMMARY FOR JUNE 9 2017...

CLIMATE NORMAL PERIOD 1981 TO 2010
CLIMATE RECORD PERIOD 1893 TO 2017


WEATHER ITEM   OBSERVED TIME   RECORD YEAR NORMAL DEPARTURE LAST
                VALUE   (LST)  VALUE       VALUE  FROM      YEAR
                                                  NORMAL
..................................................................
TEMPERATURE (F)
 YESTERDAY
  MAXIMUM         83    426 PM  94    1911  77      6       81
  MINIMUM         53    426 AM  38    1937  53      0       53
  AVERAGE         68                        65      3       67

PRECIPITATION (IN)
  YESTERDAY        0.00          2.45 1927   0.14  -0.14     0.00
  MONTH TO DATE    0.49                      1.20  -0.71     0.89
  SINCE JUN 1      0.49                      1.20  -0.71     0.89
  SINCE JAN 1     14.99                     10.84   4.15    13.08

SNOWFALL (IN)
  YESTERDAY        0.0           0.0    MM   0.0    0.0      0.0
  MONTH TO DATE    0.0                       0.0    0.0      0.0
  SINCE JUN 1      0.0                       0.0    0.0      0.0
  SINCE JUL 1     54.5                      46.8    7.7     38.0
  SNOW DEPTH       0

DEGREE DAYS
 HEATING
  YESTERDAY        0                         3     -3        0
  MONTH TO DATE    7                        32    -25       29
  SINCE JUN 1      7                        32    -25       29
  SINCE JUL 1   6976                      7929   -953     6840

 COOLING
  YESTERDAY        3                         3      0        2
  MONTH TO DATE   32                        20     12        6
  SINCE JUN 1     32                        20     12        6
  SINCE JAN 1     40                        52    -12       46
..................................................................


WIND (MPH)
  HIGHEST WIND SPEED    13   HIGHEST WIND DIRECTION     S (160)
  HIGHEST GUST SPEED    17   HIGHEST GUST DIRECTION    SE (150)
  AVERAGE WIND SPEED     5.2


SKY COVER
  POSSIBLE SUNSHINE  MM
  AVERAGE SKY COVER 0.1


WEATHER CONDITIONS
 THE FOLLOWING WEATHER WAS RECORDED YESTERDAY.
  NO SIGNIFICANT WEATHER WAS OBSERVED.


RELATIVE HUMIDITY (PERCENT)
 HIGHEST    93           400 AM
 LOWEST     36           400 PM
 AVERAGE    65

..........................................................


THE EAU CLAIRE WI CLIMATE NORMALS FOR TODAY
                         NORMAL    RECORD    YEAR
 MAXIMUM TEMPERATURE (F)   77        95      1973
 MINIMUM TEMPERATURE (F)   54        33      1972


SUNRISE AND SUNSET
JUNE 10 2017..........SUNRISE   520 AM CDT   SUNSET   852 PM CDT
JUNE 11 2017..........SUNRISE   519 AM CDT   SUNSET   852 PM CDT


-  INDICATES NEGATIVE NUMBERS.
R  INDICATES RECORD WAS SET OR TIED.
MM INDICATES DATA IS MISSING.
T  INDICATES TRACE AMOUNT.




$$
