000
CDUS43 KMPX 030633
CLIEAU


CLIMATE REPORT
NATIONAL WEATHER SERVICE CHANHASSEN MN
132 AM CDT TUE OCT 3 2017


...................................

...THE EAU CLAIRE WI CLIMATE SUMMARY FOR OCTOBER 2 2017...

CLIMATE NORMAL PERIOD 1981 TO 2010
CLIMATE RECORD PERIOD 1893 TO 2017


WEATHER ITEM   OBSERVED TIME   RECORD YEAR NORMAL DEPARTURE LAST
                VALUE   (LST)  VALUE       VALUE  FROM      YEAR
                                                  NORMAL
..................................................................
TEMPERATURE (F)
 YESTERDAY
  MAXIMUM         73    831 PM  89    1953  64      9       73
  MINIMUM         52    423 AM  19    1974  42     10       43
  AVERAGE         63                        53     10       58

PRECIPITATION (IN)
  YESTERDAY        0.28          1.58 1900   0.10   0.18     0.00
  MONTH TO DATE    0.39                      0.20   0.19     0.00
  SINCE SEP 1      2.66                      3.88  -1.22     8.20
  SINCE JAN 1     30.78                     26.00   4.78    35.03

SNOWFALL (IN)
  YESTERDAY        0.0           T    1987   0.0    0.0      0.0
                                      1980
  MONTH TO DATE    0.0                       0.0    0.0      0.0
  SINCE SEP 1      0.0                       0.0    0.0      0.0
  SINCE JUL 1      0.0                       0.0    0.0      0.0
  SNOW DEPTH       0

DEGREE DAYS
 HEATING
  YESTERDAY        2                        13    -11        7
  MONTH TO DATE    6                        25    -19       11
  SINCE SEP 1    124                       219    -95       93
  SINCE JUL 1    167                       258    -91      103

 COOLING
  YESTERDAY        0                         1     -1        0
  MONTH TO DATE    0                         2     -2        0
  SINCE SEP 1     94                        50     44       39
  SINCE JAN 1    466                       577   -111      622
..................................................................


WIND (MPH)
  HIGHEST WIND SPEED    21   HIGHEST WIND DIRECTION     S (160)
  HIGHEST GUST SPEED    27   HIGHEST GUST DIRECTION     S (160)
  AVERAGE WIND SPEED     9.5


SKY COVER
  POSSIBLE SUNSHINE  MM
  AVERAGE SKY COVER 0.7


WEATHER CONDITIONS
 THE FOLLOWING WEATHER WAS RECORDED YESTERDAY.
  THUNDERSTORM
  RAIN
  LIGHT RAIN
  FOG


RELATIVE HUMIDITY (PERCENT)
 HIGHEST    96           400 AM
 LOWEST     66           200 AM
 AVERAGE    81

..........................................................


THE EAU CLAIRE WI CLIMATE NORMALS FOR TODAY
                         NORMAL    RECORD    YEAR
 MAXIMUM TEMPERATURE (F)   64        89      1997
 MINIMUM TEMPERATURE (F)   41        24      1987


SUNRISE AND SUNSET
OCTOBER  3 2017.......SUNRISE   707 AM CDT   SUNSET   642 PM CDT
OCTOBER  4 2017.......SUNRISE   708 AM CDT   SUNSET   640 PM CDT


-  INDICATES NEGATIVE NUMBERS.
R  INDICATES RECORD WAS SET OR TIED.
MM INDICATES DATA IS MISSING.
T  INDICATES TRACE AMOUNT.




$$
