668
CDUS43 KMPX 200755
CLIEAU


CLIMATE REPORT
NATIONAL WEATHER SERVICE CHANHASSEN MN
255 AM CDT SAT AUG 20 2016


...................................

...THE EAU CLAIRE WI CLIMATE SUMMARY FOR AUGUST 19 2016...

CLIMATE NORMAL PERIOD 1981 TO 2010
CLIMATE RECORD PERIOD 1893 TO 2016


WEATHER ITEM   OBSERVED TIME   RECORD YEAR NORMAL DEPARTURE LAST
                VALUE   (LST)  VALUE       VALUE  FROM      YEAR
                                                  NORMAL
..................................................................
TEMPERATURE (F)
 YESTERDAY
  MAXIMUM         80    350 PM  97    1916  80      0       67
                                      1900
  MINIMUM         65    626 AM  37    1967  58      7       56
  AVERAGE         73                        69      4       62

PRECIPITATION (IN)
  YESTERDAY        0.57          3.55 1907   0.15   0.42     0.35
  MONTH TO DATE    4.15                      2.85   1.30     6.85
  SINCE JUN 1     13.95                     10.86   3.09    17.77
  SINCE JAN 1     26.14                     20.50   5.64    27.22

SNOWFALL (IN)
  YESTERDAY        0.0           0.0    MM   0.0    0.0      0.0
  MONTH TO DATE    0.0                       0.0    0.0      0.0
  SINCE JUN 1      0.0                       0.0    0.0      0.0
  SINCE JUL 1      0.0                       0.0    0.0      0.0
  SNOW DEPTH       0

DEGREE DAYS
 HEATING
  YESTERDAY        0                         1     -1        3
  MONTH TO DATE    0                        14    -14        3
  SINCE JUN 1     36                        87    -51       47
  SINCE JUL 1      4                        25    -21       19

 COOLING
  YESTERDAY        8                         5      3        0
  MONTH TO DATE  158                       109     49      109
  SINCE JUN 1    505                       443     62      371
  SINCE JAN 1    545                       475     70      389
..................................................................


WIND (MPH)
  HIGHEST WIND SPEED    33   HIGHEST WIND DIRECTION     W (250)
  HIGHEST GUST SPEED    44   HIGHEST GUST DIRECTION     W (250)
  AVERAGE WIND SPEED     6.7


SKY COVER
  POSSIBLE SUNSHINE  MM
  AVERAGE SKY COVER 0.6


WEATHER CONDITIONS
 THE FOLLOWING WEATHER WAS RECORDED YESTERDAY.
  THUNDERSTORM
  HEAVY RAIN
  RAIN
  LIGHT RAIN
  FOG


RELATIVE HUMIDITY (PERCENT)
 HIGHEST    93          1200 AM
 LOWEST     64           200 PM
 AVERAGE    79

..........................................................


THE EAU CLAIRE WI CLIMATE NORMALS FOR TODAY
                         NORMAL    RECORD    YEAR
 MAXIMUM TEMPERATURE (F)   80        96      1906
 MINIMUM TEMPERATURE (F)   58        40      1950


SUNRISE AND SUNSET
AUGUST 20 2016........SUNRISE   615 AM CDT   SUNSET   803 PM CDT
AUGUST 21 2016........SUNRISE   616 AM CDT   SUNSET   801 PM CDT


-  INDICATES NEGATIVE NUMBERS.
R  INDICATES RECORD WAS SET OR TIED.
MM INDICATES DATA IS MISSING.
T  INDICATES TRACE AMOUNT.




$$
