000
CDUS43 KMPX 130741
CLIEAU


CLIMATE REPORT
NATIONAL WEATHER SERVICE CHANHASSEN MN
239 AM CDT THU APR 13 2017


...................................

...THE EAU CLAIRE WI CLIMATE SUMMARY FOR APRIL 12 2017...

CLIMATE NORMAL PERIOD 1981 TO 2010
CLIMATE RECORD PERIOD 1893 TO 2017


WEATHER ITEM   OBSERVED TIME   RECORD YEAR NORMAL DEPARTURE LAST
                VALUE   (LST)  VALUE       VALUE  FROM      YEAR
                                                  NORMAL
..................................................................
TEMPERATURE (F)
 YESTERDAY
  MAXIMUM         56    147 PM  82    1931  56      0       49
  MINIMUM         26    437 AM  15    1957  33     -7       19
                                      1939
  AVERAGE         41                        44     -3       34

PRECIPITATION (IN)
  YESTERDAY        0.06          1.05 1895   0.09  -0.03      T
  MONTH TO DATE    1.06                      0.98   0.08     0.56
  SINCE MAR 1      2.18                      2.71  -0.53     5.22
  SINCE JAN 1      6.26                      4.41   1.85     6.38

SNOWFALL (IN)
  YESTERDAY        0.0           7.0  1962   T      0.0      0.0
  MONTH TO DATE    0.8                       1.1   -0.3      1.8
  SINCE MAR 1      5.6                       9.7   -4.1     13.9
  SINCE JUL 1     54.5                      46.0    8.5     38.0
  SNOW DEPTH       0

DEGREE DAYS
 HEATING
  YESTERDAY       24                        21      3       31
  MONTH TO DATE  235                       282    -47      369
  SINCE MAR 1   1285                      1326    -41     1180
  SINCE JUL 1   6395                      7346   -951     6358

 COOLING
  YESTERDAY        0                         0      0        0
  MONTH TO DATE    0                         0      0        0
  SINCE MAR 1      0                         0      0        0
  SINCE JAN 1      0                         0      0        0
..................................................................


WIND (MPH)
  HIGHEST WIND SPEED    14   HIGHEST WIND DIRECTION    SE (140)
  HIGHEST GUST SPEED    17   HIGHEST GUST DIRECTION    SE (130)
  AVERAGE WIND SPEED     4.7


SKY COVER
  POSSIBLE SUNSHINE  MM
  AVERAGE SKY COVER 0.7


WEATHER CONDITIONS
 THE FOLLOWING WEATHER WAS RECORDED YESTERDAY.
  LIGHT RAIN
  FOG
  FOG W/VISIBILITY <= 1/4 MILE


RELATIVE HUMIDITY (PERCENT)
 HIGHEST   100          1200 AM
 LOWEST     50           100 PM
 AVERAGE    75

..........................................................


THE EAU CLAIRE WI CLIMATE NORMALS FOR TODAY
                         NORMAL    RECORD    YEAR
 MAXIMUM TEMPERATURE (F)   57        80      1956
                                             1931
 MINIMUM TEMPERATURE (F)   33        12      1962


SUNRISE AND SUNSET
APRIL 13 2017.........SUNRISE   624 AM CDT   SUNSET   749 PM CDT
APRIL 14 2017.........SUNRISE   623 AM CDT   SUNSET   750 PM CDT


-  INDICATES NEGATIVE NUMBERS.
R  INDICATES RECORD WAS SET OR TIED.
MM INDICATES DATA IS MISSING.
T  INDICATES TRACE AMOUNT.




$$
