000
CDUS43 KMPX 210645
CLIEAU


CLIMATE REPORT
NATIONAL WEATHER SERVICE CHANHASSEN MN
143 AM CDT MON JUL 21 2014


...................................

...THE EAU CLAIRE WI CLIMATE SUMMARY FOR JULY 20 2014...

CLIMATE NORMAL PERIOD 1981 TO 2010
CLIMATE RECORD PERIOD 1893 TO 2014


WEATHER ITEM   OBSERVED TIME   RECORD YEAR NORMAL DEPARTURE LAST
                VALUE   (LST)  VALUE       VALUE  FROM      YEAR
                                                  NORMAL
..................................................................
TEMPERATURE (F)
 YESTERDAY
  MAXIMUM         86    206 PM 102    1932  83      3       83
  MINIMUM         68    531 AM  44    1966  60      8       62
  AVERAGE         77                        72      5       73

PRECIPITATION (IN)
  YESTERDAY        0.00          1.55 1987   0.12  -0.12     0.00
  MONTH TO DATE    1.87                      2.48  -0.61     0.17
  SINCE JUN 1     11.71                      6.61   5.10     6.03
  SINCE JAN 1     25.81                     16.25   9.56    26.08

SNOWFALL (IN)
  YESTERDAY        0.0           0.0    MM   0.0    0.0      0.0
  MONTH TO DATE    0.0                       0.0    0.0      0.0
  SINCE JUN 1      0.0                       0.0    0.0      0.0
  SINCE JUL 1      0.0                       0.0    0.0      0.0
  SNOW DEPTH       0

DEGREE DAYS
 HEATING
  YESTERDAY        0                         0      0        0
  MONTH TO DATE   18                         2     16        0
  SINCE JUN 1     43                        64    -21       63
  SINCE JUL 1     18                         2     16        0

 COOLING
  YESTERDAY       12                         7      5        8
  MONTH TO DATE   79                       139    -60      218
  SINCE JUN 1    213                       259    -46      308
  SINCE JAN 1    248                       291    -43      340
..................................................................


WIND (MPH)
  HIGHEST WIND SPEED    21   HIGHEST WIND DIRECTION     S (190)
  HIGHEST GUST SPEED    26   HIGHEST GUST DIRECTION     S (190)
  AVERAGE WIND SPEED    11.5


SKY COVER
  POSSIBLE SUNSHINE  MM
  AVERAGE SKY COVER 0.6


WEATHER CONDITIONS
 THE FOLLOWING WEATHER WAS RECORDED YESTERDAY.
  NO SIGNIFICANT WEATHER WAS OBSERVED.


RELATIVE HUMIDITY (PERCENT)
 HIGHEST    73           100 AM
 LOWEST     51           200 PM
 AVERAGE    62

..........................................................


THE EAU CLAIRE WI CLIMATE NORMALS FOR TODAY
                         NORMAL    RECORD    YEAR
 MAXIMUM TEMPERATURE (F)   83       105      1934
 MINIMUM TEMPERATURE (F)   60        46      1992


SUNRISE AND SUNSET
JULY 21 2014..........SUNRISE   540 AM CDT   SUNSET   844 PM CDT
JULY 22 2014..........SUNRISE   541 AM CDT   SUNSET   843 PM CDT


-  INDICATES NEGATIVE NUMBERS.
R  INDICATES RECORD WAS SET OR TIED.
MM INDICATES DATA IS MISSING.
T  INDICATES TRACE AMOUNT.




$$
