000
CDUS43 KMPX 200750
CLIEAU


CLIMATE REPORT
NATIONAL WEATHER SERVICE CHANHASSEN MN
249 AM CDT FRI OCT 20 2017


...................................

...THE EAU CLAIRE WI CLIMATE SUMMARY FOR OCTOBER 19 2017...

CLIMATE NORMAL PERIOD 1981 TO 2010
CLIMATE RECORD PERIOD 1893 TO 2017


WEATHER ITEM   OBSERVED TIME   RECORD YEAR NORMAL DEPARTURE LAST
                VALUE   (LST)  VALUE       VALUE  FROM      YEAR
                                                  NORMAL
..................................................................
TEMPERATURE (F)
 YESTERDAY
  MAXIMUM         71    328 PM  81    2000  57     14       60
  MINIMUM         35    635 AM  14    1972  36     -1       41
  AVERAGE         53                        46      7       51

PRECIPITATION (IN)
  YESTERDAY        0.00          0.93 1982   0.08  -0.08     0.00
  MONTH TO DATE    2.62                      1.60   1.02     1.77
  SINCE SEP 1      4.89                      5.28  -0.39     9.97
  SINCE JAN 1     33.01                     27.40   5.61    36.80

SNOWFALL (IN)
  YESTERDAY        0.0           3.0  1990   0.0    0.0      0.0
  MONTH TO DATE    0.0                       0.1   -0.1      0.0
  SINCE SEP 1      0.0                       0.1   -0.1      0.0
  SINCE JUL 1      0.0                       0.1   -0.1      0.0
  SNOW DEPTH       0

DEGREE DAYS
 HEATING
  YESTERDAY       12                        19     -7       14
  MONTH TO DATE  215                       295    -80      195
  SINCE SEP 1    333                       489   -156      277
  SINCE JUL 1    376                       528   -152      287

 COOLING
  YESTERDAY        0                         0      0        0
  MONTH TO DATE    0                         4     -4        2
  SINCE SEP 1     94                        52     42       41
  SINCE JAN 1    466                       579   -113      624
..................................................................


WIND (MPH)
  HIGHEST WIND SPEED    15   HIGHEST WIND DIRECTION     S (180)
  HIGHEST GUST SPEED    18   HIGHEST GUST DIRECTION     S (170)
  AVERAGE WIND SPEED     5.4


SKY COVER
  POSSIBLE SUNSHINE  MM
  AVERAGE SKY COVER 0.0


WEATHER CONDITIONS
 THE FOLLOWING WEATHER WAS RECORDED YESTERDAY.
  NO SIGNIFICANT WEATHER WAS OBSERVED.


RELATIVE HUMIDITY (PERCENT)
 HIGHEST    89           800 AM
 LOWEST     22           100 PM
 AVERAGE    56

..........................................................


THE EAU CLAIRE WI CLIMATE NORMALS FOR TODAY
                         NORMAL    RECORD    YEAR
 MAXIMUM TEMPERATURE (F)   56        83      1953
 MINIMUM TEMPERATURE (F)   36        11      1952


SUNRISE AND SUNSET
OCTOBER 20 2017.......SUNRISE   728 AM CDT   SUNSET   612 PM CDT
OCTOBER 21 2017.......SUNRISE   730 AM CDT   SUNSET   611 PM CDT


-  INDICATES NEGATIVE NUMBERS.
R  INDICATES RECORD WAS SET OR TIED.
MM INDICATES DATA IS MISSING.
T  INDICATES TRACE AMOUNT.




$$
