778
CDUS43 KMPX 232241
CLIEAU


CLIMATE REPORT
NATIONAL WEATHER SERVICE CHANHASSEN MN
441 PM CST MON JAN 23 2017


...................................

...THE EAU CLAIRE WI CLIMATE SUMMARY FOR JANUARY 23 2017...
VALID AS OF 0400 PM LOCAL TIME.

CLIMATE NORMAL PERIOD 1981 TO 2010
CLIMATE RECORD PERIOD 1893 TO 2017


WEATHER ITEM   OBSERVED TIME   RECORD YEAR NORMAL DEPARTURE LAST
                VALUE   (LST)  VALUE       VALUE  FROM      YEAR
                                                  NORMAL
..................................................................
TEMPERATURE (F)
 TODAY
  MAXIMUM         35    214 PM  50    1942  24     11       25
  MINIMUM         33   1031 AM -32    1935   5     28        3
                                      1963
  AVERAGE         34                        14     20       14

PRECIPITATION (IN)
  TODAY            0.02          0.86 1969   0.03  -0.01     0.00
  MONTH TO DATE    1.96                      0.66   1.30     0.36
  SINCE DEC 1      4.06                      1.66   2.40     4.20
  SINCE JAN 1      1.96                      0.66   1.30     0.36

SNOWFALL (IN)
  TODAY            0.0           7.5  1990   0.5   -0.5      0.0
  MONTH TO DATE   11.4                       9.8    1.6      4.2
  SINCE DEC 1     30.6                      19.3   11.3     13.6
  SINCE JUL 1     32.3                      25.6    6.7     15.0
  SNOW DEPTH       3

DEGREE DAYS
 HEATING
  TODAY           31                        51    -20       51
  MONTH TO DATE 1128                      1168    -40     1207
  SINCE DEC 1   2539                      2598    -59     2261
  SINCE JUL 1   3748                      4344   -596     3623

 COOLING
  TODAY            0                         0      0        0
  MONTH TO DATE    0                         0      0        0
  SINCE DEC 1      0                         0      0        0
  SINCE JAN 1      0                         0      0        0
..................................................................


WIND (MPH)
  HIGHEST WIND SPEED    10   HIGHEST WIND DIRECTION     W (250)
  HIGHEST GUST SPEED    12   HIGHEST GUST DIRECTION     W (260)
  AVERAGE WIND SPEED     4.8


SKY COVER
  POSSIBLE SUNSHINE  MM
  AVERAGE SKY COVER 1.0


WEATHER CONDITIONS
 THE FOLLOWING WEATHER WAS RECORDED TODAY.
  LIGHT RAIN
  LIGHT SNOW
  FOG
  FOG W/VISIBILITY <= 1/4 MILE


RELATIVE HUMIDITY (PERCENT)
 HIGHEST   100          1200 AM
 LOWEST     92           100 PM
 AVERAGE    96

..........................................................


THE EAU CLAIRE WI CLIMATE NORMALS FOR TOMORROW
                         NORMAL    RECORD    YEAR
 MAXIMUM TEMPERATURE (F)   24        53      1992
 MINIMUM TEMPERATURE (F)    5       -34      1935


SUNRISE AND SUNSET
JANUARY 23 2017.......SUNRISE   734 AM CST   SUNSET   502 PM CST
JANUARY 24 2017.......SUNRISE   733 AM CST   SUNSET   503 PM CST


-  INDICATES NEGATIVE NUMBERS.
R  INDICATES RECORD WAS SET OR TIED.
MM INDICATES DATA IS MISSING.
T  INDICATES TRACE AMOUNT.




$$
