000
CDUS43 KMPX 150641
CLIEAU


CLIMATE REPORT
NATIONAL WEATHER SERVICE CHANHASSEN MN
1241 AM CST FRI DEC 15 2017


...................................

...THE EAU CLAIRE WI CLIMATE SUMMARY FOR DECEMBER 14 2017...

CLIMATE NORMAL PERIOD 1981 TO 2010
CLIMATE RECORD PERIOD 1893 TO 2017


WEATHER ITEM   OBSERVED TIME   RECORD YEAR NORMAL DEPARTURE LAST
                VALUE   (LST)  VALUE       VALUE  FROM      YEAR
                                                  NORMAL
..................................................................
TEMPERATURE (F)
 YESTERDAY
  MAXIMUM         23    308 PM  55    1998  27     -4        9
  MINIMUM          2    403 AM -26    1901  11     -9       -3
  AVERAGE         13                        19     -6        3

PRECIPITATION (IN)
  YESTERDAY        0.01          1.85 2015   0.03  -0.02      T
  MONTH TO DATE    0.66                      0.52   0.14     0.77
  SINCE DEC 1      0.66                      0.52   0.14     0.77
  SINCE JAN 1     35.08                     30.50   4.58    39.69

SNOWFALL (IN)
  YESTERDAY        0.3           5.5  1920   0.3    0.0       T
  MONTH TO DATE    4.1                       4.3   -0.2      9.9
  SINCE DEC 1      4.1                       4.3   -0.2      9.9
  SINCE JUL 1      7.4                      10.6   -3.2     11.6
  SNOW DEPTH       2

DEGREE DAYS
 HEATING
  YESTERDAY       52                        46      6       62
  MONTH TO DATE  576                       610    -34      630
  SINCE DEC 1    576                       610    -34      630
  SINCE JUL 1   2217                      2356   -139     1839

 COOLING
  YESTERDAY        0                         0      0        0
  MONTH TO DATE    0                         0      0        0
  SINCE DEC 1      0                         0      0        0
  SINCE JAN 1    466                       579   -113      624
..................................................................


WIND (MPH)
  HIGHEST WIND SPEED    16   HIGHEST WIND DIRECTION     W (250)
  HIGHEST GUST SPEED    22   HIGHEST GUST DIRECTION    SW (240)
  AVERAGE WIND SPEED     6.8


SKY COVER
  POSSIBLE SUNSHINE  MM
  AVERAGE SKY COVER 0.8


WEATHER CONDITIONS
 THE FOLLOWING WEATHER WAS RECORDED YESTERDAY.
  LIGHT SNOW
  FOG
  HAZE


RELATIVE HUMIDITY (PERCENT)
 HIGHEST    96           900 AM
 LOWEST     65           200 PM
 AVERAGE    81

..........................................................


THE EAU CLAIRE WI CLIMATE NORMALS FOR TODAY
                         NORMAL    RECORD    YEAR
 MAXIMUM TEMPERATURE (F)   27        54      1894
 MINIMUM TEMPERATURE (F)   10       -29      1961


SUNRISE AND SUNSET
DECEMBER 15 2017......SUNRISE   737 AM CST   SUNSET   425 PM CST
DECEMBER 16 2017......SUNRISE   738 AM CST   SUNSET   426 PM CST


-  INDICATES NEGATIVE NUMBERS.
R  INDICATES RECORD WAS SET OR TIED.
MM INDICATES DATA IS MISSING.
T  INDICATES TRACE AMOUNT.




$$
