000
CDUS43 KMPX 220712
CLIEAU


CLIMATE REPORT
NATIONAL WEATHER SERVICE CHANHASSEN MN
212 AM CDT TUE AUG 22 2017


...................................

...THE EAU CLAIRE WI CLIMATE SUMMARY FOR AUGUST 21 2017...

CLIMATE NORMAL PERIOD 1981 TO 2010
CLIMATE RECORD PERIOD 1893 TO 2017


WEATHER ITEM   OBSERVED TIME   RECORD YEAR NORMAL DEPARTURE LAST
                VALUE   (LST)  VALUE       VALUE  FROM      YEAR
                                                  NORMAL
..................................................................
TEMPERATURE (F)
 YESTERDAY
  MAXIMUM         78    158 PM  99    1947  80     -2       73
  MINIMUM         65   1151 PM  38    2004  58      7       53
  AVERAGE         72                        69      3       63

PRECIPITATION (IN)
  YESTERDAY        0.01          3.00 2002   0.14  -0.13     0.00
  MONTH TO DATE    3.44                      3.14   0.30     4.52
  SINCE JUN 1     12.94                     11.15   1.79    14.32
  SINCE JAN 1     27.44                     20.79   6.65    26.51

SNOWFALL (IN)
  YESTERDAY        0.0           0.0    MM   0.0    0.0      0.0
  MONTH TO DATE    0.0                       0.0    0.0      0.0
  SINCE JUN 1      0.0                       0.0    0.0      0.0
  SINCE JUL 1      0.0                       0.0    0.0      0.0
  SNOW DEPTH       0

DEGREE DAYS
 HEATING
  YESTERDAY        0                         1     -1        2
  MONTH TO DATE   15                        16     -1        3
  SINCE JUN 1     54                        89    -35       39
  SINCE JUL 1     17                        27    -10        7

 COOLING
  YESTERDAY        7                         5      2        0
  MONTH TO DATE   51                       119    -68      158
  SINCE JUN 1    355                       453    -98      505
  SINCE JAN 1    363                       485   -122      545
..................................................................


WIND (MPH)
  HIGHEST WIND SPEED    20   HIGHEST WIND DIRECTION     S (180)
  HIGHEST GUST SPEED    27   HIGHEST GUST DIRECTION     S (170)
  AVERAGE WIND SPEED     6.1


SKY COVER
  POSSIBLE SUNSHINE  MM
  AVERAGE SKY COVER 0.5


WEATHER CONDITIONS
 THE FOLLOWING WEATHER WAS RECORDED YESTERDAY.
  THUNDERSTORM
  LIGHT RAIN


RELATIVE HUMIDITY (PERCENT)
 HIGHEST    93          1200 AM
 LOWEST     67           200 PM
 AVERAGE    80

..........................................................


THE EAU CLAIRE WI CLIMATE NORMALS FOR TODAY
                         NORMAL    RECORD    YEAR
 MAXIMUM TEMPERATURE (F)   80        97      1948
                                             1947
 MINIMUM TEMPERATURE (F)   58        37      1950


SUNRISE AND SUNSET
AUGUST 22 2017........SUNRISE   617 AM CDT   SUNSET   800 PM CDT
AUGUST 23 2017........SUNRISE   618 AM CDT   SUNSET   758 PM CDT


-  INDICATES NEGATIVE NUMBERS.
R  INDICATES RECORD WAS SET OR TIED.
MM INDICATES DATA IS MISSING.
T  INDICATES TRACE AMOUNT.




$$
