000
CDUS43 KMPX 230056
CLIEAU


CLIMATE REPORT
NATIONAL WEATHER SERVICE CHANHASSEN MN
756 PM CDT WED OCT 22 2014


...................................

...THE EAU CLAIRE WI CLIMATE SUMMARY FOR OCTOBER 22 2014...
VALID TODAY AS OF 0700 PM LOCAL TIME.

CLIMATE NORMAL PERIOD 1981 TO 2010
CLIMATE RECORD PERIOD 1893 TO 2014


WEATHER ITEM   OBSERVED TIME   RECORD YEAR NORMAL DEPARTURE LAST
                VALUE   (LST)  VALUE       VALUE  FROM      YEAR
                                                  NORMAL
..................................................................
TEMPERATURE (F)
 TODAY
  MAXIMUM         60    339 PM  82    1899  55      5       39
  MINIMUM         35    652 AM  15    1930  35      0       25
                                      1896
  AVERAGE         48                        45      3       32

PRECIPITATION (IN)
  TODAY            0.00          1.75 1979   0.06  -0.06     0.00
  MONTH TO DATE    2.07                      1.80   0.27     3.35
  SINCE SEP 1      7.53                      5.48   2.05     5.12
  SINCE JAN 1     40.20                     27.60  12.60    32.76

SNOWFALL (IN)
  TODAY            0.0           4.0  1917   0.0    0.0      0.0
  MONTH TO DATE    0.6                       0.1    0.5       T
  SINCE SEP 1      0.6                       0.1    0.5       T
  SINCE JUL 1      0.6                       0.1    0.5       T
  SNOW DEPTH       0

DEGREE DAYS
 HEATING
  TODAY           17                        20     -3       33
  MONTH TO DATE  396                       354     42      326
  SINCE SEP 1    583                       548     35      455
  SINCE JUL 1    606                       587     19      493

 COOLING
  TODAY            0                         0      0        0
  MONTH TO DATE    0                         0      0        0
  SINCE SEP 1     22                        48    -26       87
  SINCE JAN 1    500                       575    -75      653
..................................................................


WIND (MPH)
  HIGHEST WIND SPEED    20   HIGHEST WIND DIRECTION     S (160)
  HIGHEST GUST SPEED    24   HIGHEST GUST DIRECTION     S (160)
  AVERAGE WIND SPEED    10.2


SKY COVER
  POSSIBLE SUNSHINE  MM
  AVERAGE SKY COVER 0.1


WEATHER CONDITIONS
 THE FOLLOWING WEATHER WAS RECORDED TODAY.
  NO SIGNIFICANT WEATHER WAS OBSERVED.


RELATIVE HUMIDITY (PERCENT)
 HIGHEST    92           700 AM
 LOWEST     36           400 PM
 AVERAGE    64

..........................................................


THE EAU CLAIRE WI CLIMATE NORMALS FOR TOMORROW
                         NORMAL    RECORD    YEAR
 MAXIMUM TEMPERATURE (F)   55        84      1899
 MINIMUM TEMPERATURE (F)   35        14      1936


SUNRISE AND SUNSET
OCTOBER 22 2014.......SUNRISE   731 AM CDT   SUNSET   609 PM CDT
OCTOBER 23 2014.......SUNRISE   732 AM CDT   SUNSET   608 PM CDT


-  INDICATES NEGATIVE NUMBERS.
R  INDICATES RECORD WAS SET OR TIED.
MM INDICATES DATA IS MISSING.
T  INDICATES TRACE AMOUNT.




$$
