000
CDUS43 KMPX 290100
CLIEAU


CLIMATE REPORT
NATIONAL WEATHER SERVICE CHANHASSEN MN
800 PM CDT THU APR 28 2016


...................................

...THE EAU CLAIRE WI CLIMATE SUMMARY FOR APRIL 28 2016...
VALID TODAY AS OF 0800 PM LOCAL TIME.

CLIMATE NORMAL PERIOD 1981 TO 2010
CLIMATE RECORD PERIOD 1893 TO 2016


WEATHER ITEM   OBSERVED TIME   RECORD YEAR NORMAL DEPARTURE LAST
                VALUE   (LST)  VALUE       VALUE  FROM      YEAR
                                                  NORMAL
..................................................................
TEMPERATURE (F)
 TODAY
  MAXIMUM         43    400 PM  87    1952  64    -21       71
  MINIMUM         36    853 AM  22    1965  39     -3       33
  AVERAGE         40                        52    -12       52

PRECIPITATION (IN)
  TODAY            0.74R         0.62 1914   0.11   0.63     0.00
  MONTH TO DATE    2.28                      2.53  -0.25     2.76
  SINCE MAR 1      6.94                      4.26   2.68     3.47
  SINCE JAN 1      8.10                      5.96   2.14     4.06

SNOWFALL (IN)
  TODAY            T             3.3  2008   0.1   -0.1      0.0
  MONTH TO DATE    1.8                       1.9   -0.1      1.4
  SINCE MAR 1     13.9                      10.5    3.4      7.3
  SINCE JUL 1     38.0                      46.8   -8.8     38.1
  SNOW DEPTH       0

DEGREE DAYS
 HEATING
  TODAY           25                        14     11       13
  MONTH TO DATE  545                       550     -5      498
  SINCE MAR 1   1356                      1594   -238     1488
  SINCE JUL 1   6534                      7614  -1080     7841

 COOLING
  TODAY            0                         0      0        0
  MONTH TO DATE    4                         0      4        0
  SINCE MAR 1      4                         0      4        0
  SINCE JAN 1      4                         0      4        0
..................................................................


WIND (MPH)
  HIGHEST WIND SPEED    23   HIGHEST WIND DIRECTION     E (70)
  HIGHEST GUST SPEED    31   HIGHEST GUST DIRECTION     E (70)
  AVERAGE WIND SPEED     9.8


SKY COVER
  POSSIBLE SUNSHINE  MM
  AVERAGE SKY COVER 0.7


WEATHER CONDITIONS
 THE FOLLOWING WEATHER WAS RECORDED TODAY.
  HEAVY RAIN
  RAIN
  LIGHT RAIN
  FOG


RELATIVE HUMIDITY (PERCENT)
 HIGHEST    89           800 AM
 LOWEST     38           500 AM
 AVERAGE    64

..........................................................


THE EAU CLAIRE WI CLIMATE NORMALS FOR TOMORROW
                         NORMAL    RECORD    YEAR
 MAXIMUM TEMPERATURE (F)   65        90      1970
 MINIMUM TEMPERATURE (F)   40        17      1956


SUNRISE AND SUNSET
APRIL 28 2016.........SUNRISE   559 AM CDT   SUNSET   808 PM CDT
APRIL 29 2016.........SUNRISE   558 AM CDT   SUNSET   809 PM CDT


-  INDICATES NEGATIVE NUMBERS.
R  INDICATES RECORD WAS SET OR TIED.
MM INDICATES DATA IS MISSING.
T  INDICATES TRACE AMOUNT.




$$
