000
CDUS43 KMPX 190730
CLIEAU


CLIMATE REPORT
NATIONAL WEATHER SERVICE CHANHASSEN MN
229 AM CDT TUE AUG 19 2014


...................................

...THE EAU CLAIRE WI CLIMATE SUMMARY FOR AUGUST 18 2014...

CLIMATE NORMAL PERIOD 1981 TO 2010
CLIMATE RECORD PERIOD 1893 TO 2014


WEATHER ITEM   OBSERVED TIME   RECORD YEAR NORMAL DEPARTURE LAST
                VALUE   (LST)  VALUE       VALUE  FROM      YEAR
                                                  NORMAL
..................................................................
TEMPERATURE (F)
 YESTERDAY
  MAXIMUM         82    134 PM  96    1947  80      2       84
                                      1976
  MINIMUM         65    515 AM  41    1963  58      7       51
  AVERAGE         74                        69      5       68

PRECIPITATION (IN)
  YESTERDAY        0.57          2.40 1990   0.15   0.42     0.00
  MONTH TO DATE    3.64                      2.70   0.94     0.39
  SINCE JUN 1     15.92                     10.71   5.21     6.89
  SINCE JAN 1     30.02                     20.35   9.67    26.94

SNOWFALL (IN)
  YESTERDAY        0.0           0.0    MM   0.0    0.0      0.0
  MONTH TO DATE    0.0                       0.0    0.0      0.0
  SINCE JUN 1      0.0                       0.0    0.0      0.0
  SINCE JUL 1      0.0                       0.0    0.0      0.0
  SNOW DEPTH       0

DEGREE DAYS
 HEATING
  YESTERDAY        0                         1     -1        0
  MONTH TO DATE    3                        13    -10       12
  SINCE JUN 1     46                        86    -40      101
  SINCE JUL 1     21                        24     -3       38

 COOLING
  YESTERDAY        9                         5      4        3
  MONTH TO DATE   95                       104     -9       30
  SINCE JUN 1    367                       438    -71      362
  SINCE JAN 1    402                       470    -68      394
..................................................................


WIND (MPH)
  HIGHEST WIND SPEED    21   HIGHEST WIND DIRECTION    SW (230)
  HIGHEST GUST SPEED    25   HIGHEST GUST DIRECTION    SW (220)
  AVERAGE WIND SPEED     5.8


SKY COVER
  POSSIBLE SUNSHINE  MM
  AVERAGE SKY COVER 0.7


WEATHER CONDITIONS
 THE FOLLOWING WEATHER WAS RECORDED YESTERDAY.
  THUNDERSTORM
  HEAVY RAIN
  LIGHT RAIN
  FOG


RELATIVE HUMIDITY (PERCENT)
 HIGHEST   100           500 AM
 LOWEST     69           500 PM
 AVERAGE    85

..........................................................


THE EAU CLAIRE WI CLIMATE NORMALS FOR TODAY
                         NORMAL    RECORD    YEAR
 MAXIMUM TEMPERATURE (F)   80        97      1916
                                             1900
 MINIMUM TEMPERATURE (F)   58        37      1967


SUNRISE AND SUNSET
AUGUST 19 2014........SUNRISE   613 AM CDT   SUNSET   805 PM CDT
AUGUST 20 2014........SUNRISE   614 AM CDT   SUNSET   804 PM CDT


-  INDICATES NEGATIVE NUMBERS.
R  INDICATES RECORD WAS SET OR TIED.
MM INDICATES DATA IS MISSING.
T  INDICATES TRACE AMOUNT.




$$
