000
CDUS43 KMPX 060314
CLIEAU


CLIMATE REPORT
NATIONAL WEATHER SERVICE CHANHASSEN MN
914 PM CST MON DEC 5 2016


...................................

...THE EAU CLAIRE WI CLIMATE SUMMARY FOR DECEMBER 5 2016...
VALID TODAY AS OF 0900 PM LOCAL TIME.

CLIMATE NORMAL PERIOD 1981 TO 2010
CLIMATE RECORD PERIOD 1893 TO 2016


WEATHER ITEM   OBSERVED TIME   RECORD YEAR NORMAL DEPARTURE LAST
                VALUE   (LST)  VALUE       VALUE  FROM      YEAR
                                                  NORMAL
..................................................................
TEMPERATURE (F)
 TODAY
  MAXIMUM         36        MM  64    2001  31      5       50
  MINIMUM         25        MM -14    1955  14     11       26
  AVERAGE         31                        22      9       38

PRECIPITATION (IN)
  TODAY            0.00          0.76 1948   0.04  -0.04     0.00
  MONTH TO DATE    0.26                      0.21   0.05     0.16
  SINCE DEC 1      0.26                      0.21   0.05     0.16
  SINCE JAN 1     39.18                     30.19   8.99    38.75

SNOWFALL (IN)
  TODAY            0.0           6.0  1925   0.3   -0.3      0.0
  MONTH TO DATE    2.6                       1.5    1.1      0.4
  SINCE DEC 1      2.6                       1.5    1.1      0.4
  SINCE JUL 1      4.3                       7.8   -3.5      1.8
  SNOW DEPTH       1

DEGREE DAYS
 HEATING
  TODAY           34                        43     -9       27
  MONTH TO DATE  165                       209    -44      163
  SINCE DEC 1    165                       209    -44      163
  SINCE JUL 1   1374                      1955   -581     1525

 COOLING
  TODAY            0                         0      0        0
  MONTH TO DATE    0                         0      0        0
  SINCE DEC 1      0                         0      0        0
  SINCE JAN 1    624                       579     45      520
..................................................................


WIND (MPH)
  HIGHEST WIND SPEED    17   HIGHEST WIND DIRECTION    SE (140)
  HIGHEST GUST SPEED    23   HIGHEST GUST DIRECTION     S (170)
  AVERAGE WIND SPEED     8.4


SKY COVER
  POSSIBLE SUNSHINE  MM
  AVERAGE SKY COVER 0.6


WEATHER CONDITIONS
 THE FOLLOWING WEATHER WAS RECORDED TODAY.
  FOG
  FOG W/VISIBILITY <= 1/4 MILE


RELATIVE HUMIDITY (PERCENT)
 HIGHEST   100           300 AM
 LOWEST     82          1200 AM
 AVERAGE    91

..........................................................


THE EAU CLAIRE WI CLIMATE NORMALS FOR TOMORROW
                         NORMAL    RECORD    YEAR
 MAXIMUM TEMPERATURE (F)   30        56      1939
 MINIMUM TEMPERATURE (F)   14       -22      1972


SUNRISE AND SUNSET
DECEMBER  5 2016......SUNRISE   728 AM CST   SUNSET   425 PM CST
DECEMBER  6 2016......SUNRISE   729 AM CST   SUNSET   425 PM CST


-  INDICATES NEGATIVE NUMBERS.
R  INDICATES RECORD WAS SET OR TIED.
MM INDICATES DATA IS MISSING.
T  INDICATES TRACE AMOUNT.




$$
