000
CDUS43 KMPX 220024
CLIEAU


CLIMATE REPORT
NATIONAL WEATHER SERVICE CHANHASSEN MN
724 PM CDT FRI APR 21 2017


...................................

...THE EAU CLAIRE WI CLIMATE SUMMARY FOR APRIL 21 2017...
VALID TODAY AS OF 0700 PM LOCAL TIME.

CLIMATE NORMAL PERIOD 1981 TO 2010
CLIMATE RECORD PERIOD 1893 TO 2017


WEATHER ITEM   OBSERVED TIME   RECORD YEAR NORMAL DEPARTURE LAST
                VALUE   (LST)  VALUE       VALUE  FROM      YEAR
                                                  NORMAL
..................................................................
TEMPERATURE (F)
 TODAY
  MAXIMUM         62    520 PM  90    1980  61      1       68
  MINIMUM         31    408 AM  20    1978  37     -6       46
  AVERAGE         47                        49     -2       57

PRECIPITATION (IN)
  TODAY            0.00          1.04 1912   0.10  -0.10     0.01
  MONTH TO DATE    3.55                      1.81   1.74     0.83
  SINCE MAR 1      4.67                      3.54   1.13     5.49
  SINCE JAN 1      8.75                      5.24   3.51     6.65

SNOWFALL (IN)
  TODAY            0.0           1.8  1995   T      0.0      0.0
  MONTH TO DATE    0.8                       1.6   -0.8      1.8
  SINCE MAR 1      5.6                      10.2   -4.6     13.9
  SINCE JUL 1     54.5                      46.5    8.0     38.0
  SNOW DEPTH       0

DEGREE DAYS
 HEATING
  TODAY           18                        16      2        8
  MONTH TO DATE  363                       446    -83      425
  SINCE MAR 1   1413                      1490    -77     1236
  SINCE JUL 1   6523                      7510   -987     6414

 COOLING
  TODAY            0                         0      0        0
  MONTH TO DATE    0                         0      0        4
  SINCE MAR 1      0                         0      0        4
  SINCE JAN 1      0                         0      0        4
..................................................................


WIND (MPH)
  HIGHEST WIND SPEED    13   HIGHEST WIND DIRECTION    NW (310)
  HIGHEST GUST SPEED    18   HIGHEST GUST DIRECTION     N (350)
  AVERAGE WIND SPEED     7.0


SKY COVER
  POSSIBLE SUNSHINE  MM
  AVERAGE SKY COVER 0.0


WEATHER CONDITIONS
 THE FOLLOWING WEATHER WAS RECORDED TODAY.
  NO SIGNIFICANT WEATHER WAS OBSERVED.


RELATIVE HUMIDITY (PERCENT)
 HIGHEST    96           500 AM
 LOWEST     25           300 PM
 AVERAGE    61

..........................................................


THE EAU CLAIRE WI CLIMATE NORMALS FOR TOMORROW
                         NORMAL    RECORD    YEAR
 MAXIMUM TEMPERATURE (F)   61        90      1980
 MINIMUM TEMPERATURE (F)   37        19      1986


SUNRISE AND SUNSET
APRIL 21 2017.........SUNRISE   611 AM CDT   SUNSET   759 PM CDT
APRIL 22 2017.........SUNRISE   609 AM CDT   SUNSET   800 PM CDT


-  INDICATES NEGATIVE NUMBERS.
R  INDICATES RECORD WAS SET OR TIED.
MM INDICATES DATA IS MISSING.
T  INDICATES TRACE AMOUNT.




$$
