000
CDUS43 KMPX 170824
CLIEAU


CLIMATE REPORT
NATIONAL WEATHER SERVICE CHANHASSEN MN
224 AM CST WED JAN 17 2018


...................................

...THE EAU CLAIRE WI CLIMATE SUMMARY FOR JANUARY 16 2018...

CLIMATE NORMAL PERIOD 1981 TO 2010
CLIMATE RECORD PERIOD 1893 TO 2018


WEATHER ITEM   OBSERVED TIME   RECORD YEAR NORMAL DEPARTURE LAST
                VALUE   (LST)  VALUE       VALUE  FROM      YEAR
                                                  NORMAL
..................................................................
TEMPERATURE (F)
 YESTERDAY
  MAXIMUM         12   1252 PM  47    1973  23    -11       32
  MINIMUM         -3   1159 PM -27    1977   5     -8        3
  AVERAGE          5                        14     -9       18

PRECIPITATION (IN)
  YESTERDAY        T             0.73 1915   0.03  -0.03     0.53
  MONTH TO DATE    0.61                      0.45   0.16     1.34
  SINCE DEC 1      1.52                      1.45   0.07     3.44
  SINCE JAN 1      0.61                      0.45   0.16     1.34

SNOWFALL (IN)
  YESTERDAY        T             5.3  1915   0.5   -0.5      0.0
  MONTH TO DATE    6.1                       6.5   -0.4     11.0
  SINCE DEC 1     13.4                      16.0   -2.6     30.2
  SINCE JUL 1     16.7                      22.3   -5.6     31.9
  SNOW DEPTH       5

DEGREE DAYS
 HEATING
  YESTERDAY       60                        51      9       47
  MONTH TO DATE  940                       811    129      910
  SINCE DEC 1   2448                      2241    207     2321
  SINCE JUL 1   4089                      3987    102     3530

 COOLING
  YESTERDAY        0                         0      0        0
  MONTH TO DATE    0                         0      0        0
  SINCE DEC 1      0                         0      0        0
  SINCE JAN 1      0                         0      0        0
..................................................................


WIND (MPH)
  HIGHEST WIND SPEED    15   HIGHEST WIND DIRECTION     W (250)
  HIGHEST GUST SPEED    18   HIGHEST GUST DIRECTION     W (260)
  AVERAGE WIND SPEED     6.4


SKY COVER
  POSSIBLE SUNSHINE  MM
  AVERAGE SKY COVER 0.2


WEATHER CONDITIONS
 THE FOLLOWING WEATHER WAS RECORDED YESTERDAY.
  LIGHT SNOW
  FOG


RELATIVE HUMIDITY (PERCENT)
 HIGHEST    95           400 AM
 LOWEST     76          1200 AM
 AVERAGE    86

..........................................................


THE EAU CLAIRE WI CLIMATE NORMALS FOR TODAY
                         NORMAL    RECORD    YEAR
 MAXIMUM TEMPERATURE (F)   23        44      1947
 MINIMUM TEMPERATURE (F)    5       -32      1982


SUNRISE AND SUNSET
JANUARY 17 2018.......SUNRISE   739 AM CST   SUNSET   454 PM CST
JANUARY 18 2018.......SUNRISE   738 AM CST   SUNSET   455 PM CST


-  INDICATES NEGATIVE NUMBERS.
R  INDICATES RECORD WAS SET OR TIED.
MM INDICATES DATA IS MISSING.
T  INDICATES TRACE AMOUNT.




$$
