000
CDUS43 KMPX 282130
CLIEAU


CLIMATE REPORT
NATIONAL WEATHER SERVICE CHANHASSEN MN
430 PM CDT MON JUL 28 2014


...................................

...THE EAU CLAIRE WI CLIMATE SUMMARY FOR JULY 28 2014...
VALID AS OF 0400 PM LOCAL TIME.

CLIMATE NORMAL PERIOD 1981 TO 2010
CLIMATE RECORD PERIOD 1893 TO 2014


WEATHER ITEM   OBSERVED TIME   RECORD YEAR NORMAL DEPARTURE LAST
                VALUE   (LST)  VALUE       VALUE  FROM      YEAR
                                                  NORMAL
..................................................................
TEMPERATURE (F)
 TODAY
  MAXIMUM         77    120 PM 101    1931  83     -6       69
  MINIMUM         56    515 AM  47    1928  60     -4       49
  AVERAGE         67                        71     -4       59

PRECIPITATION (IN)
  TODAY            0.00          1.75 1903   0.13  -0.13     0.00
  MONTH TO DATE    2.16                      3.48  -1.32     0.60
  SINCE JUN 1     12.00                      7.61   4.39     6.46
  SINCE JAN 1     26.10                     17.25   8.85    26.51

SNOWFALL (IN)
  TODAY            0.0           0.0    MM   0.0    0.0      0.0
  MONTH TO DATE    0.0                       0.0    0.0      0.0
  SINCE JUN 1      0.0                       0.0    0.0      0.0
  SINCE JUL 1      0.0                       0.0    0.0      0.0
  SNOW DEPTH       0

DEGREE DAYS
 HEATING
  TODAY            0                         0      0        6
  MONTH TO DATE   18                         2     16       24
  SINCE JUN 1     43                        64    -21       87
  SINCE JUL 1     18                         2     16       24

 COOLING
  TODAY            2                         7     -5        0
  MONTH TO DATE  131                       195    -64      234
  SINCE JUN 1    265                       315    -50      324
  SINCE JAN 1    300                       347    -47      356
..................................................................


WIND (MPH)
  HIGHEST WIND SPEED    15   HIGHEST WIND DIRECTION    NW (330)
  HIGHEST GUST SPEED    20   HIGHEST GUST DIRECTION    NW (320)
  AVERAGE WIND SPEED     4.3


SKY COVER
  POSSIBLE SUNSHINE  MM
  AVERAGE SKY COVER 0.9


WEATHER CONDITIONS
 THE FOLLOWING WEATHER WAS RECORDED TODAY.
  NO SIGNIFICANT WEATHER WAS OBSERVED.


RELATIVE HUMIDITY (PERCENT)
 HIGHEST    93           600 AM
 LOWEST     38           200 PM
 AVERAGE    66

..........................................................


THE EAU CLAIRE WI CLIMATE NORMALS FOR TOMORROW
                         NORMAL    RECORD    YEAR
 MAXIMUM TEMPERATURE (F)   83        99      1933
 MINIMUM TEMPERATURE (F)   60        43      1952


SUNRISE AND SUNSET
JULY 28 2014..........SUNRISE   547 AM CDT   SUNSET   837 PM CDT
JULY 29 2014..........SUNRISE   548 AM CDT   SUNSET   836 PM CDT


-  INDICATES NEGATIVE NUMBERS.
R  INDICATES RECORD WAS SET OR TIED.
MM INDICATES DATA IS MISSING.
T  INDICATES TRACE AMOUNT.




$$
