712
CDUS43 KMPX 270059
CLIEAU


CLIMATE REPORT
NATIONAL WEATHER SERVICE CHANHASSEN MN
759 PM CDT FRI MAY 26 2017


...................................

...THE EAU CLAIRE WI CLIMATE SUMMARY FOR MAY 26 2017...
VALID TODAY AS OF 0700 PM LOCAL TIME.

CLIMATE NORMAL PERIOD 1981 TO 2010
CLIMATE RECORD PERIOD 1893 TO 2017


WEATHER ITEM   OBSERVED TIME   RECORD YEAR NORMAL DEPARTURE LAST
                VALUE   (LST)  VALUE       VALUE  FROM      YEAR
                                                  NORMAL
..................................................................
TEMPERATURE (F)
 TODAY
  MAXIMUM         74    514 PM  93    1914  73      1       81
  MINIMUM         58   1221 AM  28    1961  49      9       56
  AVERAGE         66                        61      5       69

PRECIPITATION (IN)
  TODAY            0.01          2.35 1926   0.12  -0.11     0.14
  MONTH TO DATE    4.13                      2.87   1.26     2.54
  SINCE MAR 1     10.19                      7.35   2.84     9.76
  SINCE JAN 1     14.27                      9.05   5.22    10.92

SNOWFALL (IN)
  TODAY            0.0           0.0    MM   0.0    0.0      0.0
  MONTH TO DATE    T                         0.2   -0.2      0.0
  SINCE MAR 1      5.6                      10.7   -5.1     13.9
  SINCE JUL 1     54.5                      47.0    7.5     38.0
  SNOW DEPTH       0

DEGREE DAYS
 HEATING
  TODAY            0                         6     -6        0
  MONTH TO DATE  259                       231     28      245
  SINCE MAR 1   1830                      1851    -21     1633
  SINCE JUL 1   6940                      7871   -931     6811

 COOLING
  TODAY            1                         1      0        4
  MONTH TO DATE    8                        20    -12       22
  SINCE MAR 1      8                        24    -16       26
  SINCE JAN 1      8                        24    -16       26
..................................................................


WIND (MPH)
  HIGHEST WIND SPEED    18   HIGHEST WIND DIRECTION     S (200)
  HIGHEST GUST SPEED    23   HIGHEST GUST DIRECTION     S (190)
  AVERAGE WIND SPEED     9.5


SKY COVER
  POSSIBLE SUNSHINE  MM
  AVERAGE SKY COVER 0.6


WEATHER CONDITIONS
 THE FOLLOWING WEATHER WAS RECORDED TODAY.
  LIGHT RAIN


RELATIVE HUMIDITY (PERCENT)
 HIGHEST    84           100 AM
 LOWEST     49          1200 PM
 AVERAGE    67

..........................................................


THE EAU CLAIRE WI CLIMATE NORMALS FOR TOMORROW
                         NORMAL    RECORD    YEAR
 MAXIMUM TEMPERATURE (F)   73        91      1969
 MINIMUM TEMPERATURE (F)   49        30      1971


SUNRISE AND SUNSET
MAY 26 2017...........SUNRISE   527 AM CDT   SUNSET   840 PM CDT
MAY 27 2017...........SUNRISE   526 AM CDT   SUNSET   841 PM CDT


-  INDICATES NEGATIVE NUMBERS.
R  INDICATES RECORD WAS SET OR TIED.
MM INDICATES DATA IS MISSING.
T  INDICATES TRACE AMOUNT.




$$
