006
CDUS43 KMPX 290623
CLIEAU


CLIMATE REPORT
NATIONAL WEATHER SERVICE CHANHASSEN MN
122 AM CDT THU SEP 29 2016


...................................

...THE EAU CLAIRE WI CLIMATE SUMMARY FOR SEPTEMBER 28 2016...

CLIMATE NORMAL PERIOD 1981 TO 2010
CLIMATE RECORD PERIOD 1893 TO 2016


WEATHER ITEM   OBSERVED TIME   RECORD YEAR NORMAL DEPARTURE LAST
                VALUE   (LST)  VALUE       VALUE  FROM      YEAR
                                                  NORMAL
..................................................................
TEMPERATURE (F)
 YESTERDAY
  MAXIMUM         65    342 PM  86    1898  66     -1       71
  MINIMUM         49    120 AM  25    1942  43      6       57
                                      1893
  AVERAGE         57                        55      2       64

PRECIPITATION (IN)
  YESTERDAY        T             1.39 1911   0.12  -0.12     0.78
  MONTH TO DATE    8.20                      3.47   4.73     5.29
  SINCE SEP 1      8.20                      3.47   4.73     5.29
  SINCE JAN 1     35.03                     25.59   9.44    32.85

SNOWFALL (IN)
  YESTERDAY        0.0           T    1945   0.0    0.0      0.0
                                      1899
  MONTH TO DATE    0.0                       0.0    0.0      0.0
  SINCE SEP 1      0.0                       0.0    0.0      0.0
  SINCE JUL 1      0.0                       0.0    0.0      0.0
  SNOW DEPTH       0

DEGREE DAYS
 HEATING
  YESTERDAY        8                        11     -3        1
  MONTH TO DATE   69                       170   -101       61
  SINCE SEP 1     69                       170   -101       61
  SINCE JUL 1     79                       209   -130      116

 COOLING
  YESTERDAY        0                         0      0        0
  MONTH TO DATE   39                        48     -9      116
  SINCE SEP 1     39                        48     -9      116
  SINCE JAN 1    622                       575     47      518
..................................................................


WIND (MPH)
  HIGHEST WIND SPEED    18   HIGHEST WIND DIRECTION     N (20)
  HIGHEST GUST SPEED    27   HIGHEST GUST DIRECTION    NE (30)
  AVERAGE WIND SPEED     9.8


SKY COVER
  POSSIBLE SUNSHINE  MM
  AVERAGE SKY COVER 0.8


WEATHER CONDITIONS
 THE FOLLOWING WEATHER WAS RECORDED YESTERDAY.
  LIGHT RAIN
  FOG


RELATIVE HUMIDITY (PERCENT)
 HIGHEST    93          1200 AM
 LOWEST     56           100 PM
 AVERAGE    75

..........................................................


THE EAU CLAIRE WI CLIMATE NORMALS FOR TODAY
                         NORMAL    RECORD    YEAR
 MAXIMUM TEMPERATURE (F)   66        89      1898
 MINIMUM TEMPERATURE (F)   43        23      1967


SUNRISE AND SUNSET
SEPTEMBER 29 2016.....SUNRISE   702 AM CDT   SUNSET   649 PM CDT
SEPTEMBER 30 2016.....SUNRISE   703 AM CDT   SUNSET   647 PM CDT


-  INDICATES NEGATIVE NUMBERS.
R  INDICATES RECORD WAS SET OR TIED.
MM INDICATES DATA IS MISSING.
T  INDICATES TRACE AMOUNT.




$$
