000
CDUS43 KMPX 212143
CLIEAU


CLIMATE REPORT
NATIONAL WEATHER SERVICE CHANHASSEN MN
443 PM CDT WED JUN 21 2017


...................................

...THE EAU CLAIRE WI CLIMATE SUMMARY FOR JUNE 21 2017...
VALID TODAY AS OF 0400 PM LOCAL TIME.

CLIMATE NORMAL PERIOD 1981 TO 2010
CLIMATE RECORD PERIOD 1893 TO 2017


WEATHER ITEM   OBSERVED TIME   RECORD YEAR NORMAL DEPARTURE LAST
                VALUE   (LST)  VALUE       VALUE  FROM      YEAR
                                                  NORMAL
..................................................................
TEMPERATURE (F)
 TODAY
  MAXIMUM         78    259 PM  98    1995  80     -2       81
  MINIMUM         48    432 AM  36    1992  57     -9       55
  AVERAGE         63                        69     -6       68

PRECIPITATION (IN)
  TODAY            0.00          1.76 2013   0.14  -0.14     0.00
  MONTH TO DATE    4.38                      2.90   1.48     4.21
  SINCE JUN 1      4.38                      2.90   1.48     4.21
  SINCE JAN 1     18.88                     12.54   6.34    16.40

SNOWFALL (IN)
  TODAY            0.0           0.0    MM   0.0    0.0      0.0
  MONTH TO DATE    0.0                       0.0    0.0      0.0
  SINCE JUN 1      0.0                       0.0    0.0      0.0
  SINCE JUL 1     54.5                      46.8    7.7     38.0
  SNOW DEPTH       0

DEGREE DAYS
 HEATING
  TODAY            2                         1      1        0
  MONTH TO DATE   12                        53    -41       29
  SINCE JUN 1     12                        53    -41       29
  SINCE JUL 1   6981                      7950   -969     6840

 COOLING
  TODAY            0                         5     -5        3
  MONTH TO DATE   96                        68     28       87
  SINCE JUN 1     96                        68     28       87
  SINCE JAN 1    104                       100      4      127
..................................................................


WIND (MPH)
  HIGHEST WIND SPEED    16   HIGHEST WIND DIRECTION    SE (140)
  HIGHEST GUST SPEED    21   HIGHEST GUST DIRECTION     S (160)
  AVERAGE WIND SPEED     4.2


SKY COVER
  POSSIBLE SUNSHINE  MM
  AVERAGE SKY COVER 0.3


WEATHER CONDITIONS
 THE FOLLOWING WEATHER WAS RECORDED TODAY.
  FOG
  FOG W/VISIBILITY <= 1/4 MILE


RELATIVE HUMIDITY (PERCENT)
 HIGHEST   100          1200 AM
 LOWEST     40           200 PM
 AVERAGE    70

..........................................................


THE EAU CLAIRE WI CLIMATE NORMALS FOR TOMORROW
                         NORMAL    RECORD    YEAR
 MAXIMUM TEMPERATURE (F)   81        99      1995
 MINIMUM TEMPERATURE (F)   58        41      1902


SUNRISE AND SUNSET
JUNE 21 2017..........SUNRISE   520 AM CDT   SUNSET   856 PM CDT
JUNE 22 2017..........SUNRISE   520 AM CDT   SUNSET   856 PM CDT


-  INDICATES NEGATIVE NUMBERS.
R  INDICATES RECORD WAS SET OR TIED.
MM INDICATES DATA IS MISSING.
T  INDICATES TRACE AMOUNT.




$$
