000
CDUS43 KMPX 290630
CLIEAU


CLIMATE REPORT
NATIONAL WEATHER SERVICE CHANHASSEN MN
130 AM CDT SUN MAY 29 2016


...................................

...THE EAU CLAIRE WI CLIMATE SUMMARY FOR MAY 28 2016...

CLIMATE NORMAL PERIOD 1981 TO 2010
CLIMATE RECORD PERIOD 1893 TO 2016


WEATHER ITEM   OBSERVED TIME   RECORD YEAR NORMAL DEPARTURE LAST
                VALUE   (LST)  VALUE       VALUE  FROM      YEAR
                                                  NORMAL
..................................................................
TEMPERATURE (F)
 YESTERDAY
  MAXIMUM         77    358 PM  95    2006  73      4       85
  MINIMUM         59   1159 PM  33    1906  49     10       52
  AVERAGE         68                        61      7       69

PRECIPITATION (IN)
  YESTERDAY        0.20          2.40 1941   0.12   0.08     0.01
  MONTH TO DATE    3.02                      3.10  -0.08     4.99
  SINCE MAR 1     10.24                      7.58   2.66     8.46
  SINCE JAN 1     11.40                      9.28   2.12     9.05

SNOWFALL (IN)
  YESTERDAY        0.0           0.0    MM   0.0    0.0      0.0
  MONTH TO DATE    0.0                       0.2   -0.2      0.0
  SINCE MAR 1     13.9                      10.7    3.2      7.3
  SINCE JUL 1     38.0                      47.0   -9.0     38.1
  SNOW DEPTH       0

DEGREE DAYS
 HEATING
  YESTERDAY        0                         5     -5        0
  MONTH TO DATE  245                       242      3      213
  SINCE MAR 1   1633                      1862   -229     1724
  SINCE JUL 1   6811                      7882  -1071     8077

 COOLING
  YESTERDAY        3                         1      2        4
  MONTH TO DATE   25                        22      3       18
  SINCE MAR 1     29                        26      3       18
  SINCE JAN 1     29                        26      3       18
..................................................................


WIND (MPH)
  HIGHEST WIND SPEED    22   HIGHEST WIND DIRECTION     W (250)
  HIGHEST GUST SPEED    27   HIGHEST GUST DIRECTION     W (260)
  AVERAGE WIND SPEED     5.3


SKY COVER
  POSSIBLE SUNSHINE  MM
  AVERAGE SKY COVER 0.8


WEATHER CONDITIONS
 THE FOLLOWING WEATHER WAS RECORDED YESTERDAY.
  THUNDERSTORM
  RAIN
  LIGHT RAIN
  FOG
  FOG W/VISIBILITY <= 1/4 MILE


RELATIVE HUMIDITY (PERCENT)
 HIGHEST   100           100 AM
 LOWEST     60           400 PM
 AVERAGE    80

..........................................................


THE EAU CLAIRE WI CLIMATE NORMALS FOR TODAY
                         NORMAL    RECORD    YEAR
 MAXIMUM TEMPERATURE (F)   73        95      2006
 MINIMUM TEMPERATURE (F)   50        32      1966
                                             1965


SUNRISE AND SUNSET
MAY 29 2016...........SUNRISE   524 AM CDT   SUNSET   843 PM CDT
MAY 30 2016...........SUNRISE   524 AM CDT   SUNSET   844 PM CDT


-  INDICATES NEGATIVE NUMBERS.
R  INDICATES RECORD WAS SET OR TIED.
MM INDICATES DATA IS MISSING.
T  INDICATES TRACE AMOUNT.




$$
