000
CDUS43 KMPX 280633
CLIEAU


CLIMATE REPORT
NATIONAL WEATHER SERVICE CHANHASSEN MN
131 AM CDT TUE OCT 28 2014


...................................

...THE EAU CLAIRE WI CLIMATE SUMMARY FOR OCTOBER 27 2014...

CLIMATE NORMAL PERIOD 1981 TO 2010
CLIMATE RECORD PERIOD 1893 TO 2014


WEATHER ITEM   OBSERVED TIME   RECORD YEAR NORMAL DEPARTURE LAST
                VALUE   (LST)  VALUE       VALUE  FROM      YEAR
                                                  NORMAL
..................................................................
TEMPERATURE (F)
 YESTERDAY
  MAXIMUM         68    245 PM  78    1927  53     15       60
  MINIMUM         46    656 AM  11    1976  33     13       27
  AVERAGE         57                        43     14       44

PRECIPITATION (IN)
  YESTERDAY        T             1.35 1918   0.06  -0.06     0.00
  MONTH TO DATE    2.43                      2.11   0.32     3.36
  SINCE SEP 1      7.89                      5.79   2.10     5.13
  SINCE JAN 1     40.56                     27.91  12.65    32.77

SNOWFALL (IN)
  YESTERDAY        0.0           2.8  1919   0.1   -0.1      0.0
  MONTH TO DATE    0.6                       0.3    0.3       T
  SINCE SEP 1      0.6                       0.3    0.3       T
  SINCE JUL 1      0.6                       0.3    0.3       T
  SNOW DEPTH       0

DEGREE DAYS
 HEATING
  YESTERDAY        8                        22    -14       21
  MONTH TO DATE  462                       460      2      453
  SINCE SEP 1    649                       654     -5      582
  SINCE JUL 1    672                       693    -21      620

 COOLING
  YESTERDAY        0                         0      0        0
  MONTH TO DATE    0                         0      0        0
  SINCE SEP 1     22                        48    -26       87
  SINCE JAN 1    500                       575    -75      653
..................................................................


WIND (MPH)
  HIGHEST WIND SPEED    24   HIGHEST WIND DIRECTION     W (280)
  HIGHEST GUST SPEED    30   HIGHEST GUST DIRECTION     W (270)
  AVERAGE WIND SPEED     5.5


SKY COVER
  POSSIBLE SUNSHINE  MM
  AVERAGE SKY COVER 0.5


WEATHER CONDITIONS
 THE FOLLOWING WEATHER WAS RECORDED YESTERDAY.
  LIGHT RAIN


RELATIVE HUMIDITY (PERCENT)
 HIGHEST    77          1100 PM
 LOWEST     38          1200 AM
 AVERAGE    58

..........................................................


THE EAU CLAIRE WI CLIMATE NORMALS FOR TODAY
                         NORMAL    RECORD    YEAR
 MAXIMUM TEMPERATURE (F)   52        74      1896
 MINIMUM TEMPERATURE (F)   33        10      1909


SUNRISE AND SUNSET
OCTOBER 28 2014.......SUNRISE   739 AM CDT   SUNSET   600 PM CDT
OCTOBER 29 2014.......SUNRISE   740 AM CDT   SUNSET   559 PM CDT


-  INDICATES NEGATIVE NUMBERS.
R  INDICATES RECORD WAS SET OR TIED.
MM INDICATES DATA IS MISSING.
T  INDICATES TRACE AMOUNT.




$$
