000
CDUS43 KMPX 190057
CLIEAU


CLIMATE REPORT
NATIONAL WEATHER SERVICE CHANHASSEN MN
757 PM CDT FRI AUG 18 2017


...................................

...THE EAU CLAIRE WI CLIMATE SUMMARY FOR AUGUST 18 2017...
VALID TODAY AS OF 0700 PM LOCAL TIME.

CLIMATE NORMAL PERIOD 1981 TO 2010
CLIMATE RECORD PERIOD 1893 TO 2017


WEATHER ITEM   OBSERVED TIME   RECORD YEAR NORMAL DEPARTURE LAST
                VALUE   (LST)  VALUE       VALUE  FROM      YEAR
                                                  NORMAL
..................................................................
TEMPERATURE (F)
 TODAY
  MAXIMUM         71    252 PM  96    1976  80     -9       87
                                      1947
  MINIMUM         58    546 AM  39    1950  58      0       61
  AVERAGE         65                        69     -4       74

PRECIPITATION (IN)
  TODAY            0.00          2.40 1990   0.15  -0.15     0.00
  MONTH TO DATE    3.43                      2.70   0.73     3.58
  SINCE JUN 1     12.93                     10.71   2.22    13.38
  SINCE JAN 1     27.43                     20.35   7.08    25.57

SNOWFALL (IN)
  TODAY            0.0           0.0    MM   0.0    0.0      0.0
  MONTH TO DATE    0.0                       0.0    0.0      0.0
  SINCE JUN 1      0.0                       0.0    0.0      0.0
  SINCE JUL 1      0.0                       0.0    0.0      0.0
  SNOW DEPTH       0

DEGREE DAYS
 HEATING
  TODAY            0                         1     -1        0
  MONTH TO DATE   15                        13      2        0
  SINCE JUN 1     54                        86    -32       36
  SINCE JUL 1     17                        24     -7        4

 COOLING
  TODAY            0                         5     -5        9
  MONTH TO DATE   36                       104    -68      150
  SINCE JUN 1    340                       438    -98      497
  SINCE JAN 1    348                       470   -122      537
..................................................................


WIND (MPH)
  HIGHEST WIND SPEED    15   HIGHEST WIND DIRECTION    NW (320)
  HIGHEST GUST SPEED    20   HIGHEST GUST DIRECTION     W (280)
  AVERAGE WIND SPEED     7.5


SKY COVER
  POSSIBLE SUNSHINE  MM
  AVERAGE SKY COVER 0.3


WEATHER CONDITIONS
 THE FOLLOWING WEATHER WAS RECORDED TODAY.
  NO SIGNIFICANT WEATHER WAS OBSERVED.


RELATIVE HUMIDITY (PERCENT)
 HIGHEST   100           500 AM
 LOWEST     68          1200 PM
 AVERAGE    84

..........................................................


THE EAU CLAIRE WI CLIMATE NORMALS FOR TOMORROW
                         NORMAL    RECORD    YEAR
 MAXIMUM TEMPERATURE (F)   80        97      1916
                                             1900
 MINIMUM TEMPERATURE (F)   58        37      1967


SUNRISE AND SUNSET
AUGUST 18 2017........SUNRISE   612 AM CDT   SUNSET   807 PM CDT
AUGUST 19 2017........SUNRISE   613 AM CDT   SUNSET   805 PM CDT


-  INDICATES NEGATIVE NUMBERS.
R  INDICATES RECORD WAS SET OR TIED.
MM INDICATES DATA IS MISSING.
T  INDICATES TRACE AMOUNT.




$$
