000
CDUS43 KMPX 230638
CLIEAU


CLIMATE REPORT
NATIONAL WEATHER SERVICE CHANHASSEN MN
138 AM CDT TUE MAY 23 2017


...................................

...THE EAU CLAIRE WI CLIMATE SUMMARY FOR MAY 22 2017...

CLIMATE NORMAL PERIOD 1981 TO 2010
CLIMATE RECORD PERIOD 1893 TO 2017


WEATHER ITEM   OBSERVED TIME   RECORD YEAR NORMAL DEPARTURE LAST
                VALUE   (LST)  VALUE       VALUE  FROM      YEAR
                                                  NORMAL
..................................................................
TEMPERATURE (F)
 YESTERDAY
  MAXIMUM         67    405 PM  96    1925  72     -5       84
  MINIMUM         43    530 AM  31    1967  47     -4       45
  AVERAGE         55                        59     -4       65

PRECIPITATION (IN)
  YESTERDAY        0.01          1.78 1907   0.11  -0.10     0.00
  MONTH TO DATE    4.06                      2.40   1.66     0.97
  SINCE MAR 1     10.12                      6.88   3.24     8.19
  SINCE JAN 1     14.20                      8.58   5.62     9.35

SNOWFALL (IN)
  YESTERDAY        0.0           0.0    MM   0.0    0.0      0.0
  MONTH TO DATE    T                         0.2   -0.2      0.0
  SINCE MAR 1      5.6                      10.7   -5.1     13.9
  SINCE JUL 1     54.5                      47.0    7.5     38.0
  SNOW DEPTH       0

DEGREE DAYS
 HEATING
  YESTERDAY       10                         7      3        0
  MONTH TO DATE  236                       206     30      245
  SINCE MAR 1   1807                      1826    -19     1633
  SINCE JUL 1   6917                      7846   -929     6811

 COOLING
  YESTERDAY        0                         1     -1        0
  MONTH TO DATE    7                        16     -9        3
  SINCE MAR 1      7                        20    -13        7
  SINCE JAN 1      7                        20    -13        7
..................................................................


WIND (MPH)
  HIGHEST WIND SPEED    21   HIGHEST WIND DIRECTION     W (270)
  HIGHEST GUST SPEED    26   HIGHEST GUST DIRECTION    SW (240)
  AVERAGE WIND SPEED     8.3


SKY COVER
  POSSIBLE SUNSHINE  MM
  AVERAGE SKY COVER 0.4


WEATHER CONDITIONS
 THE FOLLOWING WEATHER WAS RECORDED YESTERDAY.
  LIGHT RAIN
  FOG


RELATIVE HUMIDITY (PERCENT)
 HIGHEST    96           500 AM
 LOWEST     42           300 PM
 AVERAGE    69

..........................................................


THE EAU CLAIRE WI CLIMATE NORMALS FOR TODAY
                         NORMAL    RECORD    YEAR
 MAXIMUM TEMPERATURE (F)   72        94      1925
 MINIMUM TEMPERATURE (F)   48        29      1931


SUNRISE AND SUNSET
MAY 23 2017...........SUNRISE   529 AM CDT   SUNSET   837 PM CDT
MAY 24 2017...........SUNRISE   528 AM CDT   SUNSET   838 PM CDT


-  INDICATES NEGATIVE NUMBERS.
R  INDICATES RECORD WAS SET OR TIED.
MM INDICATES DATA IS MISSING.
T  INDICATES TRACE AMOUNT.




$$
