000
CDUS43 KMPX 270755
CLIEAU


CLIMATE REPORT
NATIONAL WEATHER SERVICE CHANHASSEN MN
254 AM CDT SUN JUL 27 2014


...................................

...THE EAU CLAIRE WI CLIMATE SUMMARY FOR JULY 26 2014...

CLIMATE NORMAL PERIOD 1981 TO 2010
CLIMATE RECORD PERIOD 1893 TO 2014


WEATHER ITEM   OBSERVED TIME   RECORD YEAR NORMAL DEPARTURE LAST
                VALUE   (LST)  VALUE       VALUE  FROM      YEAR
                                                  NORMAL
..................................................................
TEMPERATURE (F)
 YESTERDAY
  MAXIMUM         85    439 PM 100    1955  83      2       74
  MINIMUM         65   1104 PM  45    1962  60      5       50
  AVERAGE         75                        71      4       62

PRECIPITATION (IN)
  YESTERDAY        0.11          3.17 1947   0.13  -0.02     0.01
  MONTH TO DATE    2.09                      3.23  -1.14     0.56
  SINCE JUN 1     11.93                      7.36   4.57     6.42
  SINCE JAN 1     26.03                     17.00   9.03    26.47

SNOWFALL (IN)
  YESTERDAY        0.0           0.0    MM   0.0    0.0      0.0
  MONTH TO DATE    0.0                       0.0    0.0      0.0
  SINCE JUN 1      0.0                       0.0    0.0      0.0
  SINCE JUL 1      0.0                       0.0    0.0      0.0
  SNOW DEPTH       0

DEGREE DAYS
 HEATING
  YESTERDAY        0                         0      0        3
  MONTH TO DATE   18                         2     16        6
  SINCE JUN 1     43                        64    -21       69
  SINCE JUL 1     18                         2     16        6

 COOLING
  YESTERDAY       10                         7      3        0
  MONTH TO DATE  128                       181    -53      234
  SINCE JUN 1    262                       301    -39      324
  SINCE JAN 1    297                       333    -36      356
..................................................................


WIND (MPH)
  HIGHEST WIND SPEED    21   HIGHEST WIND DIRECTION    SW (240)
  HIGHEST GUST SPEED    27   HIGHEST GUST DIRECTION    SW (220)
  AVERAGE WIND SPEED     6.7


SKY COVER
  POSSIBLE SUNSHINE  MM
  AVERAGE SKY COVER 0.4


WEATHER CONDITIONS
 THE FOLLOWING WEATHER WAS RECORDED YESTERDAY.
  THUNDERSTORM
  HEAVY RAIN
  LIGHT RAIN


RELATIVE HUMIDITY (PERCENT)
 HIGHEST    97           500 AM
 LOWEST     51          1100 AM
 AVERAGE    74

..........................................................


THE EAU CLAIRE WI CLIMATE NORMALS FOR TODAY
                         NORMAL    RECORD    YEAR
 MAXIMUM TEMPERATURE (F)   83       102      1931
 MINIMUM TEMPERATURE (F)   60        46      2013
                                             1981


SUNRISE AND SUNSET
JULY 27 2014..........SUNRISE   546 AM CDT   SUNSET   838 PM CDT
JULY 28 2014..........SUNRISE   547 AM CDT   SUNSET   837 PM CDT


-  INDICATES NEGATIVE NUMBERS.
R  INDICATES RECORD WAS SET OR TIED.
MM INDICATES DATA IS MISSING.
T  INDICATES TRACE AMOUNT.




$$
