000
CDUS43 KMPX 140828
CLIEAU


CLIMATE REPORT
NATIONAL WEATHER SERVICE CHANHASSEN MN
328 AM CDT MON APR 14 2014


...................................

...THE EAU CLAIRE WI CLIMATE SUMMARY FOR APRIL 13 2014...

CLIMATE NORMAL PERIOD 1981 TO 2010
CLIMATE RECORD PERIOD 1893 TO 2014


WEATHER ITEM   OBSERVED TIME   RECORD YEAR NORMAL DEPARTURE LAST
                VALUE   (LST)  VALUE       VALUE  FROM      YEAR
                                                  NORMAL
..................................................................
TEMPERATURE (F)
 YESTERDAY
  MAXIMUM         47   1020 AM  80    1956  57    -10       35
                                      1931
  MINIMUM         31   1159 PM  12    1962  33     -2       20
  AVERAGE         39                        45     -6       28

PRECIPITATION (IN)
  YESTERDAY        0.04          1.44 1941   0.09  -0.05     0.03
  MONTH TO DATE    2.31                      1.07   1.24     2.27
  SINCE MAR 1      3.04                      2.80   0.24     5.09
  SINCE JAN 1      6.24                      4.50   1.74     7.66

SNOWFALL (IN)
  YESTERDAY        T             8.0  1928   0.1   -0.1      0.3
  MONTH TO DATE    7.6                       1.2    6.4      6.1
  SINCE MAR 1     11.6                       9.8    1.8     29.8
  SINCE JUL 1     73.3                      46.1   27.2     72.3
  SNOW DEPTH       0

DEGREE DAYS
 HEATING
  YESTERDAY       26                        20      6       37
  MONTH TO DATE  324                       302     22      416
  SINCE MAR 1   1608                      1346    262     1685
  SINCE JUL 1   8500                      7367   1133     7544

 COOLING
  YESTERDAY        0                         0      0        0
  MONTH TO DATE    0                         0      0        0
  SINCE MAR 1      0                         0      0        0
  SINCE JAN 1      0                         0      0        0
..................................................................


WIND (MPH)
  HIGHEST WIND SPEED    21   HIGHEST WIND DIRECTION     N (360)
  HIGHEST GUST SPEED    27   HIGHEST GUST DIRECTION     N (360)
  AVERAGE WIND SPEED     9.8


SKY COVER
  POSSIBLE SUNSHINE  MM
  AVERAGE SKY COVER 1.0


WEATHER CONDITIONS
 THE FOLLOWING WEATHER WAS RECORDED YESTERDAY.
  LIGHT RAIN
  LIGHT SNOW
  FOG


RELATIVE HUMIDITY (PERCENT)
 HIGHEST    96          1000 PM
 LOWEST     71           100 PM
 AVERAGE    84

..........................................................


THE EAU CLAIRE WI CLIMATE NORMALS FOR TODAY
                         NORMAL    RECORD    YEAR
 MAXIMUM TEMPERATURE (F)   57        90      2003
 MINIMUM TEMPERATURE (F)   34        16      1907


SUNRISE AND SUNSET
APRIL 14 2014.........SUNRISE   623 AM CDT   SUNSET   750 PM CDT
APRIL 15 2014.........SUNRISE   621 AM CDT   SUNSET   751 PM CDT


-  INDICATES NEGATIVE NUMBERS.
R  INDICATES RECORD WAS SET OR TIED.
MM INDICATES DATA IS MISSING.
T  INDICATES TRACE AMOUNT.




$$
