045
CDUS43 KMPX 180056
CLIEAU


CLIMATE REPORT
NATIONAL WEATHER SERVICE CHANHASSEN MN
755 PM CDT MON JUL 17 2017


...................................

...THE EAU CLAIRE WI CLIMATE SUMMARY FOR JULY 17 2017...
VALID TODAY AS OF 0700 PM LOCAL TIME.

CLIMATE NORMAL PERIOD 1981 TO 2010
CLIMATE RECORD PERIOD 1893 TO 2017


WEATHER ITEM   OBSERVED TIME   RECORD YEAR NORMAL DEPARTURE LAST
                VALUE   (LST)  VALUE       VALUE  FROM      YEAR
                                                  NORMAL
..................................................................
TEMPERATURE (F)
 TODAY
  MAXIMUM         84    300 PM  99    1964  83      1       84
                                      1936
                                      1931
  MINIMUM         58    507 AM  45    1911  61     -3       64
                                      1900
  AVERAGE         71                        72     -1       74

PRECIPITATION (IN)
  TODAY            0.00          1.78 2001   0.12  -0.12     0.11
  MONTH TO DATE    2.51                      2.11   0.40     2.39
  SINCE JUN 1      7.82                      6.24   1.58     8.68
  SINCE JAN 1     22.32                     15.88   6.44    20.87

SNOWFALL (IN)
  TODAY            0.0           0.0    MM   0.0    0.0      0.0
  MONTH TO DATE    0.0                       0.0    0.0      0.0
  SINCE JUN 1      0.0                       0.0    0.0      0.0
  SINCE JUL 1      0.0                       0.0    0.0      0.0
  SNOW DEPTH       0

DEGREE DAYS
 HEATING
  TODAY            0                         0      0        0
  MONTH TO DATE    1                         0      1        4
  SINCE JUN 1     38                        62    -24       36
  SINCE JUL 1      1                         0      1        4

 COOLING
  TODAY            6                         7     -1        9
  MONTH TO DATE  104                       118    -14       89
  SINCE JUN 1    211                       238    -27      215
  SINCE JAN 1    219                       270    -51      255
..................................................................


WIND (MPH)
  HIGHEST WIND SPEED    17   HIGHEST WIND DIRECTION     S (200)
  HIGHEST GUST SPEED    22   HIGHEST GUST DIRECTION     S (190)
  AVERAGE WIND SPEED     8.4


SKY COVER
  POSSIBLE SUNSHINE  MM
  AVERAGE SKY COVER 0.2


WEATHER CONDITIONS
 THE FOLLOWING WEATHER WAS RECORDED TODAY.
  NO SIGNIFICANT WEATHER WAS OBSERVED.


RELATIVE HUMIDITY (PERCENT)
 HIGHEST    93           500 AM
 LOWEST     51           200 PM
 AVERAGE    72

..........................................................


THE EAU CLAIRE WI CLIMATE NORMALS FOR TOMORROW
                         NORMAL    RECORD    YEAR
 MAXIMUM TEMPERATURE (F)   83       102      1964
 MINIMUM TEMPERATURE (F)   61        48      2000


SUNRISE AND SUNSET
JULY 17 2017..........SUNRISE   536 AM CDT   SUNSET   848 PM CDT
JULY 18 2017..........SUNRISE   537 AM CDT   SUNSET   847 PM CDT


-  INDICATES NEGATIVE NUMBERS.
R  INDICATES RECORD WAS SET OR TIED.
MM INDICATES DATA IS MISSING.
T  INDICATES TRACE AMOUNT.




$$
