000
CDUS43 KMPX 010628
CLIEAU


CLIMATE REPORT
NATIONAL WEATHER SERVICE CHANHASSEN MN
127 AM CDT WED JUL 1 2015


...................................

...THE EAU CLAIRE WI CLIMATE SUMMARY FOR JUNE 30 2015...

CLIMATE NORMAL PERIOD 1981 TO 2010
CLIMATE RECORD PERIOD 1893 TO 2015


WEATHER ITEM   OBSERVED TIME   RECORD YEAR NORMAL DEPARTURE LAST
                VALUE   (LST)  VALUE       VALUE  FROM      YEAR
                                                  NORMAL
..................................................................
TEMPERATURE (F)
 YESTERDAY
  MAXIMUM         75    320 PM 101    1931  82     -7       82
  MINIMUM         52    406 AM  44    1900  59     -7       65
                                      1924
  AVERAGE         64                        71     -7       74

PRECIPITATION (IN)
  YESTERDAY        0.00          1.60 1978   0.14  -0.14     0.08
  MONTH TO DATE    4.83                      4.13   0.70     9.84
  SINCE JUN 1      4.83                      4.13   0.70     9.84
  SINCE JAN 1     14.28                     13.77   0.51    23.94

SNOWFALL (IN)
  YESTERDAY        0.0           0.0    MM   0.0    0.0      0.0
  MONTH TO DATE    0.0                       0.0    0.0      0.0
  SINCE JUN 1      0.0                       0.0    0.0      0.0
  SINCE JUL 1     38.1                      46.8   -8.7     74.8
  SNOW DEPTH       0

DEGREE DAYS
 HEATING
  YESTERDAY        1                         1      0        0
  MONTH TO DATE   28                        62    -34       25
  SINCE JUN 1     28                        62    -34       25
  SINCE JUL 1   8134                      7960    174     9167

 COOLING
  YESTERDAY        0                         6     -6        9
  MONTH TO DATE   82                       120    -38      134
  SINCE JUN 1     82                       120    -38      134
  SINCE JAN 1    100                       152    -52      169
..................................................................


WIND (MPH)
  HIGHEST WIND SPEED    15   HIGHEST WIND DIRECTION    NE (40)
  HIGHEST GUST SPEED    20   HIGHEST GUST DIRECTION    NE (30)
  AVERAGE WIND SPEED     7.2


SKY COVER
  POSSIBLE SUNSHINE  MM
  AVERAGE SKY COVER 0.3


WEATHER CONDITIONS
 THE FOLLOWING WEATHER WAS RECORDED YESTERDAY.
  FOG
  FOG W/VISIBILITY <= 1/4 MILE


RELATIVE HUMIDITY (PERCENT)
 HIGHEST   100           200 AM
 LOWEST     44           500 PM
 AVERAGE    72

..........................................................


THE EAU CLAIRE WI CLIMATE NORMALS FOR TODAY
                         NORMAL    RECORD    YEAR
 MAXIMUM TEMPERATURE (F)   82       100      1931
 MINIMUM TEMPERATURE (F)   60        44      1924
                                             1969


SUNRISE AND SUNSET
JULY  1 2015..........SUNRISE   524 AM CDT   SUNSET   856 PM CDT
JULY  2 2015..........SUNRISE   524 AM CDT   SUNSET   856 PM CDT


-  INDICATES NEGATIVE NUMBERS.
R  INDICATES RECORD WAS SET OR TIED.
MM INDICATES DATA IS MISSING.
T  INDICATES TRACE AMOUNT.




$$
