000
CDUS43 KMPX 240635
CLIEAU


CLIMATE REPORT
NATIONAL WEATHER SERVICE CHANHASSEN MN
134 AM CDT WED MAY 24 2017


...................................

...THE EAU CLAIRE WI CLIMATE SUMMARY FOR MAY 23 2017...

CLIMATE NORMAL PERIOD 1981 TO 2010
CLIMATE RECORD PERIOD 1893 TO 2017


WEATHER ITEM   OBSERVED TIME   RECORD YEAR NORMAL DEPARTURE LAST
                VALUE   (LST)  VALUE       VALUE  FROM      YEAR
                                                  NORMAL
..................................................................
TEMPERATURE (F)
 YESTERDAY
  MAXIMUM         59    204 PM  94    1925  72    -13       85
  MINIMUM         49    606 AM  29    1931  48      1       58
  AVERAGE         54                        60     -6       72

PRECIPITATION (IN)
  YESTERDAY        0.06          2.30 1975   0.12  -0.06     0.14
  MONTH TO DATE    4.12                      2.52   1.60     1.11
  SINCE MAR 1     10.18                      7.00   3.18     8.33
  SINCE JAN 1     14.26                      8.70   5.56     9.49

SNOWFALL (IN)
  YESTERDAY        0.0           0.0    MM   0.0    0.0      0.0
  MONTH TO DATE    T                         0.2   -0.2      0.0
  SINCE MAR 1      5.6                      10.7   -5.1     13.9
  SINCE JUL 1     54.5                      47.0    7.5     38.0
  SNOW DEPTH       0

DEGREE DAYS
 HEATING
  YESTERDAY       11                         7      4        0
  MONTH TO DATE  247                       213     34      245
  SINCE MAR 1   1818                      1833    -15     1633
  SINCE JUL 1   6928                      7853   -925     6811

 COOLING
  YESTERDAY        0                         1     -1        7
  MONTH TO DATE    7                        17    -10       10
  SINCE MAR 1      7                        21    -14       14
  SINCE JAN 1      7                        21    -14       14
..................................................................


WIND (MPH)
  HIGHEST WIND SPEED    14   HIGHEST WIND DIRECTION    NE (30)
  HIGHEST GUST SPEED    18   HIGHEST GUST DIRECTION    NE (30)
  AVERAGE WIND SPEED     7.0


SKY COVER
  POSSIBLE SUNSHINE  MM
  AVERAGE SKY COVER 1.0


WEATHER CONDITIONS
 THE FOLLOWING WEATHER WAS RECORDED YESTERDAY.
  LIGHT RAIN
  FOG


RELATIVE HUMIDITY (PERCENT)
 HIGHEST    93           700 AM
 LOWEST     62           300 PM
 AVERAGE    78

..........................................................


THE EAU CLAIRE WI CLIMATE NORMALS FOR TODAY
                         NORMAL    RECORD    YEAR
 MAXIMUM TEMPERATURE (F)   72        93      2010
 MINIMUM TEMPERATURE (F)   48        33      2013
                                             1917


SUNRISE AND SUNSET
MAY 24 2017...........SUNRISE   528 AM CDT   SUNSET   838 PM CDT
MAY 25 2017...........SUNRISE   527 AM CDT   SUNSET   839 PM CDT


-  INDICATES NEGATIVE NUMBERS.
R  INDICATES RECORD WAS SET OR TIED.
MM INDICATES DATA IS MISSING.
T  INDICATES TRACE AMOUNT.




$$
