000
CDUS43 KMPX 300848
CLIEAU


CLIMATE REPORT
NATIONAL WEATHER SERVICE CHANHASSEN MN
247 AM CST WED NOV 30 2016


...................................

...THE EAU CLAIRE WI CLIMATE SUMMARY FOR NOVEMBER 29 2016...

CLIMATE NORMAL PERIOD 1981 TO 2010
CLIMATE RECORD PERIOD 1893 TO 2016


WEATHER ITEM   OBSERVED TIME   RECORD YEAR NORMAL DEPARTURE LAST
                VALUE   (LST)  VALUE       VALUE  FROM      YEAR
                                                  NORMAL
..................................................................
TEMPERATURE (F)
 YESTERDAY
  MAXIMUM         39    131 AM  61    1998  34      5       34
  MINIMUM         35    955 AM -12    1985  17     18       10
  AVERAGE         37                        25     12       22

PRECIPITATION (IN)
  YESTERDAY        0.03          1.42 1991   0.06  -0.03     0.00
  MONTH TO DATE    1.10                      1.79  -0.69     2.60
  SINCE SEP 1     12.02                      7.81   4.21    10.82
  SINCE JAN 1     38.85                     29.93   8.92    38.38

SNOWFALL (IN)
  YESTERDAY        T             6.0  1919   0.3   -0.3      0.0
  MONTH TO DATE    1.7                       5.6   -3.9      0.3
  SINCE SEP 1      1.7                       6.0   -4.3      1.2
  SINCE JUL 1      1.7                       6.0   -4.3      1.2
  SNOW DEPTH       0

DEGREE DAYS
 HEATING
  YESTERDAY       28                        40    -12       43
  MONTH TO DATE  664                       922   -258      711
  SINCE SEP 1   1171                      1667   -496     1278
  SINCE JUL 1   1181                      1706   -525     1333

 COOLING
  YESTERDAY        0                         0      0        0
  MONTH TO DATE    0                         0      0        0
  SINCE SEP 1     41                        52    -11      118
  SINCE JAN 1    624                       579     45      520
..................................................................


WIND (MPH)
  HIGHEST WIND SPEED    21   HIGHEST WIND DIRECTION    SW (210)
  HIGHEST GUST SPEED    26   HIGHEST GUST DIRECTION     S (200)
  AVERAGE WIND SPEED    11.2


SKY COVER
  POSSIBLE SUNSHINE  MM
  AVERAGE SKY COVER 1.0


WEATHER CONDITIONS
 THE FOLLOWING WEATHER WAS RECORDED YESTERDAY.
  LIGHT RAIN
  FOG


RELATIVE HUMIDITY (PERCENT)
 HIGHEST   100           200 AM
 LOWEST     70           400 PM
 AVERAGE    85

..........................................................


THE EAU CLAIRE WI CLIMATE NORMALS FOR TODAY
                         NORMAL    RECORD    YEAR
 MAXIMUM TEMPERATURE (F)   33        60      1998
 MINIMUM TEMPERATURE (F)   17       -18      1964


SUNRISE AND SUNSET
NOVEMBER 30 2016......SUNRISE   723 AM CST   SUNSET   426 PM CST
DECEMBER  1 2016......SUNRISE   724 AM CST   SUNSET   426 PM CST


-  INDICATES NEGATIVE NUMBERS.
R  INDICATES RECORD WAS SET OR TIED.
MM INDICATES DATA IS MISSING.
T  INDICATES TRACE AMOUNT.




$$
