000
CDUS43 KMPX 240633
CLIEAU


CLIMATE REPORT
NATIONAL WEATHER SERVICE CHANHASSEN MN
1229 AM CST TUE FEB 24 2015


...................................

...THE EAU CLAIRE WI CLIMATE SUMMARY FOR FEBRUARY 23 2015...

CLIMATE NORMAL PERIOD 1981 TO 2010
CLIMATE RECORD PERIOD 1893 TO 2015


WEATHER ITEM   OBSERVED TIME   RECORD YEAR NORMAL DEPARTURE LAST
                VALUE   (LST)  VALUE       VALUE  FROM      YEAR
                                                  NORMAL
..................................................................
TEMPERATURE (F)
 YESTERDAY
  MAXIMUM         16   1159 PM  54    1930  32    -16       17
  MINIMUM        -18    715 AM -20    1910  13    -31        1
  AVERAGE         -1                        22    -23        9

PRECIPITATION (IN)
  YESTERDAY        0.00          0.95 1915   0.03  -0.03     0.00
  MONTH TO DATE    0.22                      0.64  -0.42     1.39
  SINCE DEC 1      1.27                      2.53  -1.26     4.50
  SINCE JAN 1      0.59                      1.53  -0.94     2.97

SNOWFALL (IN)
  YESTERDAY        0.0          10.0  1915   0.3   -0.3      0.0
  MONTH TO DATE    3.9                       6.1   -2.2     12.9
  SINCE DEC 1     16.6                      28.8  -12.2     56.7
  SINCE JUL 1     30.8                      35.1   -4.3     58.9
  SNOW DEPTH       4

DEGREE DAYS
 HEATING
  YESTERDAY       66                        43     23       56
  MONTH TO DATE 1298                      1069    229     1317
  SINCE DEC 1   4091                      4067     24     4813
  SINCE JUL 1   6063                      5813    250     6558

 COOLING
  YESTERDAY        0                         0      0        0
  MONTH TO DATE    0                         0      0        0
  SINCE DEC 1      0                         0      0        0
  SINCE JAN 1      0                         0      0        0
..................................................................


WIND (MPH)
  HIGHEST WIND SPEED    23   HIGHEST WIND DIRECTION    SW (210)
  HIGHEST GUST SPEED    29   HIGHEST GUST DIRECTION     S (200)
  AVERAGE WIND SPEED    10.9


SKY COVER
  POSSIBLE SUNSHINE  MM
  AVERAGE SKY COVER 0.1


WEATHER CONDITIONS
 THE FOLLOWING WEATHER WAS RECORDED YESTERDAY.
  NO SIGNIFICANT WEATHER WAS OBSERVED.


RELATIVE HUMIDITY (PERCENT)
 HIGHEST    69           600 AM
 LOWEST     49           200 PM
 AVERAGE    59

..........................................................


THE EAU CLAIRE WI CLIMATE NORMALS FOR TODAY
                         NORMAL    RECORD    YEAR
 MAXIMUM TEMPERATURE (F)   32        61      1931
 MINIMUM TEMPERATURE (F)   13       -25      1913


SUNRISE AND SUNSET
FEBRUARY 24 2015......SUNRISE   653 AM CST   SUNSET   546 PM CST
FEBRUARY 25 2015......SUNRISE   651 AM CST   SUNSET   548 PM CST


-  INDICATES NEGATIVE NUMBERS.
R  INDICATES RECORD WAS SET OR TIED.
MM INDICATES DATA IS MISSING.
T  INDICATES TRACE AMOUNT.




$$
