000
CDUS43 KMPX 240021
CLIEAU


CLIMATE REPORT
NATIONAL WEATHER SERVICE CHANHASSEN MN
721 PM CDT SUN JUL 23 2017


...................................

...THE EAU CLAIRE WI CLIMATE SUMMARY FOR JULY 23 2017...
VALID TODAY AS OF 0700 PM LOCAL TIME.

CLIMATE NORMAL PERIOD 1981 TO 2010
CLIMATE RECORD PERIOD 1893 TO 2017


WEATHER ITEM   OBSERVED TIME   RECORD YEAR NORMAL DEPARTURE LAST
                VALUE   (LST)  VALUE       VALUE  FROM      YEAR
                                                  NORMAL
..................................................................
TEMPERATURE (F)
 TODAY
  MAXIMUM         76   1211 PM 105    1934  83     -7       84
  MINIMUM         62    244 AM  48    2003  60      2       64
  AVERAGE         69                        72     -3       74

PRECIPITATION (IN)
  TODAY            0.00          1.40 2011   0.12  -0.12     0.32
  MONTH TO DATE    3.06                      2.85   0.21     3.03
  SINCE JUN 1      8.37                      6.98   1.39     9.32
  SINCE JAN 1     22.87                     16.62   6.25    21.51

SNOWFALL (IN)
  TODAY            0.0           0.0    MM   0.0    0.0      0.0
  MONTH TO DATE    0.0                       0.0    0.0      0.0
  SINCE JUN 1      0.0                       0.0    0.0      0.0
  SINCE JUL 1      0.0                       0.0    0.0      0.0
  SNOW DEPTH       0

DEGREE DAYS
 HEATING
  TODAY            0                         1     -1        0
  MONTH TO DATE    1                         3     -2        4
  SINCE JUN 1     38                        65    -27       36
  SINCE JUL 1      1                         3     -2        4

 COOLING
  TODAY            4                         7     -3        9
  MONTH TO DATE  148                       160    -12      159
  SINCE JUN 1    255                       280    -25      285
  SINCE JAN 1    263                       312    -49      325
..................................................................


WIND (MPH)
  HIGHEST WIND SPEED    20   HIGHEST WIND DIRECTION    NW (330)
  HIGHEST GUST SPEED    24   HIGHEST GUST DIRECTION     N (340)
  AVERAGE WIND SPEED     6.5


SKY COVER
  POSSIBLE SUNSHINE  MM
  AVERAGE SKY COVER 0.7


WEATHER CONDITIONS
 THE FOLLOWING WEATHER WAS RECORDED TODAY.
  FOG
  FOG W/VISIBILITY <= 1/4 MILE


RELATIVE HUMIDITY (PERCENT)
 HIGHEST   100          1200 AM
 LOWEST     60          1100 AM
 AVERAGE    80

..........................................................


THE EAU CLAIRE WI CLIMATE NORMALS FOR TOMORROW
                         NORMAL    RECORD    YEAR
 MAXIMUM TEMPERATURE (F)   83       104      1934
 MINIMUM TEMPERATURE (F)   60        48      1971


SUNRISE AND SUNSET
JULY 23 2017..........SUNRISE   542 AM CDT   SUNSET   842 PM CDT
JULY 24 2017..........SUNRISE   543 AM CDT   SUNSET   841 PM CDT


-  INDICATES NEGATIVE NUMBERS.
R  INDICATES RECORD WAS SET OR TIED.
MM INDICATES DATA IS MISSING.
T  INDICATES TRACE AMOUNT.




$$
