000
CDUS43 KMPX 220635
CLIEAU


CLIMATE REPORT
NATIONAL WEATHER SERVICE CHANHASSEN MN
134 AM CDT FRI MAY 22 2015


...................................

...THE EAU CLAIRE WI CLIMATE SUMMARY FOR MAY 21 2015...

CLIMATE NORMAL PERIOD 1981 TO 2010
CLIMATE RECORD PERIOD 1893 TO 2015


WEATHER ITEM   OBSERVED TIME   RECORD YEAR NORMAL DEPARTURE LAST
                VALUE   (LST)  VALUE       VALUE  FROM      YEAR
                                                  NORMAL
..................................................................
TEMPERATURE (F)
 YESTERDAY
  MAXIMUM         74    345 PM  89    1994  71      3       70
                                      1992
                                      1988
  MINIMUM         40    429 AM  31    1997  47     -7       52
                                      1895
  AVERAGE         57                        59     -2       61

PRECIPITATION (IN)
  YESTERDAY        0.00          1.62 2001   0.11  -0.11     0.00
  MONTH TO DATE    2.55                      2.29   0.26     3.42
  SINCE MAR 1      6.02                      6.77  -0.75    10.24
  SINCE JAN 1      6.61                      8.47  -1.86    13.44

SNOWFALL (IN)
  YESTERDAY        0.0           0.0    MM   0.0    0.0      0.0
  MONTH TO DATE    0.0                       0.2   -0.2      0.0
  SINCE MAR 1      7.3                      10.7   -3.4     13.1
  SINCE JUL 1     38.1                      47.0   -8.9     74.8
  SNOW DEPTH       0

DEGREE DAYS
 HEATING
  YESTERDAY        8                         7      1        4
  MONTH TO DATE  187                       199    -12      238
  SINCE MAR 1   1698                      1819   -121     2232
  SINCE JUL 1   8051                      7840    211     9124

 COOLING
  YESTERDAY        0                         1     -1        0
  MONTH TO DATE   10                        15     -5        0
  SINCE MAR 1     10                        19     -9        0
  SINCE JAN 1     10                        19     -9        0
..................................................................


WIND (MPH)
  HIGHEST WIND SPEED    20   HIGHEST WIND DIRECTION     W (250)
  HIGHEST GUST SPEED    24   HIGHEST GUST DIRECTION     W (250)
  AVERAGE WIND SPEED     7.4


SKY COVER
  POSSIBLE SUNSHINE  MM
  AVERAGE SKY COVER 0.1


WEATHER CONDITIONS
 THE FOLLOWING WEATHER WAS RECORDED YESTERDAY.
  NO SIGNIFICANT WEATHER WAS OBSERVED.


RELATIVE HUMIDITY (PERCENT)
 HIGHEST    79           400 AM
 LOWEST     25           600 PM
 AVERAGE    52

..........................................................


THE EAU CLAIRE WI CLIMATE NORMALS FOR TODAY
                         NORMAL    RECORD    YEAR
 MAXIMUM TEMPERATURE (F)   72        96      1925
 MINIMUM TEMPERATURE (F)   47        31      1967


SUNRISE AND SUNSET
MAY 22 2015...........SUNRISE   530 AM CDT   SUNSET   835 PM CDT
MAY 23 2015...........SUNRISE   530 AM CDT   SUNSET   836 PM CDT


-  INDICATES NEGATIVE NUMBERS.
R  INDICATES RECORD WAS SET OR TIED.
MM INDICATES DATA IS MISSING.
T  INDICATES TRACE AMOUNT.




$$
