000
CDUS43 KMPX 230624
CLIEAU


CLIMATE REPORT
NATIONAL WEATHER SERVICE CHANHASSEN MN
124 AM CDT SUN APR 23 2017


...................................

...THE EAU CLAIRE WI CLIMATE SUMMARY FOR APRIL 22 2017...

CLIMATE NORMAL PERIOD 1981 TO 2010
CLIMATE RECORD PERIOD 1893 TO 2017


WEATHER ITEM   OBSERVED TIME   RECORD YEAR NORMAL DEPARTURE LAST
                VALUE   (LST)  VALUE       VALUE  FROM      YEAR
                                                  NORMAL
..................................................................
TEMPERATURE (F)
 YESTERDAY
  MAXIMUM         67    449 PM  90    1980  61      6       59
  MINIMUM         30    528 AM  19    1986  37     -7       39
  AVERAGE         49                        49      0       49

PRECIPITATION (IN)
  YESTERDAY        0.00          0.90 1925   0.09  -0.09     0.00
  MONTH TO DATE    3.55                      1.90   1.65     0.83
  SINCE MAR 1      4.67                      3.63   1.04     5.49
  SINCE JAN 1      8.75                      5.33   3.42     6.65

SNOWFALL (IN)
  YESTERDAY        0.0           4.9  2002   0.1   -0.1      0.0
  MONTH TO DATE    0.8                       1.7   -0.9      1.8
  SINCE MAR 1      5.6                      10.3   -4.7     13.9
  SINCE JUL 1     54.5                      46.6    7.9     38.0
  SNOW DEPTH       0

DEGREE DAYS
 HEATING
  YESTERDAY       16                        16      0       16
  MONTH TO DATE  379                       462    -83      441
  SINCE MAR 1   1429                      1506    -77     1252
  SINCE JUL 1   6539                      7526   -987     6430

 COOLING
  YESTERDAY        0                         0      0        0
  MONTH TO DATE    0                         0      0        4
  SINCE MAR 1      0                         0      0        4
  SINCE JAN 1      0                         0      0        4
..................................................................


WIND (MPH)
  HIGHEST WIND SPEED    15   HIGHEST WIND DIRECTION     W (270)
  HIGHEST GUST SPEED    19   HIGHEST GUST DIRECTION     W (260)
  AVERAGE WIND SPEED     4.0


SKY COVER
  POSSIBLE SUNSHINE  MM
  AVERAGE SKY COVER 0.0


WEATHER CONDITIONS
 THE FOLLOWING WEATHER WAS RECORDED YESTERDAY.
  FOG


RELATIVE HUMIDITY (PERCENT)
 HIGHEST   100           600 AM
 LOWEST     24           100 PM
 AVERAGE    62

..........................................................


THE EAU CLAIRE WI CLIMATE NORMALS FOR TODAY
                         NORMAL    RECORD    YEAR
 MAXIMUM TEMPERATURE (F)   62        86      1960
 MINIMUM TEMPERATURE (F)   37        18      1893


SUNRISE AND SUNSET
APRIL 23 2017.........SUNRISE   608 AM CDT   SUNSET   802 PM CDT
APRIL 24 2017.........SUNRISE   606 AM CDT   SUNSET   803 PM CDT


-  INDICATES NEGATIVE NUMBERS.
R  INDICATES RECORD WAS SET OR TIED.
MM INDICATES DATA IS MISSING.
T  INDICATES TRACE AMOUNT.




$$
