000
CDUS43 KMPX 200821
CLIEAU


CLIMATE REPORT
NATIONAL WEATHER SERVICE CHANHASSEN MN
321 AM CDT MON OCT 20 2014


...................................

...THE EAU CLAIRE WI CLIMATE SUMMARY FOR OCTOBER 19 2014...

CLIMATE NORMAL PERIOD 1981 TO 2010
CLIMATE RECORD PERIOD 1893 TO 2014


WEATHER ITEM   OBSERVED TIME   RECORD YEAR NORMAL DEPARTURE LAST
                VALUE   (LST)  VALUE       VALUE  FROM      YEAR
                                                  NORMAL
..................................................................
TEMPERATURE (F)
 YESTERDAY
  MAXIMUM         63    336 PM  81    2000  57      6       47
  MINIMUM         29    245 AM  14    1972  36     -7       34
  AVERAGE         46                        46      0       41

PRECIPITATION (IN)
  YESTERDAY        T             0.93 1982   0.08  -0.08     0.01
  MONTH TO DATE    2.07                      1.60   0.47     3.22
  SINCE SEP 1      7.53                      5.28   2.25     4.99
  SINCE JAN 1     40.20                     27.40  12.80    32.63

SNOWFALL (IN)
  YESTERDAY        0.0           3.0  1990   0.0    0.0      0.0
  MONTH TO DATE    0.6                       0.1    0.5      0.0
  SINCE SEP 1      0.6                       0.1    0.5      0.0
  SINCE JUL 1      0.6                       0.1    0.5      0.0
  SNOW DEPTH       0

DEGREE DAYS
 HEATING
  YESTERDAY       19                        19      0       24
  MONTH TO DATE  341                       295     46      234
  SINCE SEP 1    528                       489     39      363
  SINCE JUL 1    551                       528     23      401

 COOLING
  YESTERDAY        0                         0      0        0
  MONTH TO DATE    0                         0      0        0
  SINCE SEP 1     22                        48    -26       87
  SINCE JAN 1    500                       575    -75      653
..................................................................


WIND (MPH)
  HIGHEST WIND SPEED    22   HIGHEST WIND DIRECTION    SW (210)
  HIGHEST GUST SPEED    27   HIGHEST GUST DIRECTION    SW (220)
  AVERAGE WIND SPEED     6.7


SKY COVER
  POSSIBLE SUNSHINE  MM
  AVERAGE SKY COVER 0.1


WEATHER CONDITIONS
 THE FOLLOWING WEATHER WAS RECORDED YESTERDAY.
  FOG


RELATIVE HUMIDITY (PERCENT)
 HIGHEST   100           100 AM
 LOWEST     51           200 PM
 AVERAGE    76

..........................................................


THE EAU CLAIRE WI CLIMATE NORMALS FOR TODAY
                         NORMAL    RECORD    YEAR
 MAXIMUM TEMPERATURE (F)   56        83      1953
 MINIMUM TEMPERATURE (F)   36        11      1952


SUNRISE AND SUNSET
OCTOBER 20 2014.......SUNRISE   728 AM CDT   SUNSET   613 PM CDT
OCTOBER 21 2014.......SUNRISE   729 AM CDT   SUNSET   611 PM CDT


-  INDICATES NEGATIVE NUMBERS.
R  INDICATES RECORD WAS SET OR TIED.
MM INDICATES DATA IS MISSING.
T  INDICATES TRACE AMOUNT.




$$
