000
CDUS43 KMPX 051021
CLIEAU


CLIMATE REPORT
NATIONAL WEATHER SERVICE CHANHASSEN MN
418 AM CST FRI FEB 5 2016


...................................

...THE EAU CLAIRE WI CLIMATE SUMMARY FOR FEBRUARY 4 2016...

CLIMATE NORMAL PERIOD 1981 TO 2010
CLIMATE RECORD PERIOD 1893 TO 2016


WEATHER ITEM   OBSERVED TIME   RECORD YEAR NORMAL DEPARTURE LAST
                VALUE   (LST)  VALUE       VALUE  FROM      YEAR
                                                  NORMAL
..................................................................
TEMPERATURE (F)
 YESTERDAY
  MAXIMUM         24    424 PM  51    2005  26     -2       15
  MINIMUM         -2    507 AM -30    1895   7     -9        0
  AVERAGE         11                        16     -5        8

PRECIPITATION (IN)
  YESTERDAY        0.02          0.52 1945   0.03  -0.01     0.01
  MONTH TO DATE    0.41                      0.11   0.30     0.03
  SINCE DEC 1      4.67                      2.00   2.67     1.08
  SINCE JAN 1      0.83                      1.00  -0.17     0.40

SNOWFALL (IN)
  YESTERDAY        0.7           7.7  1945   0.3    0.4      0.3
  MONTH TO DATE    6.1                       1.3    4.8      1.3
  SINCE DEC 1     20.7                      24.0   -3.3     14.0
  SINCE JUL 1     22.1                      30.3   -8.2     28.2
  SNOW DEPTH       7

DEGREE DAYS
 HEATING
  YESTERDAY       54                        49      5       57
  MONTH TO DATE  186                       197    -11      229
  SINCE DEC 1   2755                      3195   -440     3022
  SINCE JUL 1   4117                      4941   -824     4994

 COOLING
  YESTERDAY        0                         0      0        0
  MONTH TO DATE    0                         0      0        0
  SINCE DEC 1      0                         0      0        0
  SINCE JAN 1      0                         0      0        0
..................................................................


WIND (MPH)
  HIGHEST WIND SPEED     7   HIGHEST WIND DIRECTION    NW (300)
  HIGHEST GUST SPEED     9   HIGHEST GUST DIRECTION    NW (310)
  AVERAGE WIND SPEED     2.0


SKY COVER
  POSSIBLE SUNSHINE  MM
  AVERAGE SKY COVER 0.8


WEATHER CONDITIONS
 THE FOLLOWING WEATHER WAS RECORDED YESTERDAY.
  LIGHT SNOW
  FOG
  HAZE


RELATIVE HUMIDITY (PERCENT)
 HIGHEST    88          1100 PM
 LOWEST     68           400 PM
 AVERAGE    78

..........................................................


THE EAU CLAIRE WI CLIMATE NORMALS FOR TODAY
                         NORMAL    RECORD    YEAR
 MAXIMUM TEMPERATURE (F)   26        51      2005
 MINIMUM TEMPERATURE (F)    7       -34      1895


SUNRISE AND SUNSET
FEBRUARY  5 2016......SUNRISE   721 AM CST   SUNSET   519 PM CST
FEBRUARY  6 2016......SUNRISE   720 AM CST   SUNSET   521 PM CST


-  INDICATES NEGATIVE NUMBERS.
R  INDICATES RECORD WAS SET OR TIED.
MM INDICATES DATA IS MISSING.
T  INDICATES TRACE AMOUNT.




$$
