000
CDUS43 KMPX 160842
CLIEAU


CLIMATE REPORT
NATIONAL WEATHER SERVICE CHANHASSEN MN
241 AM CST FRI FEB 16 2018


...................................

...THE EAU CLAIRE WI CLIMATE SUMMARY FOR FEBRUARY 15 2018...

CLIMATE NORMAL PERIOD 1981 TO 2010
CLIMATE RECORD PERIOD 1893 TO 2018


WEATHER ITEM   OBSERVED TIME   RECORD YEAR NORMAL DEPARTURE LAST
                VALUE   (LST)  VALUE       VALUE  FROM      YEAR
                                                  NORMAL
..................................................................
TEMPERATURE (F)
 YESTERDAY
  MAXIMUM         39    209 PM  58    1921  29     10       29
  MINIMUM         25    535 AM -25    1905  10     15       18
  AVERAGE         32                        19     13       24

PRECIPITATION (IN)
  YESTERDAY        T             0.50 1967   0.03  -0.03     0.00
  MONTH TO DATE    0.24                      0.41  -0.17     0.01
  SINCE DEC 1      2.41                      2.30   0.11     4.46
  SINCE JAN 1      1.50                      1.30   0.20     2.36

SNOWFALL (IN)
  YESTERDAY        T             5.6  1967   0.3   -0.3      0.0
  MONTH TO DATE    4.5                       4.2    0.3       T
  SINCE DEC 1     27.0                      26.9    0.1     36.5
  SINCE JUL 1     30.3                      33.2   -2.9     38.2
  SNOW DEPTH       5

DEGREE DAYS
 HEATING
  YESTERDAY       33                        46    -13       41
  MONTH TO DATE  865                       717    148      662
  SINCE DEC 1   3954                      3715    239     3527
  SINCE JUL 1   5595                      5461    134     4736

 COOLING
  YESTERDAY        0                         0      0        0
  MONTH TO DATE    0                         0      0        0
  SINCE DEC 1      0                         0      0        0
  SINCE JAN 1      0                         0      0        0
..................................................................


WIND (MPH)
  HIGHEST WIND SPEED    18   HIGHEST WIND DIRECTION    NW (330)
  HIGHEST GUST SPEED    24   HIGHEST GUST DIRECTION    NW (320)
  AVERAGE WIND SPEED     8.9


SKY COVER
  POSSIBLE SUNSHINE  MM
  AVERAGE SKY COVER 0.2


WEATHER CONDITIONS
 THE FOLLOWING WEATHER WAS RECORDED YESTERDAY.
  LIGHT SNOW
  FOG


RELATIVE HUMIDITY (PERCENT)
 HIGHEST    92           500 AM
 LOWEST     59          1200 PM
 AVERAGE    76

..........................................................


THE EAU CLAIRE WI CLIMATE NORMALS FOR TODAY
                         NORMAL    RECORD    YEAR
 MAXIMUM TEMPERATURE (F)   29        58      1931
                                             1921
 MINIMUM TEMPERATURE (F)   10       -33      1936


SUNRISE AND SUNSET
FEBRUARY 16 2018......SUNRISE   705 AM CST   SUNSET   536 PM CST
FEBRUARY 17 2018......SUNRISE   703 AM CST   SUNSET   537 PM CST


-  INDICATES NEGATIVE NUMBERS.
R  INDICATES RECORD WAS SET OR TIED.
MM INDICATES DATA IS MISSING.
T  INDICATES TRACE AMOUNT.




$$
