000
CDUS43 KMPX 230653
CLIEAU


CLIMATE REPORT
NATIONAL WEATHER SERVICE CHANHASSEN MN
1253 AM CST THU FEB 23 2017


...................................

...THE EAU CLAIRE WI CLIMATE SUMMARY FOR FEBRUARY 22 2017...

CLIMATE NORMAL PERIOD 1981 TO 2010
CLIMATE RECORD PERIOD 1893 TO 2017


WEATHER ITEM   OBSERVED TIME   RECORD YEAR NORMAL DEPARTURE LAST
                VALUE   (LST)  VALUE       VALUE  FROM      YEAR
                                                  NORMAL
..................................................................
TEMPERATURE (F)
 YESTERDAY
  MAXIMUM         57R   426 PM  57    1930  31     26       36
  MINIMUM         33    419 AM -25    1936  13     20       20
  AVERAGE         45                        22     23       28

PRECIPITATION (IN)
  YESTERDAY        0.00          1.17 1913   0.03  -0.03      T
  MONTH TO DATE    0.87                      0.61   0.26     0.71
  SINCE DEC 1      5.32                      2.50   2.82     4.97
  SINCE JAN 1      3.22                      1.50   1.72     1.13

SNOWFALL (IN)
  YESTERDAY        0.0          14.0  1913   0.2   -0.2       T
  MONTH TO DATE    T                         5.8   -5.8      7.9
  SINCE DEC 1     36.5                      28.5    8.0     22.5
  SINCE JUL 1     38.2                      34.8    3.4     23.9
  SNOW DEPTH       0

DEGREE DAYS
 HEATING
  YESTERDAY       20                        43    -23       37
  MONTH TO DATE  820                      1026   -206     1022
  SINCE DEC 1   3685                      4024   -339     3591
  SINCE JUL 1   4894                      5770   -876     4953

 COOLING
  YESTERDAY        0                         0      0        0
  MONTH TO DATE    0                         0      0        0
  SINCE DEC 1      0                         0      0        0
  SINCE JAN 1      0                         0      0        0
..................................................................


WIND (MPH)
  HIGHEST WIND SPEED    21   HIGHEST WIND DIRECTION     N (340)
  HIGHEST GUST SPEED    29   HIGHEST GUST DIRECTION     N (340)
  AVERAGE WIND SPEED     5.2


SKY COVER
  POSSIBLE SUNSHINE  MM
  AVERAGE SKY COVER 0.3


WEATHER CONDITIONS
 THE FOLLOWING WEATHER WAS RECORDED YESTERDAY.
  NO SIGNIFICANT WEATHER WAS OBSERVED.


RELATIVE HUMIDITY (PERCENT)
 HIGHEST   100           300 AM
 LOWEST     55           100 PM
 AVERAGE    78

..........................................................


THE EAU CLAIRE WI CLIMATE NORMALS FOR TODAY
                         NORMAL    RECORD    YEAR
 MAXIMUM TEMPERATURE (F)   32        54      1930
 MINIMUM TEMPERATURE (F)   13       -20      1910


SUNRISE AND SUNSET
FEBRUARY 23 2017......SUNRISE   653 AM CST   SUNSET   546 PM CST
FEBRUARY 24 2017......SUNRISE   652 AM CST   SUNSET   547 PM CST


-  INDICATES NEGATIVE NUMBERS.
R  INDICATES RECORD WAS SET OR TIED.
MM INDICATES DATA IS MISSING.
T  INDICATES TRACE AMOUNT.




$$
