000
CDUS43 KMPX 170955
CLIEAU


CLIMATE REPORT
NATIONAL WEATHER SERVICE CHANHASSEN MN
455 AM CDT SUN AUG 17 2014


...................................

...THE EAU CLAIRE WI CLIMATE SUMMARY FOR AUGUST 16 2014...

CLIMATE NORMAL PERIOD 1981 TO 2010
CLIMATE RECORD PERIOD 1893 TO 2014


WEATHER ITEM   OBSERVED TIME   RECORD YEAR NORMAL DEPARTURE LAST
                VALUE   (LST)  VALUE       VALUE  FROM      YEAR
                                                  NORMAL
..................................................................
TEMPERATURE (F)
 YESTERDAY
  MAXIMUM         85    403 PM 103    1988  81      4       83
  MINIMUM         62    332 AM  43    1976  59      3       52
                                      1979
  AVERAGE         74                        70      4       68

PRECIPITATION (IN)
  YESTERDAY        T             1.18 2002   0.15  -0.15     0.00
  MONTH TO DATE    3.01                      2.40   0.61     0.39
  SINCE JUN 1     15.29                     10.41   4.88     6.89
  SINCE JAN 1     29.39                     20.05   9.34    26.94

SNOWFALL (IN)
  YESTERDAY        0.0           0.0    MM   0.0    0.0      0.0
  MONTH TO DATE    0.0                       0.0    0.0      0.0
  SINCE JUN 1      0.0                       0.0    0.0      0.0
  SINCE JUL 1      0.0                       0.0    0.0      0.0
  SNOW DEPTH       0

DEGREE DAYS
 HEATING
  YESTERDAY        0                         1     -1        0
  MONTH TO DATE    3                        11     -8       12
  SINCE JUN 1     46                        84    -38      101
  SINCE JUL 1     21                        22     -1       38

 COOLING
  YESTERDAY        9                         5      4        3
  MONTH TO DATE   80                        94    -14       25
  SINCE JUN 1    352                       428    -76      357
  SINCE JAN 1    387                       460    -73      389
..................................................................


WIND (MPH)
  HIGHEST WIND SPEED    14   HIGHEST WIND DIRECTION    NE (40)
  HIGHEST GUST SPEED    18   HIGHEST GUST DIRECTION    NE (60)
  AVERAGE WIND SPEED     6.5


SKY COVER
  POSSIBLE SUNSHINE  MM
  AVERAGE SKY COVER 0.5


WEATHER CONDITIONS
 THE FOLLOWING WEATHER WAS RECORDED YESTERDAY.
  FOG


RELATIVE HUMIDITY (PERCENT)
 HIGHEST   100           200 AM
 LOWEST     55           400 PM
 AVERAGE    78

..........................................................


THE EAU CLAIRE WI CLIMATE NORMALS FOR TODAY
                         NORMAL    RECORD    YEAR
 MAXIMUM TEMPERATURE (F)   80       101      1947
 MINIMUM TEMPERATURE (F)   59        41      1963


SUNRISE AND SUNSET
AUGUST 17 2014........SUNRISE   610 AM CDT   SUNSET   809 PM CDT
AUGUST 18 2014........SUNRISE   612 AM CDT   SUNSET   807 PM CDT


-  INDICATES NEGATIVE NUMBERS.
R  INDICATES RECORD WAS SET OR TIED.
MM INDICATES DATA IS MISSING.
T  INDICATES TRACE AMOUNT.




$$
