000
CDUS43 KMPX 240102
CLIEAU


CLIMATE REPORT
NATIONAL WEATHER SERVICE CHANHASSEN MN
702 PM CST THU FEB 23 2017


...................................

...THE EAU CLAIRE WI CLIMATE SUMMARY FOR FEBRUARY 23 2017...
VALID TODAY AS OF 0700 PM LOCAL TIME.

CLIMATE NORMAL PERIOD 1981 TO 2010
CLIMATE RECORD PERIOD 1893 TO 2017


WEATHER ITEM   OBSERVED TIME   RECORD YEAR NORMAL DEPARTURE LAST
                VALUE   (LST)  VALUE       VALUE  FROM      YEAR
                                                  NORMAL
..................................................................
TEMPERATURE (F)
 TODAY
  MAXIMUM         41    149 PM  54    1930  32      9       36
  MINIMUM         35    907 AM -20    1910  13     22       21
  AVERAGE         38                        22     16       29

PRECIPITATION (IN)
  TODAY            0.00          0.95 1915   0.03  -0.03     0.02
  MONTH TO DATE    0.87                      0.64   0.23     0.73
  SINCE DEC 1      5.32                      2.53   2.79     4.99
  SINCE JAN 1      3.22                      1.53   1.69     1.15

SNOWFALL (IN)
  TODAY            0.0          10.0  1915   0.3   -0.3       T
  MONTH TO DATE    T                         6.1   -6.1      7.9
  SINCE DEC 1     36.5                      28.8    7.7     22.5
  SINCE JUL 1     38.2                      35.1    3.1     23.9
  SNOW DEPTH       0

DEGREE DAYS
 HEATING
  TODAY           27                        43    -16       36
  MONTH TO DATE  847                      1069   -222     1058
  SINCE DEC 1   3712                      4067   -355     3627
  SINCE JUL 1   4921                      5813   -892     4989

 COOLING
  TODAY            0                         0      0        0
  MONTH TO DATE    0                         0      0        0
  SINCE DEC 1      0                         0      0        0
  SINCE JAN 1      0                         0      0        0
..................................................................


WIND (MPH)
  HIGHEST WIND SPEED    17   HIGHEST WIND DIRECTION     N (340)
  HIGHEST GUST SPEED    24   HIGHEST GUST DIRECTION     N (340)
  AVERAGE WIND SPEED     9.3


SKY COVER
  POSSIBLE SUNSHINE  MM
  AVERAGE SKY COVER 0.9


WEATHER CONDITIONS
 THE FOLLOWING WEATHER WAS RECORDED TODAY.
  NO SIGNIFICANT WEATHER WAS OBSERVED.


RELATIVE HUMIDITY (PERCENT)
 HIGHEST    85           200 AM
 LOWEST     54           300 PM
 AVERAGE    70

..........................................................


THE EAU CLAIRE WI CLIMATE NORMALS FOR TOMORROW
                         NORMAL    RECORD    YEAR
 MAXIMUM TEMPERATURE (F)   32        61      1931
 MINIMUM TEMPERATURE (F)   13       -25      1913


SUNRISE AND SUNSET
FEBRUARY 23 2017......SUNRISE   653 AM CST   SUNSET   546 PM CST
FEBRUARY 24 2017......SUNRISE   652 AM CST   SUNSET   547 PM CST


-  INDICATES NEGATIVE NUMBERS.
R  INDICATES RECORD WAS SET OR TIED.
MM INDICATES DATA IS MISSING.
T  INDICATES TRACE AMOUNT.




$$
