000
CDUS43 KMPX 262231
CLIEAU


CLIMATE REPORT
NATIONAL WEATHER SERVICE CHANHASSEN MN
430 PM CST THU FEB 26 2015


...................................

...THE EAU CLAIRE WI CLIMATE SUMMARY FOR FEBRUARY 26 2015...
VALID AS OF 0400 PM LOCAL TIME.

CLIMATE NORMAL PERIOD 1981 TO 2010
CLIMATE RECORD PERIOD 1893 TO 2015


WEATHER ITEM   OBSERVED TIME   RECORD YEAR NORMAL DEPARTURE LAST
                VALUE   (LST)  VALUE       VALUE  FROM      YEAR
                                                  NORMAL
..................................................................
TEMPERATURE (F)
 TODAY
  MAXIMUM         10    340 PM  56    2000  33    -23       16
                                      1976
  MINIMUM         -7    409 AM -18    1963  14    -21      -15
                                      1897
  AVERAGE          2                        24    -22        1

PRECIPITATION (IN)
  TODAY            0.00          1.20 1929   0.03  -0.03      T
  MONTH TO DATE    0.22                      0.74  -0.52     1.39
  SINCE DEC 1      1.27                      2.63  -1.36     4.50
  SINCE JAN 1      0.59                      1.63  -1.04     2.97

SNOWFALL (IN)
  TODAY            0.0          12.0  1929   0.2   -0.2      0.1
  MONTH TO DATE    3.9                       6.8   -2.9     13.0
  SINCE DEC 1     16.6                      29.5  -12.9     56.8
  SINCE JUL 1     30.8                      35.8   -5.0     59.0
  SNOW DEPTH       4

DEGREE DAYS
 HEATING
  TODAY           63                        41     22       64
  MONTH TO DATE 1464                      1194    270     1505
  SINCE DEC 1   4257                      4192     65     5001
  SINCE JUL 1   6229                      5938    291     6746

 COOLING
  TODAY            0                         0      0        0
  MONTH TO DATE    0                         0      0        0
  SINCE DEC 1      0                         0      0        0
  SINCE JAN 1      0                         0      0        0
..................................................................


WIND (MPH)
  HIGHEST WIND SPEED    15   HIGHEST WIND DIRECTION    NW (330)
  HIGHEST GUST SPEED    19   HIGHEST GUST DIRECTION    NW (330)
  AVERAGE WIND SPEED     5.8


SKY COVER
  POSSIBLE SUNSHINE  MM
  AVERAGE SKY COVER 0.0


WEATHER CONDITIONS
 THE FOLLOWING WEATHER WAS RECORDED TODAY.
  NO SIGNIFICANT WEATHER WAS OBSERVED.


RELATIVE HUMIDITY (PERCENT)
 HIGHEST    75           800 AM
 LOWEST     49           100 PM
 AVERAGE    62

..........................................................


THE EAU CLAIRE WI CLIMATE NORMALS FOR TOMORROW
                         NORMAL    RECORD    YEAR
 MAXIMUM TEMPERATURE (F)   33        55      1895
                                             1896
 MINIMUM TEMPERATURE (F)   15       -22      2014


SUNRISE AND SUNSET
FEBRUARY 26 2015......SUNRISE   649 AM CST   SUNSET   549 PM CST
FEBRUARY 27 2015......SUNRISE   647 AM CST   SUNSET   551 PM CST


-  INDICATES NEGATIVE NUMBERS.
R  INDICATES RECORD WAS SET OR TIED.
MM INDICATES DATA IS MISSING.
T  INDICATES TRACE AMOUNT.




$$
