591
CDUS43 KMPX 280652
CLIEAU


CLIMATE REPORT
NATIONAL WEATHER SERVICE CHANHASSEN MN
151 AM CDT THU APR 28 2016


...................................

...THE EAU CLAIRE WI CLIMATE SUMMARY FOR APRIL 27 2016...

CLIMATE NORMAL PERIOD 1981 TO 2010
CLIMATE RECORD PERIOD 1893 TO 2016


WEATHER ITEM   OBSERVED TIME   RECORD YEAR NORMAL DEPARTURE LAST
                VALUE   (LST)  VALUE       VALUE  FROM      YEAR
                                                  NORMAL
..................................................................
TEMPERATURE (F)
 YESTERDAY
  MAXIMUM         56    217 PM  87    1970  64     -8       69
  MINIMUM         36    535 AM  23    1996  39     -3       30
  AVERAGE         46                        51     -5       50

PRECIPITATION (IN)
  YESTERDAY        0.10          3.07 1975   0.10   0.00     0.00
  MONTH TO DATE    1.54                      2.42  -0.88     2.76
  SINCE MAR 1      6.20                      4.15   2.05     3.47
  SINCE JAN 1      7.36                      5.85   1.51     4.06

SNOWFALL (IN)
  YESTERDAY        0.0           5.0  1908   0.0    0.0      0.0
  MONTH TO DATE    1.8                       1.8    0.0      1.4
  SINCE MAR 1     13.9                      10.4    3.5      7.3
  SINCE JUL 1     38.0                      46.7   -8.7     38.1
  SNOW DEPTH       0

DEGREE DAYS
 HEATING
  YESTERDAY       19                        14      5       15
  MONTH TO DATE  520                       536    -16      485
  SINCE MAR 1   1331                      1580   -249     1475
  SINCE JUL 1   6509                      7600  -1091     7828

 COOLING
  YESTERDAY        0                         0      0        0
  MONTH TO DATE    4                         0      4        0
  SINCE MAR 1      4                         0      4        0
  SINCE JAN 1      4                         0      4        0
..................................................................


WIND (MPH)
  HIGHEST WIND SPEED    28   HIGHEST WIND DIRECTION     E (70)
  HIGHEST GUST SPEED    36   HIGHEST GUST DIRECTION    NE (60)
  AVERAGE WIND SPEED    11.7


SKY COVER
  POSSIBLE SUNSHINE  MM
  AVERAGE SKY COVER 0.4


WEATHER CONDITIONS
 THE FOLLOWING WEATHER WAS RECORDED YESTERDAY.
  LIGHT RAIN


RELATIVE HUMIDITY (PERCENT)
 HIGHEST    92           100 AM
 LOWEST     26           200 PM
 AVERAGE    59

..........................................................


THE EAU CLAIRE WI CLIMATE NORMALS FOR TODAY
                         NORMAL    RECORD    YEAR
 MAXIMUM TEMPERATURE (F)   64        87      1952
 MINIMUM TEMPERATURE (F)   39        22      1965


SUNRISE AND SUNSET
APRIL 28 2016.........SUNRISE   559 AM CDT   SUNSET   808 PM CDT
APRIL 29 2016.........SUNRISE   558 AM CDT   SUNSET   809 PM CDT


-  INDICATES NEGATIVE NUMBERS.
R  INDICATES RECORD WAS SET OR TIED.
MM INDICATES DATA IS MISSING.
T  INDICATES TRACE AMOUNT.




$$
